000
CXUS54 KFWD 010731
CF6SEP
PRELIMINARY LOCAL CLIMATOLOGICAL DATA (WS FORM: F-6)
STATION: STEPHENVILLE
MONTH: MAY
YEAR: 2021
LATITUDE: 32 13 N
LONGITUDE: 98 11 W
TEMPERATURE IN F: :PCPN: SNOW: WIND :SUNSHINE: SKY :PK WND
================================================================================
1 2 3 4 5 6A 6B 7 8 9 10 11 12 13 14 15 16 17 18
12Z AVG MX 2MIN
DY MAX MIN AVG DEP HDD CDD WTR SNW DPTH SPD SPD DIR MIN PSBL S-S WX SPD DR
================================================================================
1 70 63 67 -1 0 2 0.14 M M 5.6 12 60 M M 9 M M
2 83 62 73 5 0 8 0.53 M M 6.6 13 190 M M 4 18 190
3 91 65 78 10 0 13 0.00 M M 9.4 18 340 M M 0 24 340
4 73 56 65 -4 0 0 0.00 M M 11.6 22 330 M M 3 32 330
5 77 49 63 -6 2 0 0.00 M M 4.6 9 120 M M 0 M M
6 83 55 69 0 0 4 0.00 M M 3.2 8 70 M M 0 M M
7 85 56 71 2 0 6 0.00 M M 7.1 18 180 M M 0 25 180
8 87 62 75 5 0 10 0.00 M M 13.7 21 190 M M 1 29 180
9 82 66 74 4 0 9 0.00 M M 9.4 15 180 M M 5 22 190
10 66 55 61 -9 4 0 0.35 M M 8.8 15 10 M M 10 18 40
11 62 56 59 -11 6 0 0.59 M M 8.8 16 110 M M 10 25 360
12 61 53 57 -14 8 0 0.01 M M 8.7 14 350 M M 10 20 10
13 71 57 64 -7 1 0 0.00 M M 3.4 9 30 M M 6 M M
14 80 53 67 -4 0 2 0.00 M M 6.0 12 130 M M 3 18 110
15 78 64 71 -1 0 6 0.00 M M 8.5 15 160 M M 4 21 160
16 84 67 76 4 0 11 0.02 M M 9.5 17 150 M M 5 23 150
17 81 62 72 0 0 7 0.98 M M 6.7 20 160 M M 5 47 160
18 69 59 64 -8 1 0 0.40 M M 6.5 16 350 M M 7 30 360
19 78 61 70 -3 0 5 0.00 M M 3.1 8 120 M M 3 M M
20 82 60 71 -2 0 6 0.00 M M 4.7 9 110 M M 4 M M
21 83 67 75 2 0 10 0.00 M M 8.4 13 120 M M 5 23 120
22 75 68 72 -1 0 7 0.47 M M 9.8 14 120 M M 10 23 120
23 74 65 70 -4 0 5 0.12 M M 9.4 15 120 M M 9 21 120
24 81 66 74 0 0 9 1.14 M M 7.5 13 130 M M 9 17 130
25 84 64 74 0 0 9 0.54 M M 7.9 13 140 M M 7 18 310
26 87 64 76 2 0 11 0.00 M M 6.9 12 170 M M 1 21 170
27 88 72 80 5 0 15 0.00 M M 10.4 17 150 M M 5 24 180
28 78 64 71 -4 0 6 0.63 M M 6.3 13 140 M M 5 21 120
29 83 63 73 -2 0 8 0.00 M M 4.8 9 80 M M 4 16 80
30 76 66 71 -4 0 6 0.00 M M 8.9 14 110 M M 9 18 110
31 78 64 71 -5 0 6 1.05 M M 8.2 26 330 M M 9 40 330
================================================================================
SM 2430 1904 22 181 6.97 M 234.3 M 162
================================================================================
AV 78.4 61.4 7.6 FASTST M M 5 MAX(MPH)
MISC ----> 26 330 47 160
================================================================================
NOTES:
# LAST OF SEVERAL OCCURRENCES
COLUMN 17 PEAK WIND IN M.P.H.
PRELIMINARY LOCAL CLIMATOLOGICAL DATA (WS FORM: F-6) , PAGE 2
STATION: STEPHENVILLE
MONTH: MAY
YEAR: 2021
LATITUDE: 32 13 N
LONGITUDE: 98 11 W
[TEMPERATURE DATA] [PRECIPITATION DATA] SYMBOLS USED IN COLUMN 16
AVERAGE MONTHLY: 69.9 TOTAL FOR MONTH: 6.97 1 = FOG OR MIST
DPTR FM NORMAL: -1.9 DPTR FM NORMAL: 2.58 2 = FOG REDUCING VISIBILITY
HIGHEST: 91 ON 3 GRTST 24HR 1.14 ON 24-24 TO 1/4 MILE OR LESS
LOWEST: 49 ON 5 3 = THUNDER
SNOW, ICE PELLETS, HAIL 4 = ICE PELLETS
TOTAL MONTH: M 5 = HAIL
GRTST 24HR M ON M 6 = FREEZING RAIN OR DRIZZLE
GRTST DEPTH: M ON M 7 = DUSTSTORM OR SANDSTORM:
VSBY 1/2 MILE OR LESS
8 = SMOKE OR HAZE
[NO. OF DAYS WITH] [WEATHER - DAYS WITH] 9 = BLOWING SNOW
X = TORNADO
MAX 32 OR BELOW: 0 0.01 INCH OR MORE: 14
MAX 90 OR ABOVE: 1 0.10 INCH OR MORE: 12
MIN 32 OR BELOW: 0 0.50 INCH OR MORE: 7
MIN 0 OR BELOW: 0 1.00 INCH OR MORE: 2
[HDD (BASE 65) ]
TOTAL THIS MO. 22 CLEAR (SCALE 0-3) 8
DPTR FM NORMAL 4 PTCLDY (SCALE 4-7) 14
TOTAL FM JUL 1 2398 CLOUDY (SCALE 8-10) 9
DPTR FM NORMAL -314
[CDD (BASE 65) ]
TOTAL THIS MO. 181
DPTR FM NORMAL -46 [PRESSURE DATA]
TOTAL FM JAN 1 264 HIGHEST SLP M ON M
DPTR FM NORMAL -56 LOWEST SLP M ON M
[REMARKS]
#FINAL-05-21#