000
CXUS56 KOTX 111642
CLMSFF
CLIMATE REPORT
NATIONAL WEATHER SERVICE SPOKANE WA
842 AM PST SAT NOV 11 2023
...................................
...THE SPOKANE WA FELTS AIRPORT CLIMATE SUMMARY FOR THE MONTH OF OCTOBER 2023...
CLIMATE NORMAL PERIOD 1991 TO 2020
CLIMATE RECORD PERIOD 9999 TO 9999
WEATHER OBSERVED NORMAL DEPART LAST YEAR`S
VALUE DATE(S) VALUE FROM VALUE DATE(S)
NORMAL
................................................................
TEMPERATURE (F)
RECORD
HIGH 86 10/01/2008
LOW 12 10/31/2002
HIGHEST 83 10/08 MM MM 82 10/04
LOWEST 19 10/28 MM MM 36 10/22
10/23
AVG. MAXIMUM 63.2 60.3 2.9 68.0
AVG. MINIMUM 39.6 38.0 1.6 42.5
MEAN 51.4 49.1 2.3 55.2
DAYS MAX >= 90 0 0.0 0.0 0
DAYS MAX <= 32 0 0.0 0.0 0
DAYS MIN <= 32 7 7.8 -0.8 0
DAYS MIN <= 0 0 0.0 0.0 0
PRECIPITATION (INCHES)
RECORD
MAXIMUM 6.22 2016
MINIMUM 0.18 2013
TOTALS 0.33 1.46 -1.13 0.56
DAILY AVG. 0.01 0.05 -0.04 0.02
DAYS >= .01 5 10.4 -5.4 5
DAYS >= .10 1 4.7 -3.7 1
DAYS >= .50 0 0.5 -0.5 0
DAYS >= 1.00 0 0.0 0.0 0
GREATEST
24 HR. TOTAL 0.16 10/10 TO 10/10 0.33
DEGREE DAYS
HEATING TOTAL 415 492 -77 296
SINCE 7/1 552 670 -118 MM
COOLING TOTAL 0 0 0 0
SINCE 1/1 771 507 264 MM
................................................................
WIND (MPH)
AVERAGE WIND SPEED 2.4
HIGHEST WIND SPEED/DIRECTION 21/230 DATE 10/23
HIGHEST GUST SPEED/DIRECTION 26/240 DATE 10/23
26/070 10/25
SKY COVER
POSSIBLE SUNSHINE (PERCENT) MM
AVERAGE SKY COVER 0.36
NUMBER OF DAYS FAIR 16
NUMBER OF DAYS PC 11
NUMBER OF DAYS CLOUDY 4
AVERAGE RH (PERCENT) 66
WEATHER CONDITIONS. NUMBER OF DAYS WITH
THUNDERSTORM 0 MIXED PRECIP 0
HEAVY RAIN 0 RAIN 4
LIGHT RAIN 8 FREEZING RAIN 0
LT FREEZING RAIN 0 HAIL 0
HEAVY SNOW 0 SNOW 1
LIGHT SNOW 2 SLEET 0
FOG 17 FOG W/VIS <= 1/4 MILE 2
HAZE 5
- INDICATES NEGATIVE NUMBERS.
R INDICATES RECORD WAS SET OR TIED.
MM INDICATES DATA IS MISSING.
T INDICATES TRACE AMOUNT.
$$