000
CXUS56 KOTX 011316
CLMSFF
CLIMATE REPORT
NATIONAL WEATHER SERVICE SPOKANE WA
516 AM PST FRI MAR 01 2024
...................................
...THE SPOKANE WA FELTS AIRPORT CLIMATE SUMMARY FOR THE MONTH OF FEBRUARY 2024...
CLIMATE NORMAL PERIOD 1991 TO 2020
CLIMATE RECORD PERIOD 9999 TO 9999
WEATHER OBSERVED NORMAL DEPART LAST YEAR`S
VALUE DATE(S) VALUE FROM VALUE DATE(S)
NORMAL
................................................................
TEMPERATURE (F)
RECORD
HIGH 64 02/28/2020
LOW -3 02/06/2014
HIGHEST 52 02/24 MM MM 51 02/20
02/29
LOWEST 15 02/16 MM MM 7 02/24
AVG. MAXIMUM 43.6 42.5 1.1 42.2
AVG. MINIMUM 31.1 26.7 4.4 25.3
MEAN 37.3 34.6 2.7 33.7
DAYS MAX >= 90 0 0.0 0.0 0
DAYS MAX <= 32 0 2.8 -2.8 3
DAYS MIN <= 32 15 22.0 -7.0 22
DAYS MIN <= 0 0 0.1 -0.1 0
PRECIPITATION (INCHES)
RECORD
MAXIMUM 4.04 2017
MINIMUM 0.05 2005
TOTALS 2.11 1.32 0.79 0.66
DAILY AVG. 0.07 NAN NAN 0.02
DAYS >= .01 18 11.6 6.4 6
DAYS >= .10 8 4.9 3.1 2
DAYS >= .50 0 0.3 -0.3 0
DAYS >= 1.00 0 0.0 0.0 0
GREATEST
24 HR. TOTAL 0.52 02/11 TO 02/12 0.38
DEGREE DAYS
HEATING TOTAL 795 851 -56 868
SINCE 7/1 4157 4465 -308 MM
COOLING TOTAL 0 0 0 0
SINCE 1/1 0 0 0 MM
................................................................
WIND (MPH)
AVERAGE WIND SPEED 4.2
HIGHEST WIND SPEED/DIRECTION 32/230 DATE 02/25
HIGHEST GUST SPEED/DIRECTION 48/220 DATE 02/25
SKY COVER
POSSIBLE SUNSHINE (PERCENT) MM
AVERAGE SKY COVER 0.78
NUMBER OF DAYS FAIR 2
NUMBER OF DAYS PC 8
NUMBER OF DAYS CLOUDY 19
AVERAGE RH (PERCENT) 78
WEATHER CONDITIONS. NUMBER OF DAYS WITH
THUNDERSTORM 0 MIXED PRECIP 1
HEAVY RAIN 0 RAIN 1
LIGHT RAIN 15 FREEZING RAIN 0
LT FREEZING RAIN 0 HAIL 0
HEAVY SNOW 0 SNOW 1
LIGHT SNOW 7 SLEET 0
FOG 23 FOG W/VIS <= 1/4 MILE 9
HAZE 2
- INDICATES NEGATIVE NUMBERS.
R INDICATES RECORD WAS SET OR TIED.
MM INDICATES DATA IS MISSING.
T INDICATES TRACE AMOUNT.
$$