000
CXUS54 KLZK 011330
CF6SGT
PRELIMINARY LOCAL CLIMATOLOGICAL DATA (WS FORM: F-6)
STATION: STUTTGART AIRPORT
MONTH: FEBRUARY
YEAR: 2023
LATITUDE: 34 35 N
LONGITUDE: 91 34 W
TEMPERATURE IN F: :PCPN: SNOW: WIND :SUNSHINE: SKY :PK WND
================================================================================
1 2 3 4 5 6A 6B 7 8 9 10 11 12 13 14 15 16 17 18
12Z AVG MX 2MIN
DY MAX MIN AVG DEP HDD CDD WTR SNW DPTH SPD SPD DIR MIN PSBL S-S WX SPD DR
================================================================================
1 29 26 28 -13 37 0 0.09 M M 11.7 15 30 M M 9 1 M M
2 33 29 31 -10 34 0 0.30 M M 7.2 10 350 M M 9 M M
3 38 28 33 -8 32 0 0.00 M M 8.2 16 40 M M 0 21 40
4 49 27 38 -4 27 0 0.00 M M 8.4 15 170 M M 0 M M
5 62 39 51 9 14 0 0.00 M M 8.7 17 240 M M 0 8 M M
6 68 43 56 14 9 0 0.00 M M 10.2 18 160 M M 2 1 M M
7 67 48 58 16 7 0 0.00 M M 8.7 14 20 M M 3 M M
8 73 50 62 20 3 0 0.50 M M 14.3 32 240 M M 9 13 43 240
9 59 44 52 9 13 0 0.01 M M 13.8 24 240 M M 4 43 240
10 50 41 46 3 19 0 0.04 M M 11.5 18 20 M M 6 M M
11 49 36 43 0 22 0 T M M 15.2 20 360 M M 4 M M
12 57 32 45 2 20 0 0.00 M M 7.8 14 340 M M 0 M M
13 65 40 53 9 12 0 0.00 M M 8.4 14 240 M M 0 M M
14 61 50 56 12 9 0 0.33 M M 14.6 31 160 M M 5 1 44 150
15 72 58 65 21 0 0 0.07 M M 11.4 17 200 M M 6 12 M M
16 70 35 53 9 12 0 0.19 M M 19.3 27 290 M M 8 3 32 260
17 48 33 41 -4 24 0 0.00 M M 11.8 22 330 M M 4 23 340
18 52 33 43 -2 22 0 0.00 M M 7.1 10 160 M M 0 M M
19 65 42 54 9 11 0 0.00 M M 13.6 21 220 M M 0 25 220
20 76 55 66 20 0 1 0.00 M M 12.8 20 230 M M 0 26 240
21 72 52 62 16 3 0 T M M 8.6 17 180 M M 3 8 M M
22 77 61 69 23 0 4 0.08 M M 16.1 31 190 M M 7 1 38 190
23 73 52 63 17 2 0 0.00 M M 10.7 17 10 M M 9 1 M M
24 52 39 46 -1 19 0 0.26 M M 15.1 23 30 M M 10 1 33 30
25 47 42 45 -2 20 0 0.12 M M 5.2 14 330 M M 10 1 M M
26 65 47 56 9 9 0 0.05 M M 7.7 16 150 M M 9 12 M M
27 73 56 65 17 0 0 0.01 M M 17.2 28 250 M M 2 8 36 250
28 78 47 63 15 2 0 M M M 8.6 16 180 M M 0 22 170
================================================================================
SM 1680 1185 382 5 2.05 M 313.8 M 119
================================================================================
AV 60.0 42.3 11.2 FASTST M M 4 MAX(MPH)
MISC ----> 32 240 44 150
================================================================================
NOTES:
# LAST OF SEVERAL OCCURRENCES
COLUMN 17 PEAK WIND IN M.P.H.
PRELIMINARY LOCAL CLIMATOLOGICAL DATA (WS FORM: F-6) , PAGE 2
STATION: STUTTGART AIRPORT
MONTH: FEBRUARY
YEAR: 2023
LATITUDE: 34 35 N
LONGITUDE: 91 34 W
[TEMPERATURE DATA] [PRECIPITATION DATA] SYMBOLS USED IN COLUMN 16
AVERAGE MONTHLY: 51.2 TOTAL FOR MONTH: 2.05 1 = FOG OR MIST
DPTR FM NORMAL: 7.0 DPTR FM NORMAL: -2.15 2 = FOG REDUCING VISIBILITY
HIGHEST: 78 ON 28 GRTST 24HR 0.51 ON 8- 9 TO 1/4 MILE OR LESS
LOWEST: 26 ON 1 3 = THUNDER
SNOW, ICE PELLETS, HAIL 4 = ICE PELLETS
TOTAL MONTH: M 5 = HAIL
GRTST 24HR M ON M 6 = FREEZING RAIN OR DRIZZLE
GRTST DEPTH: M ON M 7 = DUSTSTORM OR SANDSTORM:
VSBY 1/2 MILE OR LESS
8 = SMOKE OR HAZE
[NO. OF DAYS WITH] [WEATHER - DAYS WITH] 9 = BLOWING SNOW
X = TORNADO
MAX 32 OR BELOW: 1 0.01 INCH OR MORE: 13
MAX 90 OR ABOVE: 0 0.10 INCH OR MORE: 6
MIN 32 OR BELOW: 5 0.50 INCH OR MORE: 1
MIN 0 OR BELOW: 0 1.00 INCH OR MORE: 0
[HDD (BASE 65) ]
TOTAL THIS MO. 382 CLEAR (SCALE 0-3) 11
DPTR FM NORMAL -204 PTCLDY (SCALE 4-7) 10
TOTAL FM JUL 1 1886 CLOUDY (SCALE 8-10) 7
DPTR FM NORMAL -723
[CDD (BASE 65) ]
TOTAL THIS MO. 5
DPTR FM NORMAL 5 [PRESSURE DATA]
TOTAL FM JAN 1 9 HIGHEST SLP 30.63 ON 3
DPTR FM NORMAL 9 LOWEST SLP 29.58 ON 27
[REMARKS]
#FINAL-02-23#