000
CXUS54 KLZK 011331
CF6SGT
PRELIMINARY LOCAL CLIMATOLOGICAL DATA (WS FORM: F-6)
STATION: STUTTGART AIRPORT
MONTH: FEBRUARY
YEAR: 2024
LATITUDE: 34 35 N
LONGITUDE: 91 34 W
TEMPERATURE IN F: :PCPN: SNOW: WIND :SUNSHINE: SKY :PK WND
================================================================================
1 2 3 4 5 6A 6B 7 8 9 10 11 12 13 14 15 16 17 18
12Z AVG MX 2MIN
DY MAX MIN AVG DEP HDD CDD WTR SNW DPTH SPD SPD DIR MIN PSBL S-S WX SPD DR
================================================================================
1 63 36 50 9 15 0 T M M 6.1 10 180 M M 0 18 M M
2 68 43 56 15 9 0 0.00 M M 6.7 13 220 M M 1 18 M M
3 58 51 55 14 10 0 0.57 M M 7.6 14 70 M M 6 1 M M
4 53 47 50 8 15 0 0.52 M M 10.9 21 110 M M 10 1 27 110
5 59 41 50 8 15 0 0.00 M M 12.3 21 20 M M 1 24 20
6 60 35 48 6 17 0 0.00 M M 6.4 10 330 M M 0 M M
7 63 37 50 8 15 0 0.00 M M 6.9 14 160 M M 0 M M
8 62 49 56 14 9 0 0.00 M M 16.4 23 170 M M 5 1 30 190
9 68 59 64 21 1 0 0.01 M M 10.3 15 170 M M 8 1 M M
10 64 46 55 12 10 0 0.79 M M 9.3 17 70 M M 9 13 M M
11 48 44 46 3 19 0 0.12 M M 15.4 20 40 M M 10 26 50
12 48 37 43 0 22 0 T M M 13.7 21 320 M M 9 1 23 340
13 57 34 46 2 19 0 0.00 M M 6.0 9 270 M M 0 8 M M
14 63 39 51 7 14 0 0.00 M M 7.6 12 170 M M 0 M M
15 67 45 56 12 9 0 0.00 M M 7.6 15 240 M M 1 8 M M
16 66 37 52 8 13 0 0.15 M M 14.3 36 10 M M 9 13 44 10
17 39 31 35 -10 30 0 0.00 M M 14.3 24 360 M M 4 31 20
18 50 25 38 -7 27 0 0.00 M M 6.1 12 270 M M 0 M M
19 58 30 44 -1 21 0 T M M 6.8 12 170 M M 0 M M
20 66 38 52 6 13 0 0.00 M M 6.2 10 250 M M 0 8 M M
21 71 46 59 13 6 0 0.00 M M 13.1 22 210 M M 1 26 210
22 73 55 64 18 1 0 0.00 M M 12.6 20 200 M M 7 M M
23 69 48 59 13 6 0 0.00 M M 11.0 20 330 M M 0 25 330
24 66 47 57 10 8 0 0.00 M M 11.3 17 320 M M 0 M M
25 79 44 62 15 3 0 0.00 M M 13.2 23 200 M M 0 33 230
26 73 52 63 16 2 0 0.00 M M 14.4 22 190 M M 3 M M
27 79 64 72 24 0 7 0.00 M M 19.9 29 200 M M 3 39 200
28 71 43 57 9 8 0 T M M 16.1 31 330 M M 3 39 330
29 48 36 42 -6 23 0 T M M 7.9 14 60 M M 4 M M
================================================================================
SM 1809 1239 360 7 2.16 M 310.3 M 94
================================================================================
AV 62.4 42.7 10.7 FASTST M M 3 MAX(MPH)
MISC ----> 36 10 44 10
================================================================================
NOTES:
# LAST OF SEVERAL OCCURRENCES
COLUMN 17 PEAK WIND IN M.P.H.
PRELIMINARY LOCAL CLIMATOLOGICAL DATA (WS FORM: F-6) , PAGE 2
STATION: STUTTGART AIRPORT
MONTH: FEBRUARY
YEAR: 2024
LATITUDE: 34 35 N
LONGITUDE: 91 34 W
[TEMPERATURE DATA] [PRECIPITATION DATA] SYMBOLS USED IN COLUMN 16
AVERAGE MONTHLY: 52.6 TOTAL FOR MONTH: 2.16 1 = FOG OR MIST
DPTR FM NORMAL: 0.0 DPTR FM NORMAL: -2.04 2 = FOG REDUCING VISIBILITY
HIGHEST: 79 ON 27,25 GRTST 24HR 1.01 ON 3- 4 TO 1/4 MILE OR LESS
LOWEST: 25 ON 18 3 = THUNDER
SNOW, ICE PELLETS, HAIL 4 = ICE PELLETS
TOTAL MONTH: M 5 = HAIL
GRTST 24HR M ON M 6 = FREEZING RAIN OR DRIZZLE
GRTST DEPTH: M ON M 7 = DUSTSTORM OR SANDSTORM:
VSBY 1/2 MILE OR LESS
8 = SMOKE OR HAZE
[NO. OF DAYS WITH] [WEATHER - DAYS WITH] 9 = BLOWING SNOW
X = TORNADO
MAX 32 OR BELOW: 0 0.01 INCH OR MORE: 6
MAX 90 OR ABOVE: 0 0.10 INCH OR MORE: 5
MIN 32 OR BELOW: 3 0.50 INCH OR MORE: 3
MIN 0 OR BELOW: 0 1.00 INCH OR MORE: 0
[HDD (BASE 65) ]
TOTAL THIS MO. 360 CLEAR (SCALE 0-3) 17
DPTR FM NORMAL -260 PTCLDY (SCALE 4-7) 6
TOTAL FM JUL 1 2200 CLOUDY (SCALE 8-10) 6
DPTR FM NORMAL -426
[CDD (BASE 65) ]
TOTAL THIS MO. 7
DPTR FM NORMAL 7 [PRESSURE DATA]
TOTAL FM JAN 1 7 HIGHEST SLP 30.44 ON 28
DPTR FM NORMAL 7 LOWEST SLP 29.54 ON 27
[REMARKS]
#FINAL-02-24#