000
CXUS55 KBYZ 011000
CF6SHR
PRELIMINARY LOCAL CLIMATOLOGICAL DATA (WS FORM: F-6)
STATION: SHERIDAN WY
MONTH: JUNE
YEAR: 2021
LATITUDE: 44 46 N
LONGITUDE: 106 58 W
TEMPERATURE IN F: :PCPN: SNOW: WIND :SUNSHINE: SKY :PK WND
================================================================================
1 2 3 4 5 6A 6B 7 8 9 10 11 12 13 14 15 16 17 18
12Z AVG MX 2MIN
DY MAX MIN AVG DEP HDD CDD WTR SNW DPTH SPD SPD DIR MIN PSBL S-S WX SPD DR
================================================================================
1 79 49 64 6 1 0 0.02 M M 8.9 18 320 M M 1 24 320
2 86 44 65 7 0 0 0.00 M M 3.2 14 330 M M 0 16 330
3 93 49 71 13 0 6 0.00 M M 3.2 10 300 M M 0 8 13 310
4 97 52 75 17 0 10 T M M 6.6 36 320 M M 0 3 44 320
5 96 53 75 16 0 10 0.00 M M 8.5 31 310 M M 0 38 320
6 79 51 65 6 0 0 0.00 M M 7.2 22 320 M M 1 27 330
7 81 48 65 6 0 0 0.00 M M 7.4 30 280 M M 0 37 290
8 84 48 66 6 0 1 0.00 M M 8.9 40 310 M M 0 54 310
9 96 52 74 14 0 9 0.00 M M 8.1 22 150 M M 0 29 150
10 97 50 74 14 0 9 0.00 M M 13.3 48 310 M M 0 60 310
11 76 44 60 0 5 0 0.00 M M 6.4 29 310 M M 0 36 310
12 90 40 65 4 0 0 0.00 M M 4.7 14 310 M M 0 17 320
13 93 47 70 9 0 5 0.00 M M 3.3 12 320 M M 0 14 130
14 100 52 76 15 0 11 T M M 7.9 26 150 M M 0 3 38 150
15 107 53 80 18 0 15 0.00 M M 10.5 26 150 M M 0 35 150
16 88 57 73 11 0 8 0.00 M M 7.2 26 320 M M 0 34 330
17 86 53 70 8 0 5 0.00 M M 7.9 18 310 M M 0 24 310
18 87 53 70 8 0 5 0.00 M M 4.4 16 300 M M 0 21 300
19 91 49 70 7 0 5 T M M 9.2 23 310 M M 1 29 310
20 67 57 62 -1 3 0 0.06 M M 11.5 21 290 M M 9 1 26 290
21 81 44 63 0 2 0 0.00 M M 3.4 13 300 M M 1 15 140
22 93 46 70 6 0 5 0.00 M M 4.5 16 300 M M 0 20 290
23 93 56 75 11 0 10 T M M 7.1 24 300 M M 1 30 310
24 87 54 71 7 0 6 0.01 M M 6.5 28 330 M M 2 34 330
25 79 59 69 4 0 4 0.00 M M 6.6 16 350 M M 8 20 10
26 74 51 63 -2 2 0 0.06 M M 8.0 30 280 M M 8 3 36 290
27 82 58 70 5 0 5 0.17 M M 7.6 21 320 M M 7 13 27 20
28 84 53 69 3 0 4 0.00 M M 3.0 12 40 M M 3 14 40
29 89 47 68 2 0 3 0.00 M M 3.3 13 140 M M 0 16 140
30 93 50 72 6 0 7 0.00 M M 5.4 14 150 M M 0 20 100
================================================================================
SM 2628 1519 13 143 0.32 M 203.7 M 42
================================================================================
AV 87.6 50.6 6.8 FASTST M M 1 MAX(MPH)
MISC ----> 48 310 60 310
================================================================================
NOTES:
# LAST OF SEVERAL OCCURRENCES
COLUMN 17 PEAK WIND IN M.P.H.
PRELIMINARY LOCAL CLIMATOLOGICAL DATA (WS FORM: F-6) , PAGE 2
STATION: SHERIDAN WY
MONTH: JUNE
YEAR: 2021
LATITUDE: 44 46 N
LONGITUDE: 106 58 W
[TEMPERATURE DATA] [PRECIPITATION DATA] SYMBOLS USED IN COLUMN 16
AVERAGE MONTHLY: 69.1 TOTAL FOR MONTH: 0.32 1 = FOG OR MIST
DPTR FM NORMAL: 7.3 DPTR FM NORMAL: -1.66 2 = FOG REDUCING VISIBILITY
HIGHEST: 107 ON 15 GRTST 24HR 0.21 ON 26-27 TO 1/4 MILE OR LESS
LOWEST: 40 ON 12 3 = THUNDER
SNOW, ICE PELLETS, HAIL 4 = ICE PELLETS
TOTAL MONTH: M 5 = HAIL
GRTST 24HR M ON M 6 = FREEZING RAIN OR DRIZZLE
GRTST DEPTH: M ON M 7 = DUSTSTORM OR SANDSTORM:
VSBY 1/2 MILE OR LESS
8 = SMOKE OR HAZE
[NO. OF DAYS WITH] [WEATHER - DAYS WITH] 9 = BLOWING SNOW
X = TORNADO
MAX 32 OR BELOW: 0 0.01 INCH OR MORE: 5
MAX 90 OR ABOVE: 13 0.10 INCH OR MORE: 1
MIN 32 OR BELOW: 0 0.50 INCH OR MORE: 0
MIN 0 OR BELOW: 0 1.00 INCH OR MORE: 0
[HDD (BASE 65) ]
TOTAL THIS MO. 13 CLEAR (SCALE 0-3) 26
DPTR FM NORMAL -125 PTCLDY (SCALE 4-7) 3
TOTAL FM JUL 1 7151 CLOUDY (SCALE 8-10) 1
DPTR FM NORMAL -391
[CDD (BASE 65) ]
TOTAL THIS MO. 143
DPTR FM NORMAL 100 [PRESSURE DATA]
TOTAL FM JAN 1 143 HIGHEST SLP 30.19 ON 28
DPTR FM NORMAL 96 LOWEST SLP 29.36 ON 5
[REMARKS]
#FINAL-06-21#