000
CXUS54 KSHV 230314
CF6SHV
PRELIMINARY LOCAL CLIMATOLOGICAL DATA (WS FORM: F-6)
STATION: SHREVEPORT
MONTH: JANUARY
YEAR: 2021
LATITUDE: 32 28 N
LONGITUDE: 93 49 W
TEMPERATURE IN F: :PCPN: SNOW: WIND :SUNSHINE: SKY :PK WND
================================================================================
1 2 3 4 5 6A 6B 7 8 9 10 11 12 13 14 15 16 17 18
12Z AVG MX 2MIN
DY MAX MIN AVG DEP HDD CDD WTR SNW DPTH SPD SPD DIR MIN PSBL S-S WX SPD DR
================================================================================
1 53 39 46 0 19 0 T 0.0 0 11.4 20 210 M M 10 30 230
2 49 35 42 -4 23 0 0.00 0.0 0 7.0 20 300 M M 6 28 280
3 65 31 48 2 17 0 0.00 0.0 0 7.1 20 170 M M 1 1 25 200
4 71 41 56 10 9 0 0.00 0.0 0 5.2 12 190 M M 2 1 14 190
5 64 36 50 4 15 0 0.00 0.0 0 4.6 12 120 M M 2 16 110
6 60 44 52 6 13 0 1.24 0.0 0 10.3 21 60 M M 10 13 28 60
7 47 44 46 0 19 0 0.13 0.0 0 11.0 20 330 M M 10 13 26 330
8 48 35 42 -4 23 0 0.00 0.0 0 7.4 14 320 M M 8 17 310
9 50 28 39 -7 26 0 0.00 0.0 0 3.6 12 100 M M 4 15 110
10 40 31 36 -10 29 0 0.34 2.2 0 7.5 15 50 M M 9 1 21 40
11 44 31 38 -8 27 0 0.03 0.2 2 5.5 13 40 M M 6 18 15 50
12 54 28 41 -5 24 0 0.00 0.0 T 3.5 9 230 M M 3 18 13 280
13 62 37 50 4 15 0 0.00 0.0 0 7.4 14 240 M M 4 19 240
14 64 42 53 7 12 0 0.00 0.0 0 9.9 21 240 M M 2 28 220
15 55 36 46 0 19 0 0.00 0.0 0 14.5 32 270 M M 1 38 270
16 55 32 44 -3 21 0 0.00 0.0 0 8.1 20 310 M M 2 26 310
17 59 34 47 0 18 0 0.00 0.0 0 8.0 18 310 M M 6 22 300
18 68 29 49 2 16 0 T 0.0 0 7.6 18 170 M M 4 25 180
19 58 49 54 7 11 0 0.49 0.0 0 6.2 14 170 M M 9 1 18 190
20 56 49 53 6 12 0 T 0.0 0 4.2 9 160 M M 10 1 12 120
21 59 54 57 10 8 0 0.36 0.0 0 4.1 12 140 M M 10 18 13 140
22 56 51 54 7 11 0 T 0.0 0 7.3 13 60 M M 10 12 16 60
23 51 46 49 2 16 0 T 0.0 0 6.7 13 60 M M 10 18 16 50
24 68 48 58 11 7 0 0.03 0.0 0 3.8 15 170 M M 10 12 21 190
25 74 49 62 15 3 0 0.13 0.0 0 9.0 32 270 M M 9 18 42 270
26 71 44 58 11 7 0 0.00 0.0 0 3.6 12 330 M M 4 16 340
27 62 39 51 4 14 0 0.00 0.0 0 11.6 21 330 M M 4 29 360
28 54 33 44 -4 21 0 0.00 0.0 0 6.3 17 50 M M 5 21 50
29 62 35 49 1 16 0 0.00 0.0 0 5.7 13 160 M M 6 17 170
30 67 47 57 9 8 0 0.10 0.0 0 10.3 20 170 M M 9 1 27 180
31 66 44 55 7 10 0 0.00 0.0 0 14.8 26 310 M M 4 31 310
================================================================================
SM 1812 1221 489 0 2.85 2.4 233.2 M 190
================================================================================
AV 58.5 39.4 7.5 FASTST M M 6 MAX(MPH)
MISC ----> # 32 270 42 270
================================================================================
NOTES:
# LAST OF SEVERAL OCCURRENCES
COLUMN 17 PEAK WIND IN M.P.H.
PRELIMINARY LOCAL CLIMATOLOGICAL DATA (WS FORM: F-6) , PAGE 2
STATION: SHREVEPORT
MONTH: JANUARY
YEAR: 2021
LATITUDE: 32 28 N
LONGITUDE: 93 49 W
[TEMPERATURE DATA] [PRECIPITATION DATA] SYMBOLS USED IN COLUMN 16
AVERAGE MONTHLY: 48.9 TOTAL FOR MONTH: 2.85 1 = FOG OR MIST
DPTR FM NORMAL: 2.1 DPTR FM NORMAL: -1.35 2 = FOG REDUCING VISIBILITY
HIGHEST: 74 ON 25 GRTST 24HR 3.15 ON 6- 7 TO 1/4 MILE OR LESS
LOWEST: 28 ON 9,12 3 = THUNDER
SNOW, ICE PELLETS, HAIL 4 = ICE PELLETS
TOTAL MONTH: 2.4 INCHES 5 = HAIL
GRTST 24HR 2.2 ON 10-10 6 = FREEZING RAIN OR DRIZZLE
GRTST DEPTH: 2 ON 11 7 = DUSTSTORM OR SANDSTORM:
VSBY 1/2 MILE OR LESS
8 = SMOKE OR HAZE
[NO. OF DAYS WITH] [WEATHER - DAYS WITH] 9 = BLOWING SNOW
X = TORNADO
MAX 32 OR BELOW: 0 0.01 INCH OR MORE: 9
MAX 90 OR ABOVE: 0 0.10 INCH OR MORE: 7
MIN 32 OR BELOW: 7 0.50 INCH OR MORE: 1
MIN 0 OR BELOW: 0 1.00 INCH OR MORE: 1
[HDD (BASE 65) ]
TOTAL THIS MO. 489 CLEAR (SCALE 0-3) 7
DPTR FM NORMAL -81 PTCLDY (SCALE 4-7) 12
TOTAL FM JUL 1 1177 CLOUDY (SCALE 8-10) 12
DPTR FM NORMAL -298
[CDD (BASE 65) ]
TOTAL THIS MO. 0
DPTR FM NORMAL -4 [PRESSURE DATA]
TOTAL FM JAN 1 0 HIGHEST SLP 30.62 ON 28
DPTR FM NORMAL -4 LOWEST SLP 29.61 ON 25
[REMARKS]
#FINAL-01-21#