000
CXUS56 KMTR 010830
CLMSJC
CLIMATE REPORT
NATIONAL WEATHER SERVICE SAN FRANCISCO BAY AREA
1230 AM PST FRI MAR 01 2024
...................................
...THE SAN JOSE AIRPORT CLIMATE SUMMARY FOR THE MONTH OF FEBRUARY 2024...
CLIMATE NORMAL PERIOD: 1991 TO 2020
CLIMATE RECORD PERIOD: 1893 TO 2024
WEATHER OBSERVED NORMAL DEPART LAST YEAR`S
VALUE DATE(S) VALUE FROM VALUE DATE(S)
NORMAL
................................................................
TEMPERATURE (F)
RECORD
HIGH 81 02/26/1986
LOW 25 02/01/1917
02/02/1910
HIGHEST 75 02/24 69 02/20
LOWEST 38 02/08 33 02/01
02/09
02/18
AVG. MAXIMUM 64.3 62.4 1.9 59.3
AVG. MINIMUM 46.6 43.9 2.7 39.6
MEAN 55.4 49.4
DAYS MAX >= 90 0 0
DAYS MAX <= 32 0 0
DAYS MIN <= 32 0 0
DAYS MIN <= 0 0 0
PRECIPITATION (INCHES)
TOTALS 4.54 2.69 1.85 2.02
DAILY AVG. 0.16 NAN NAN 0.07
DAYS >= .01 13 11
DAYS >= .10 12 7
DAYS >= .50 4 1
DAYS >= 1.00 0 0
GREATEST
24 HR. TOTAL 1.25 01/31 TO 02/01 0.64 02/23 TO 02/24
DEGREE DAYS
HEATING TOTAL 271 332 -61 429
SINCE 7/1 1064 1602 -538 MM
COOLING TOTAL 0 0 0 0
SINCE 1/1 0 0 0 MM
................................................................
WIND (MPH)
AVERAGE WIND SPEED 6.6
RESULTANT WIND SPEED/DIRECTION 2/160
HIGHEST WIND SPEED/DIRECTION 41/180 DATE 02/04
HIGHEST GUST SPEED/DIRECTION 59/170 DATE 02/04
SKY COVER
POSSIBLE SUNSHINE (PERCENT) MM
AVERAGE SKY COVER 0.56
NUMBER OF DAYS FAIR 8
NUMBER OF DAYS PC 13
NUMBER OF DAYS CLOUDY 8
AVERAGE RH (PERCENT) 67
WEATHER CONDITIONS. NUMBER OF DAYS WITH
THUNDERSTORM 1 MIXED PRECIP 0
HEAVY RAIN 9 RAIN 12
LIGHT RAIN 13 FREEZING RAIN 0
LT FREEZING RAIN 0 HAIL 0
HEAVY SNOW 0 SNOW 0
LIGHT SNOW 0 SLEET 0
FOG 13 FOG W/VIS <= 1/4 MILE 1
HAZE 7
- INDICATES NEGATIVE NUMBERS.
R INDICATES RECORD WAS SET OR TIED.
MM INDICATES DATA IS MISSING.
T INDICATES TRACE AMOUNT.
$$