000
CXUS56 KFGZ 010910
CF6SJN
PRELIMINARY LOCAL CLIMATOLOGICAL DATA (WS FORM: F-6)
STATION: SAINT JOHNS AZ AIRPORT
MONTH: DECEMBER
YEAR: 2020
LATITUDE: 34 31 N
LONGITUDE: 109 23 W
TEMPERATURE IN F: :PCPN: SNOW: WIND :SUNSHINE: SKY :PK WND
================================================================================
1 2 3 4 5 6A 6B 7 8 9 10 11 12 13 14 15 16 17 18
12Z AVG MX 2MIN
DY MAX MIN AVG DEP HDD CDD WTR SNW DPTH SPD SPD DIR MIN PSBL S-S WX SPD DR
================================================================================
1 49 17 33 -4 32 0 0.00 M M 5.7 17 320 M M 0 22 300
2 42 14 28 -9 37 0 0.00 M M 4.3 22 30 M M 1 24 30
3 42 11 27 -9 38 0 0.00 M M 3.7 12 300 M M 0 14 310
4 46 10 28 -8 37 0 0.00 M M 3.8 12 310 M M 0 16 10
5 52 13 33 -3 32 0 0.00 M M 4.4 13 310 M M 0 15 300
6 58 13 36 1 29 0 0.00 M M 2.6 10 180 M M 0 12 180
7 57 11 34 -1 31 0 0.00 M M 3.9 14 280 M M 0 M M
8 56 12 34 -1 31 0 0.00 M M 4.0 13 280 M M 0 8 16 290
9 61 14 38 3 27 0 0.00 M M 2.0 10 230 M M 0 8 12 250
10 47 28 38 3 27 0 0.12 M M 7.7 23 250 M M 9 13 30 250
11 53 33 43 9 22 0 0.00 M M 13.2 28 290 M M 0 36 290
12 50 21 36 2 29 0 0.03 M M 12.6 35 320 M M 3 18 47 240
13 33 8 21 -13 44 0 0.00 M M 4.3 12 290 M M 0 13 30
14 48 14 31 -3 34 0 T M M 8.8 33 280 M M 4 1 41 250
15 38 21 30 -4 35 0 0.00 M M 9.4 20 290 M M 3 24 280
16 46 13 30 -4 35 0 0.00 M M 3.2 8 330 M M 0 10 330
17 52 14 33 -1 32 0 0.00 M M 4.8 20 240 M M 0 25 240
18 46 22 34 1 31 0 0.00 M M 6.5 16 310 M M 1 22 310
19 48 12 30 -3 35 0 0.00 M M 2.8 9 350 M M 0 10 340
20 50 12 31 -2 34 0 0.00 M M 3.3 10 310 M M 0 13 320
21 57 15 36 3 29 0 0.00 M M 3.0 10 190 M M 0 8 11 190
22 61 14 38 5 27 0 0.00 M M 11.0 36 240 M M 0 45 250
23 41 14 28 -5 37 0 0.00 M M 9.7 24 310 M M 0 29 320
24 41 6 24 -9 41 0 0.00 M M 1.3 9 40 M M 0 8 11 60
25 47 10 29 -4 36 0 0.00 M M 3.4 9 190 M M 0 11 300
26 58 12 35 2 30 0 0.00 M M 4.2 15 220 M M 0 8 19 220
27 56 22 39 6 26 0 0.00 M M 2.4 12 240 M M 1 14 240
28 61 34 48 15 17 0 T M M 17.1 38 190 M M 3 50 200
29 40 22 31 -2 34 0 0.02 M M 3.1 20 320 M M 8 12 24 320
30 41 12 27 -6 38 0 0.00 M M 3.2 10 190 M M 1 1 12 200
31 40 10 25 -9 40 0 0.00 M M 3.6 12 200 M M 3 8 14 200
================================================================================
SM 1517 484 1007 0 0.17 M 173.0 M 37
================================================================================
AV 48.9 15.6 5.6 FASTST M M 1 MAX(MPH)
MISC ----> 38 190 50 200
================================================================================
NOTES:
# LAST OF SEVERAL OCCURRENCES
COLUMN 17 PEAK WIND IN M.P.H.
PRELIMINARY LOCAL CLIMATOLOGICAL DATA (WS FORM: F-6) , PAGE 2
STATION: SAINT JOHNS AZ AIRPORT
MONTH: DECEMBER
YEAR: 2020
LATITUDE: 34 31 N
LONGITUDE: 109 23 W
[TEMPERATURE DATA] [PRECIPITATION DATA] SYMBOLS USED IN COLUMN 16
AVERAGE MONTHLY: 32.3 TOTAL FOR MONTH: 0.17 1 = FOG OR MIST
DPTR FM NORMAL: -1.8 DPTR FM NORMAL: -0.71 2 = FOG REDUCING VISIBILITY
HIGHEST: 61 ON 28,22 GRTST 24HR 0.12 ON 10-10 TO 1/4 MILE OR LESS
LOWEST: 6 ON 24 3 = THUNDER
SNOW, ICE PELLETS, HAIL 4 = ICE PELLETS
TOTAL MONTH: M 5 = HAIL
GRTST 24HR M ON M 6 = FREEZING RAIN OR DRIZZLE
GRTST DEPTH: M ON M 7 = DUSTSTORM OR SANDSTORM:
VSBY 1/2 MILE OR LESS
8 = SMOKE OR HAZE
[NO. OF DAYS WITH] [WEATHER - DAYS WITH] 9 = BLOWING SNOW
X = TORNADO
MAX 32 OR BELOW: 0 0.01 INCH OR MORE: 3
MAX 90 OR ABOVE: 0 0.10 INCH OR MORE: 1
MIN 32 OR BELOW: 29 0.50 INCH OR MORE: 0
MIN 0 OR BELOW: 0 1.00 INCH OR MORE: 0
[HDD (BASE 65) ]
TOTAL THIS MO. 1007 CLEAR (SCALE 0-3) 28
DPTR FM NORMAL 48 PTCLDY (SCALE 4-7) 1
TOTAL FM JUL 1 1860 CLOUDY (SCALE 8-10) 2
DPTR FM NORMAL -115
[CDD (BASE 65) ]
TOTAL THIS MO. 0
DPTR FM NORMAL 0 [PRESSURE DATA]
TOTAL FM JAN 1 1234 HIGHEST SLP M ON M
DPTR FM NORMAL 273 LOWEST SLP 29.56 ON 28
[REMARKS]
#FINAL-12-20#