000
CXUS45 KSLC 010857
CLMSLC
CLIMATE REPORT
NATIONAL WEATHER SERVICE SALT LAKE CITY UT
157 AM MST FRI MAR 01 2024
...................................
...THE SALT LAKE CITY UT CLIMATE SUMMARY FOR THE MONTH OF FEBRUARY 2024...
CLIMATE NORMAL PERIOD 1991 TO 2020
CLIMATE RECORD PERIOD 1874 TO 2024
WEATHER OBSERVED NORMAL DEPART LAST YEAR`S
VALUE DATE(S) VALUE FROM VALUE DATE(S)
NORMAL
................................................................
TEMPERATURE (F)
RECORD
HIGH 69 02/28/1972
LOW -30 02/09/1933
HIGHEST 63 02/25 49 02/20
LOWEST 24 02/11 17 02/01
AVG. MAXIMUM 49.0 44.7 4.3 40.2
AVG. MINIMUM 32.8 28.6 4.2 24.8
MEAN 40.9 36.6 4.3 32.5
DAYS MAX >= 90 0 0.0 0.0 0
DAYS MAX <= 32 0 2.9 -2.9 2
DAYS MIN <= 32 13 21.3 -8.3 26
DAYS MIN <= 0 0 0.2 -0.2 0
PRECIPITATION (INCHES)
TOTALS 3.37 1.30 2.07 1.35
DAYS >= .01 14 9.5 4.5 8
DAYS >= .10 8 4.3 3.7 2
DAYS >= .50 2 0.3 1.7 1
DAYS >= 1.00 1 0.0 1.0 0
SNOWFALL (INCHES)
TOTALS 4.6 10.7 -6.1 21.6
SINCE 7/1 21.8 43.0 MM
DEGREE DAYS
HEATING TOTAL 693 794 -101 903
SINCE 7/1 3438 3998 -560 MM
COOLING TOTAL 0 0 0 0
SINCE 1/1 0 0 0 MM
................................................................
WIND (MPH)
AVERAGE WIND SPEED 8.1
HIGHEST WIND SPEED/DIRECTION 33/160 DATE 02/05
HIGHEST GUST SPEED/DIRECTION 45/190 DATE 02/05
WEATHER CONDITIONS. NUMBER OF DAYS WITH
THUNDERSTORM 0 RAIN 6
HAIL 1 SNOW 1
FOG 13 FOG W/VIS <= 1/4 MILE 1
HAZE 6
- INDICATES NEGATIVE NUMBERS.
R INDICATES RECORD WAS SET OR TIED.
MM INDICATES DATA IS MISSING.
T INDICATES TRACE AMOUNT.
$$