000
CXUS53 KICT 020314
CF6SLN
PRELIMINARY LOCAL CLIMATOLOGICAL DATA (WS FORM: F-6)
STATION: SALINA KS
MONTH: SEPTEMBER
YEAR: 2023
LATITUDE: 38 47 N
LONGITUDE: 97 39 W
TEMPERATURE IN F: :PCPN: SNOW: WIND :SUNSHINE: SKY :PK WND
================================================================================
1 2 3 4 5 6A 6B 7 8 9 10 11 12 13 14 15 16 17 18
12Z AVG MX 2MIN
DY MAX MIN AVG DEP HDD CDD WTR SNW DPTH SPD SPD DIR MIN PSBL S-S WX SPD DR
================================================================================
1 98 65 82 7 0 17 0.00 M M 11.1 21 140 M M 0 26 140
2 102 64 83 8 0 18 0.00 M M 11.5 20 160 M M 0 26 200
3 101 64 83 8 0 18 0.00 M M 12.2 21 200 M M 0 29 190
4 100 71 86 12 0 21 0.00 M M 16.2 28 160 M M 0 38 140
5 93 64 79 5 0 14 T M M 16.3 26 190 M M 0 40 190
6 86 56 71 -3 0 6 0.00 M M 6.7 14 340 M M 0 8 19 340
7 96 57 77 4 0 12 0.00 M M 9.0 20 120 M M 0 8 27 130
8 92 63 78 5 0 13 0.00 M M 7.4 22 360 M M 0 8 28 360
9 91 57 74 1 0 9 0.00 M M 5.1 15 160 M M 0 21 120
10 87 62 75 3 0 10 0.02 M M 9.6 20 350 M M 3 28 230
11 67 56 62 -10 3 0 0.19 M M 6.3 15 30 M M 7 1 20 30
12 79 52 66 -6 0 1 0.00 M M 3.0 9 130 M M 0 1 14 100
13 82 51 67 -4 0 2 0.00 M M 6.2 16 150 M M 4 24 170
14 82 56 69 -2 0 4 0.00 M M 5.9 16 160 M M 6 24 150
15 69 62 66 -4 0 1 0.51 M M 4.3 13 330 M M 10 1 22 250
16 81 57 69 -1 0 4 0.00 M M 4.0 16 80 M M 4 12 21 70
17 82 57 70 0 0 5 0.00 M M 5.6 12 40 M M 0 8 17 50
18 94 54 74 5 0 9 0.00 M M 11.4 23 200 M M 0 29 200
19 90 66 78 9 0 13 0.00 M M 13.9 26 200 M M 0 37 200
20 90 61 76 8 0 11 0.00 M M 8.6 18 150 M M 0 25 160
21 89 66 78 10 0 13 0.11 M M 11.3 24 160 M M 1 3 32 160
22 80 64 72 4 0 7 0.19 M M 11.9 24 360 M M 9 13 33 350
23 90 58 74 7 0 9 0.00 M M 10.0 16 330 M M 5 8 24 170
24 87 51 69 2 0 4 0.00 M M 5.1 18 330 M M 0 23 350
25 89 52 71 5 0 6 0.00 M M 4.0 14 350 M M 0 19 310
26 88 53 71 5 0 6 0.00 M M 5.9 16 40 M M 0 21 30
27 86 59 73 7 0 8 0.00 M M 7.8 15 70 M M 0 24 90
28 98 59 79 14 0 14 0.00 M M 10.6 24 170 M M 0 35 160
29 96 72 84 19 0 19 0.00 M M 17.8 32 200 M M 0 43 200
30 95 74 85 21 0 20 0.00 M M 16.9 31 170 M M 0 44 190
================================================================================
SM 2660 1803 3 294 1.02 M 275.6 M 49
================================================================================
AV 88.7 60.1 9.2 FASTST M M 2 MAX(MPH)
MISC ----> 32 200 44 190
================================================================================
NOTES:
# LAST OF SEVERAL OCCURRENCES
COLUMN 17 PEAK WIND IN M.P.H.
PRELIMINARY LOCAL CLIMATOLOGICAL DATA (WS FORM: F-6) , PAGE 2
STATION: SALINA KS
MONTH: SEPTEMBER
YEAR: 2023
LATITUDE: 38 47 N
LONGITUDE: 97 39 W
[TEMPERATURE DATA] [PRECIPITATION DATA] SYMBOLS USED IN COLUMN 16
AVERAGE MONTHLY: 74.4 TOTAL FOR MONTH: 1.02 1 = FOG OR MIST
DPTR FM NORMAL: 4.3 DPTR FM NORMAL: -1.63 2 = FOG REDUCING VISIBILITY
HIGHEST: 102 ON 2 GRTST 24HR 0.51 ON 15-15 TO 1/4 MILE OR LESS
LOWEST: 51 ON 24,13 3 = THUNDER
SNOW, ICE PELLETS, HAIL 4 = ICE PELLETS
TOTAL MONTH: M 5 = HAIL
GRTST 24HR M ON M 6 = FREEZING RAIN OR DRIZZLE
GRTST DEPTH: M ON M 7 = DUSTSTORM OR SANDSTORM:
VSBY 1/2 MILE OR LESS
8 = SMOKE OR HAZE
[NO. OF DAYS WITH] [WEATHER - DAYS WITH] 9 = BLOWING SNOW
X = TORNADO
MAX 32 OR BELOW: 0 0.01 INCH OR MORE: 5
MAX 90 OR ABOVE: 15 0.10 INCH OR MORE: 4
MIN 32 OR BELOW: 0 0.50 INCH OR MORE: 1
MIN 0 OR BELOW: 0 1.00 INCH OR MORE: 0
[HDD (BASE 65) ]
TOTAL THIS MO. 3 CLEAR (SCALE 0-3) 23
DPTR FM NORMAL -45 PTCLDY (SCALE 4-7) 5
TOTAL FM JUL 1 3 CLOUDY (SCALE 8-10) 2
DPTR FM NORMAL -45
[CDD (BASE 65) ]
TOTAL THIS MO. 294
DPTR FM NORMAL 95 [PRESSURE DATA]
TOTAL FM JAN 1 1842 HIGHEST SLP 30.21 ON 12
DPTR FM NORMAL 254 LOWEST SLP 29.53 ON 5
[REMARKS]
#FINAL-09-23#