000
CXUS56 KSGX 011145
CF6SNA
PRELIMINARY LOCAL CLIMATOLOGICAL DATA (WS FORM: F-6)
STATION: JOHN WAYNE AIRPORT CA
MONTH: JANUARY
YEAR: 2024
LATITUDE: 33 40 N
LONGITUDE: 117 53 W
TEMPERATURE IN F: :PCPN: SNOW: WIND :SUNSHINE: SKY :PK WND
================================================================================
1 2 3 4 5 6A 6B 7 8 9 10 11 12 13 14 15 16 17 18
12Z AVG MX 2MIN
DY MAX MIN AVG DEP HDD CDD WTR SNW DPTH SPD SPD DIR MIN PSBL S-S WX SPD DR
================================================================================
1 69 51 60 3 5 0 0.00 M M 1.6 10 210 M M 2 14 220
2 66 49 58 1 7 0 0.00 M M 2.7 10 200 M M 3 14 210
3 63 53 58 1 7 0 0.19 M M 4.5 14 260 M M 5 1 20 260
4 66 45 56 -1 9 0 0.00 M M 3.4 12 200 M M 1 13 200
5 66 46 56 -1 9 0 0.00 M M 3.0 10 220 M M 2 13 220
6 64 45 55 -2 10 0 0.00 M M 4.8 12 180 M M 4 15 180
7 62 49 56 -1 9 0 0.01 M M 9.1 15 330 M M 3 24 320
8 64 41 53 -5 12 0 0.00 M M 3.7 15 50 M M 0 8 22 100
9 62 42 52 -6 13 0 0.00 M M 4.3 10 180 M M 1 8 14 190
10 62 47 55 -3 10 0 0.00 M M 4.9 13 200 M M 4 24 310
11 63 48 56 -2 9 0 0.01 M M 4.3 15 200 M M 5 21 260
12 63 43 53 -5 12 0 0.00 M M 3.1 9 210 M M 2 8 12 210
13 64 45 55 -3 10 0 0.00 M M 2.4 9 220 M M 2 12 230
14 62 48 55 -3 10 0 0.00 M M 3.0 9 210 M M 5 12 160
15 64 47 56 -2 9 0 0.00 M M 2.4 9 220 M M 4 18 12 230
16 67 48 58 0 7 0 0.00 M M 3.0 10 230 M M 4 128 13 230
17 62 55 59 1 6 0 0.00 M M 4.3 10 200 M M 10 18 11 120
18 66 55 61 3 4 0 0.00 M M 2.7 13 190 M M 7 16 190
19 70 53 62 4 3 0 0.00 M M 3.1 12 200 M M 6 18 13 60
20 62 57 60 2 5 0 0.51 M M 4.2 10 110 M M 10 1 16 100
21 66 58 62 4 3 0 0.01 M M 6.2 14 200 M M 9 1 17 210
22 63 58 61 3 4 0 0.82 M M 5.1 16 110 M M 10 13 21 100
23 67 54 61 3 4 0 0.00 M M 3.2 12 210 M M 4 18 15 220
24 63 53 58 0 7 0 0.00 M M 3.7 12 210 M M 7 15 180
25 65 54 60 2 5 0 0.04 M M 4.6 14 200 M M 7 18 17 200
26 74 49 62 4 3 0 0.00 M M 3.3 10 200 M M 3 18 12 210
27 78 51 65 7 0 0 0.00 M M 4.2 16 60 M M 5 21 60
28 76 53 65 7 0 0 0.00 M M 3.2 17 200 M M 5 20 200
29 79 53 66 8 0 1 0.00 M M 2.1 12 220 M M 1 14 210
30 73 52 63 5 2 0 0.00 M M 3.3 12 200 M M 3 14 200
31 66 53 60 2 5 0 0.00 M M 5.7 17 200 M M 5 128 23 210
================================================================================
SM 2057 1555 199 1 1.59 M 119.1 M 139
================================================================================
AV 66.4 50.2 3.8 FASTST M M 4 MAX(MPH)
MISC ----> # 17 200 # 24 320
================================================================================
NOTES:
# LAST OF SEVERAL OCCURRENCES
COLUMN 17 PEAK WIND IN M.P.H.
PRELIMINARY LOCAL CLIMATOLOGICAL DATA (WS FORM: F-6) , PAGE 2
STATION: JOHN WAYNE AIRPORT CA
MONTH: JANUARY
YEAR: 2024
LATITUDE: 33 40 N
LONGITUDE: 117 53 W
[TEMPERATURE DATA] [PRECIPITATION DATA] SYMBOLS USED IN COLUMN 16
AVERAGE MONTHLY: 58.3 TOTAL FOR MONTH: 1.59 1 = FOG OR MIST
DPTR FM NORMAL: 0.5 DPTR FM NORMAL: -1.00 2 = FOG REDUCING VISIBILITY
HIGHEST: 79 ON 29 GRTST 24HR 1.96 ON 22-23 TO 1/4 MILE OR LESS
LOWEST: 41 ON 8 3 = THUNDER
SNOW, ICE PELLETS, HAIL 4 = ICE PELLETS
TOTAL MONTH: 0.0 INCH 5 = HAIL
GRTST 24HR M ON M 6 = FREEZING RAIN OR DRIZZLE
GRTST DEPTH: 0 7 = DUSTSTORM OR SANDSTORM:
VSBY 1/2 MILE OR LESS
8 = SMOKE OR HAZE
[NO. OF DAYS WITH] [WEATHER - DAYS WITH] 9 = BLOWING SNOW
X = TORNADO
MAX 32 OR BELOW: 0 0.01 INCH OR MORE: 7
MAX 90 OR ABOVE: 0 0.10 INCH OR MORE: 3
MIN 32 OR BELOW: 0 0.50 INCH OR MORE: 2
MIN 0 OR BELOW: 0 1.00 INCH OR MORE: 0
[HDD (BASE 65) ]
TOTAL THIS MO. 199 CLEAR (SCALE 0-3) 12
DPTR FM NORMAL -31 PTCLDY (SCALE 4-7) 15
TOTAL FM JUL 1 333 CLOUDY (SCALE 8-10) 4
DPTR FM NORMAL -262
[CDD (BASE 65) ]
TOTAL THIS MO. 1
DPTR FM NORMAL -6 [PRESSURE DATA]
TOTAL FM JAN 1 1 HIGHEST SLP 30.31 ON 8
DPTR FM NORMAL -6 LOWEST SLP 29.69 ON 22
[REMARKS]
#FINAL-01-24#