000
CXAK56 PAFC 010951
CF6SNP
PRELIMINARY LOCAL CLIMATOLOGICAL DATA (WS FORM: F-6)
STATION: SAINT PAUL ISLAND
MONTH: MARCH
YEAR: 2023
LATITUDE: 57 9 N
LONGITUDE: 170 13 W
TEMPERATURE IN F: :PCPN: SNOW: WIND :SUNSHINE: SKY :PK WND
================================================================================
1 2 3 4 5 6A 6B 7 8 9 10 11 12 13 14 15 16 17 18
12Z AVG MX 2MIN
DY MAX MIN AVG DEP HDD CDD WTR SNW DPTH SPD SPD DIR MIN PSBL S-S WX SPD DR
================================================================================
1 31 21 26 1 39 0 0.01 M M 22.7 39 300 M M 7 18 50 270
2 32 16 24 -1 41 0 0.11 M M 19.2 36 90 M M 9 12 42 90
3 36 14 25 0 40 0 T M M 16.9 32 210 M M 7 18 40 200
4 39 35 37 12 28 0 0.06 M M 32.2 46 140 M M 7 18 56 140
5 38 35 37 12 28 0 0.12 M M 13.9 36 140 M M 10 12 40 140
6 38 35 37 12 28 0 0.43 M M 9.9 21 140 M M 10 12 25 120
7 39 31 35 10 30 0 T M M 11.3 21 330 M M 9 1 26 220
8 31 25 28 3 37 0 T M M 12.3 21 340 M M 10 1 24 340
9 29 25 27 2 38 0 T M M 15.4 21 50 M M 10 1 25 60
10 32 28 30 5 35 0 T M M 14.4 21 50 M M 10 1 25 50
11 37 30 34 9 31 0 0.01 M M 9.2 15 50 M M 10 1 17 60
12 31 21 26 1 39 0 0.00 M M 16.0 24 40 M M 7 30 30
13 34 10 22 -3 43 0 0.02 M M 14.0 30 290 M M 5 18 41 290
14 24 14 19 -6 46 0 T M M 31.3 41 340 M M 10 9 51 350
15 18 14 16 -9 49 0 T M M 29.9 40 350 M M 10 9 48 340
16 22 16 19 -6 46 0 0.01 M M 18.3 26 360 M M 7 33 360
17 24 17 21 -4 44 0 T M M 15.4 24 360 M M 7 1 28 350
18 30 14 22 -3 43 0 0.00 M M 7.8 13 180 M M 3 16 350
19 39 29 34 9 31 0 0.18 M M 24.8 51 210 M M 10 18 59 220
20 38 30 34 9 31 0 0.03 M M 29.4 51 240 M M 8 18 67 230
21 33 23 28 3 37 0 0.12 M M 18.6 38 340 M M 8 128 44 330
22 32 25 29 4 36 0 0.04 M M 18.5 36 260 M M 8 128 43 270
23 36 31 34 9 31 0 0.10 M M 15.9 30 230 M M 10 1 37 240
24 39 31 35 10 30 0 0.02 M M 17.3 26 230 M M 10 1 31 230
25 38 35 37 11 28 0 0.24 M M 24.2 37 180 M M 9 1 45 180
26 37 28 33 7 32 0 0.28 M M 9.6 17 250 M M 8 1 21 210
27 38 22 30 4 35 0 0.01 M M 8.7 18 270 M M 4 1 24 270
28 36 32 34 8 31 0 0.06 M M 19.1 30 190 M M 9 1 36 190
29 40 33 37 11 28 0 0.07 M M 19.6 30 270 M M 7 1 35 270
30 37 29 33 7 32 0 0.04 M M 14.4 23 270 M M 10 128 28 270
31 36 24 30 4 35 0 0.01 M M 7.4 14 300 M M 9 1 19 310
================================================================================
SM 1044 773 1102 0 1.97 M 537.6 M 258
================================================================================
AV 33.7 24.9 17.3 FASTST M M 8 MAX(MPH)
MISC ----> # 51 210 67 230
================================================================================
NOTES:
# LAST OF SEVERAL OCCURRENCES
COLUMN 17 PEAK WIND IN M.P.H.
PRELIMINARY LOCAL CLIMATOLOGICAL DATA (WS FORM: F-6) , PAGE 2
STATION: SAINT PAUL ISLAND
MONTH: MARCH
YEAR: 2023
LATITUDE: 57 9 N
LONGITUDE: 170 13 W
[TEMPERATURE DATA] [PRECIPITATION DATA] SYMBOLS USED IN COLUMN 16
AVERAGE MONTHLY: 29.3 TOTAL FOR MONTH: 1.97 1 = FOG OR MIST
DPTR FM NORMAL: 4.2 DPTR FM NORMAL: 0.68 2 = FOG REDUCING VISIBILITY
HIGHEST: 40 ON 29 GRTST 24HR 0.50 ON 25-26 TO 1/4 MILE OR LESS
LOWEST: 10 ON 13 3 = THUNDER
SNOW, ICE PELLETS, HAIL 4 = ICE PELLETS
TOTAL MONTH: M 5 = HAIL
GRTST 24HR M ON M 6 = FREEZING RAIN OR DRIZZLE
GRTST DEPTH: M ON M 7 = DUSTSTORM OR SANDSTORM:
VSBY 1/2 MILE OR LESS
8 = SMOKE OR HAZE
[NO. OF DAYS WITH] [WEATHER - DAYS WITH] 9 = BLOWING SNOW
X = TORNADO
MAX 32 OR BELOW: 12 0.01 INCH OR MORE: 21
MAX 90 OR ABOVE: 0 0.10 INCH OR MORE: 8
MIN 32 OR BELOW: 26 0.50 INCH OR MORE: 0
MIN 0 OR BELOW: 0 1.00 INCH OR MORE: 0
[HDD (BASE 65) ]
TOTAL THIS MO. 1102 CLEAR (SCALE 0-3) 1
DPTR FM NORMAL -133 PTCLDY (SCALE 4-7) 11
TOTAL FM JUL 1 7546 CLOUDY (SCALE 8-10) 19
DPTR FM NORMAL -454
[CDD (BASE 65) ]
TOTAL THIS MO. 0
DPTR FM NORMAL 0 [PRESSURE DATA]
TOTAL FM JAN 1 0 HIGHEST SLP M ON M
DPTR FM NORMAL 0 LOWEST SLP 28.82 ON 20
[REMARKS]
#FINAL-03-23#