000
CXUS56 KMTR 080911
CF6SNS
PRELIMINARY LOCAL CLIMATOLOGICAL DATA (WS FORM: F-6)
STATION: SALINAS AIRPORT
MONTH: APRIL
YEAR: 2021
LATITUDE: 36 40 N
LONGITUDE: 121 36 W
TEMPERATURE IN F: :PCPN: SNOW: WIND :SUNSHINE: SKY :PK WND
================================================================================
1 2 3 4 5 6A 6B 7 8 9 10 11 12 13 14 15 16 17 18
12Z AVG MX 2MIN
DY MAX MIN AVG DEP HDD CDD WTR SNW DPTH SPD SPD DIR MIN PSBL S-S WX SPD DR
================================================================================
1 87 48 68 12 0 3 0.00 M M 9.7 20 140 M M 0 25 130
2 64 46 55 -1 10 0 0.00 M M 8.1 17 310 M M 4 12 22 300
3 61 49 55 -1 10 0 0.00 M M 7.2 17 310 M M 5 23 280
4 65 47 56 0 9 0 T M M 6.9 21 290 M M 2 26 290
5 62 50 56 0 9 0 0.00 M M 8.9 18 290 M M 8 24 280
6 64 50 57 1 8 0 0.00 M M 7.5 20 290 M M 7 24 300
7 65 50 58 2 7 0 0.00 M M 7.4 21 280 M M 5 25 300
8 62 49 56 0 9 0 0.00 M M 9.3 17 290 M M 3 23 300
9 61 49 55 -1 10 0 0.00 M M 10.8 20 280 M M 5 26 290
10 64 49 57 1 8 0 0.00 M M 9.8 17 290 M M 4 20 290
11 65 47 56 0 9 0 0.00 M M 8.3 17 310 M M 6 21 320
12 62 49 56 0 9 0 0.00 M M 8.1 18 320 M M 8 18 22 320
13 60 50 55 -1 10 0 0.00 M M 10.5 20 290 M M 10 25 310
14 65 46 56 -1 9 0 0.00 M M 8.5 18 310 M M 8 22 330
15 68 48 58 1 7 0 0.00 M M 7.2 21 310 M M 5 28 320
16 65 44 55 -2 10 0 0.00 M M 7.3 18 310 M M 6 22 320
17 64 50 57 0 8 0 0.00 M M 8.6 18 310 M M 4 1 22 320
18 76 46 61 4 4 0 0.00 M M 7.5 18 320 M M 5 128 22 310
19 61 50 56 -1 9 0 0.00 M M 9.6 18 320 M M 5 23 290
20 59 51 55 -2 10 0 0.02 M M 13.9 23 270 M M 10 1 31 260
21 57 51 54 -3 11 0 T M M 7.5 16 300 M M 10 1 21 300
22 60 51 56 -1 9 0 0.00 M M 7.6 16 330 M M 10 21 310
23 63 51 57 0 8 0 0.00 M M 8.5 18 310 M M 10 26 330
24 64 50 57 0 8 0 T M M 7.6 17 290 M M 5 18 21 320
25 62 51 57 0 8 0 0.02 M M 5.9 15 290 M M 9 1 18 320
26 63 44 54 -3 11 0 0.00 M M 8.0 20 290 M M 2 24 290
27 67 47 57 -1 8 0 0.00 M M 7.8 18 290 M M 0 27 290
28 81 46 64 6 1 0 0.00 M M 6.9 18 310 M M 2 12 22 310
29 75 45 60 2 5 0 0.00 M M 8.0 20 290 M M 0 26 310
30 70 47 59 1 6 0 0.00 M M 9.2 21 290 M M 3 25 270
================================================================================
SM 1962 1451 240 3 0.04 M 252.1 M 161
================================================================================
AV 65.4 48.4 8.4 FASTST M M 5 MAX(MPH)
MISC ----> 23 270 31 260
================================================================================
NOTES:
# LAST OF SEVERAL OCCURRENCES
COLUMN 17 PEAK WIND IN M.P.H.
PRELIMINARY LOCAL CLIMATOLOGICAL DATA (WS FORM: F-6) , PAGE 2
STATION: SALINAS AIRPORT
MONTH: APRIL
YEAR: 2021
LATITUDE: 36 40 N
LONGITUDE: 121 36 W
[TEMPERATURE DATA] [PRECIPITATION DATA] SYMBOLS USED IN COLUMN 16
AVERAGE MONTHLY: 56.9 TOTAL FOR MONTH: 0.04 1 = FOG OR MIST
DPTR FM NORMAL: 0.2 DPTR FM NORMAL: -0.91 2 = FOG REDUCING VISIBILITY
HIGHEST: 87 ON 1 GRTST 24HR 0.02 ON 20-20 TO 1/4 MILE OR LESS
LOWEST: 44 ON 26,16 3 = THUNDER
SNOW, ICE PELLETS, HAIL 4 = ICE PELLETS
TOTAL MONTH: M 5 = HAIL
GRTST 24HR M ON M 6 = FREEZING RAIN OR DRIZZLE
GRTST DEPTH: M ON M 7 = DUSTSTORM OR SANDSTORM:
VSBY 1/2 MILE OR LESS
8 = SMOKE OR HAZE
[NO. OF DAYS WITH] [WEATHER - DAYS WITH] 9 = BLOWING SNOW
X = TORNADO
MAX 32 OR BELOW: 0 0.01 INCH OR MORE: 2
MAX 90 OR ABOVE: 0 0.10 INCH OR MORE: 0
MIN 32 OR BELOW: 0 0.50 INCH OR MORE: 0
MIN 0 OR BELOW: 0 1.00 INCH OR MORE: 0
[HDD (BASE 65) ]
TOTAL THIS MO. 240 CLEAR (SCALE 0-3) 6
DPTR FM NORMAL -12 PTCLDY (SCALE 4-7) 16
TOTAL FM JUL 1 1965 CLOUDY (SCALE 8-10) 8
DPTR FM NORMAL -372
[CDD (BASE 65) ]
TOTAL THIS MO. 3
DPTR FM NORMAL -2 [PRESSURE DATA]
TOTAL FM JAN 1 6 HIGHEST SLP 30.52 ON 19
DPTR FM NORMAL 0 LOWEST SLP 29.87 ON 11
[REMARKS]
#FINAL-04-21#