000
CXUS55 KPIH 021634
CF6SNT
PRELIMINARY LOCAL CLIMATOLOGICAL DATA (WS FORM: F-6)
STATION: STANLEY
MONTH: OCTOBER
YEAR: 2023
LATITUDE: 44 10 N
LONGITUDE: 114 56 W
TEMPERATURE IN F: :PCPN: SNOW: WIND :SUNSHINE: SKY :PK WND
================================================================================
1 2 3 4 5 6A 6B 7 8 9 10 11 12 13 14 15 16 17 18
12Z AVG MX 2MIN
DY MAX MIN AVG DEP HDD CDD WTR SNW DPTH SPD SPD DIR MIN PSBL S-S WX SPD DR
================================================================================
1 52 34 43 -2 22 0 0.23 M M 2.8 12 130 M M 0 18 160
2 55 31 43 -2 22 0 0.01 M M 4.8 15 360 M M 0 22 10
3 52 35 44 -1 21 0 0.35 M M 1.8 8 360 M M 0 14 10
4 63 29 46 2 19 0 0.00 M M 2.1 12 330 M M 0 19 330
5 68 28 48 4 17 0 0.00 M M 2.7 9 340 M M 0 15 350
6 71 27 49 5 16 0 0.00 M M 3.3 8 30 M M 0 12 30
7 73 28 51 8 14 0 0.00 M M 2.2 7 170 M M 0 11 320
8 73 27 50 7 15 0 0.00 M M 2.5 9 200 M M 0 14 230
9 74 26 50 7 15 0 0.00 M M 3.1 15 190 M M 0 24 180
10 56 34 45 3 20 0 0.03 M M 3.6 18 180 M M 0 31 190
11 47 30 39 -3 26 0 0.16 M M 4.2 16 350 M M 0 27 340
12 55 26 41 0 24 0 0.00 M M 3.0 10 50 M M 0 20 340
13 54 26 40 -1 25 0 0.00 M M 3.9 15 130 M M 0 26 170
14 55 32 44 3 21 0 0.00 M M 2.8 8 120 M M 0 14 130
15 67 31 49 9 16 0 0.00 M M 2.3 8 210 M M 0 12 210
16 72 28 50 10 15 0 0.00 M M 2.0 13 190 M M 0 20 190
17 63 34 49 9 16 0 0.00 M M 4.2 15 340 M M 0 27 320
18 71 26 49 10 16 0 0.00 M M 2.3 7 180 M M 0 10 20
19 73 25 49 10 16 0 0.00 M M 2.6 8 200 M M 0 14 160
20 73 25 49 11 16 0 0.00 M M 2.4 8 140 M M 0 12 120
21 70 25 48 10 17 0 0.00 M M 2.7 12 330 M M 0 20 360
22 59 26 43 5 22 0 0.03 M M 2.2 9 80 M M 0 13 90
23 60 28 44 7 21 0 0.00 M M 3.2 18 310 M M 0 35 320
24 55 20 38 1 27 0 0.01 M M 3.6 20 180 M M 0 35 190
25 41 27 34 -2 31 0 0.50 M M 4.6 13 160 M M 0 24 140
26 31 22 27 -9 38 0 0.05 M M 2.6 12 330 M M 0 22 350
27 35 20 28 -7 37 0 0.02 M M 3.9 12 350 M M 0 20 210
28 32 9 21 -14 44 0 0.00 M M 3.0 9 330 M M 0 14 310
29 36 1 19 -15 46 0 0.00 M M 2.4 6 180 M M 0 9 330
30 43 6 25 -9 40 0 0.00 M M 1.7 8 180 M M 0 10 330
31 51 10 31 -3 34 0 0.00 M M 1.6 7 170 M M 0 11 360
================================================================================
SM 1780 776 729 0 1.39 M 90.1 M 0
================================================================================
AV 57.4 25.0 2.9 FASTST M M 0 MAX(MPH)
MISC ----> 20 180 # 35 320
================================================================================
NOTES:
# LAST OF SEVERAL OCCURRENCES
COLUMN 17 PEAK WIND IN M.P.H.
PRELIMINARY LOCAL CLIMATOLOGICAL DATA (WS FORM: F-6) , PAGE 2
STATION: STANLEY
MONTH: OCTOBER
YEAR: 2023
LATITUDE: 44 10 N
LONGITUDE: 114 56 W
[TEMPERATURE DATA] [PRECIPITATION DATA] SYMBOLS USED IN COLUMN 16
AVERAGE MONTHLY: 41.2 TOTAL FOR MONTH: 1.39 1 = FOG OR MIST
DPTR FM NORMAL: 1.5 DPTR FM NORMAL: -0.20 2 = FOG REDUCING VISIBILITY
HIGHEST: 74 ON 9 GRTST 24HR 0.51 ON 24-25 TO 1/4 MILE OR LESS
LOWEST: 1 ON 29 3 = THUNDER
SNOW, ICE PELLETS, HAIL 4 = ICE PELLETS
TOTAL MONTH: M 5 = HAIL
GRTST 24HR M ON M 6 = FREEZING RAIN OR DRIZZLE
GRTST DEPTH: M ON M 7 = DUSTSTORM OR SANDSTORM:
VSBY 1/2 MILE OR LESS
8 = SMOKE OR HAZE
[NO. OF DAYS WITH] [WEATHER - DAYS WITH] 9 = BLOWING SNOW
X = TORNADO
MAX 32 OR BELOW: 2 0.01 INCH OR MORE: 10
MAX 90 OR ABOVE: 0 0.10 INCH OR MORE: 4
MIN 32 OR BELOW: 27 0.50 INCH OR MORE: 1
MIN 0 OR BELOW: 0 1.00 INCH OR MORE: 0
[HDD (BASE 65) ]
TOTAL THIS MO. 729 CLEAR (SCALE 0-3) 31
DPTR FM NORMAL -54 PTCLDY (SCALE 4-7) 0
TOTAL FM JUL 1 1455 CLOUDY (SCALE 8-10) 0
DPTR FM NORMAL -164
[CDD (BASE 65) ]
TOTAL THIS MO. 0
DPTR FM NORMAL 0 [PRESSURE DATA]
TOTAL FM JAN 1 13 HIGHEST SLP 30.63 ON 29
DPTR FM NORMAL 0 LOWEST SLP 29.47 ON 11
[REMARKS]
3RD: RAINFALL OF 0.35 BREAKS PREVIOUS RECORD OF 0.31 SET IN 2016.
20TH: HIGH TEMPERATURE OF 73 BREAKS PREVIOUS RECORD OF 72 SET IN 1921.
#FINAL-10-23#