000
CXUS55 KCYS 022219 CCA
CF6SNY
PRELIMINARY LOCAL CLIMATOLOGICAL DATA (WS FORM: F-6)...CORRECTED
STATION: SIDNEY NEBRASKA AIRPORT
MONTH: FEBRUARY
YEAR: 2023
LATITUDE: 41 5 N
LONGITUDE: 102 59 W
TEMPERATURE IN F: :PCPN: SNOW: WIND :SUNSHINE: SKY :PK WND
================================================================================
1 2 3 4 5 6A 6B 7 8 9 10 11 12 13 14 15 16 17 18
12Z AVG MX 2MIN
DY MAX MIN AVG DEP HDD CDD WTR SNW DPTH SPD SPD DIR MIN PSBL S-S WX SPD DR
================================================================================
1 32 -3 15 -13 50 0 0.00 M M 11.6 18 280 M M 0 22 300
2 35 9 22 -6 43 0 0.00 M M 11.0 18 220 M M 0 18 24 310
3 39 10 25 -3 40 0 0.00 M M 11.6 22 270 M M 0 26 270
4 40 26 33 5 32 0 0.00 M M 15.2 28 310 M M 0 34 320
5 38 20 29 1 36 0 0.00 M M 12.5 29 170 M M 0 34 180
6 36 19 28 0 37 0 T M M 18.0 33 300 M M 2 1 41 300
7 38 14 26 -2 39 0 0.00 M M 12.3 20 280 M M 0 24 280
8 40 12 26 -2 39 0 T M M 14.1 29 340 M M 1 1 37 340
9 30 5 18 -10 47 0 T M M 20.8 33 340 M M 7 12 43 340
10 32 2 17 -11 48 0 0.00 M M 11.3 24 220 M M 0 32 220
11 42 13 28 0 37 0 0.00 M M 7.4 20 320 M M 0 18 23 320
12 40 23 32 4 33 0 0.00 M M 11.9 21 340 M M 0 26 340
13 40 18 29 0 36 0 0.00 M M 7.4 16 180 M M 1 19 180
14 39 21 30 1 35 0 0.00 M M 23.0 43 310 M M 4 54 320
15 25 14 20 -9 45 0 T M M 19.7 30 350 M M 10 18 38 350
16 28 7 18 -11 47 0 0.00 M M 14.1 22 320 M M 2 25 330
17 43 8 26 -3 39 0 0.00 M M 9.0 15 260 M M 0 19 270
18 42 25 34 4 31 0 0.00 M M 8.9 18 330 M M 0 25 300
19 41 27 34 4 31 0 0.00 M M 17.4 33 310 M M 2 41 300
20 49 27 38 8 27 0 0.00 M M 16.9 37 290 M M 1 47 290
21 41 10 26 -4 39 0 0.01 M M 10.4 31 30 M M 4 1 39 20
22 10 -8 1 -29 64 0 0.02 M M 21.3 32 10 M M 10 189 47 360
23 5 -11 -3 -34 68 0 T M M 9.8 26 330 M M 2 8 32 330
24 20 -3 9 -22 56 0 0.00 M M 14.3 25 160 M M 6 18 30 160
25 46 13 30 -1 35 0 0.00 M M 8.1 18 220 M M 0 22 210
26 44 23 34 2 31 0 0.00 M M 10.6 32 310 M M 1 1 42 310
27 46 29 38 6 27 0 0.00 M M 16.0 35 300 M M 1 47 300
28 46 28 37 5 28 0 0.00 M M 18.8 48 280 M M 1 60 280
================================================================================
SM 1007 378 1120 0 0.03 M 383.4 M 55
================================================================================
AV 36.0 13.5 13.7 FASTST M M 2 MAX(MPH)
MISC ----> 48 280 60 280
================================================================================
NOTES:
# LAST OF SEVERAL OCCURRENCES
COLUMN 17 PEAK WIND IN M.P.H.
PRELIMINARY LOCAL CLIMATOLOGICAL DATA (WS FORM: F-6) , PAGE 2
STATION: SIDNEY NEBRASKA AIRPORT
MONTH: FEBRUARY
YEAR: 2023
LATITUDE: 41 5 N
LONGITUDE: 102 59 W
[TEMPERATURE DATA] [PRECIPITATION DATA] SYMBOLS USED IN COLUMN 16
AVERAGE MONTHLY: 24.7 TOTAL FOR MONTH: 0.03 1 = FOG OR MIST
DPTR FM NORMAL: -4.6 DPTR FM NORMAL: -0.19 2 = FOG REDUCING VISIBILITY
HIGHEST: 49 ON 20 GRTST 24HR 0.03 ON 21-22 TO 1/4 MILE OR LESS
LOWEST: -11 ON 23 3 = THUNDER
SNOW, ICE PELLETS, HAIL 4 = ICE PELLETS
TOTAL MONTH: M 5 = HAIL
GRTST 24HR M ON M 6 = FREEZING RAIN OR DRIZZLE
GRTST DEPTH: M ON M 7 = DUSTSTORM OR SANDSTORM:
VSBY 1/2 MILE OR LESS
8 = SMOKE OR HAZE
[NO. OF DAYS WITH] [WEATHER - DAYS WITH] 9 = BLOWING SNOW
X = TORNADO
MAX 32 OR BELOW: 8 0.01 INCH OR MORE: 2
MAX 90 OR ABOVE: 0 0.10 INCH OR MORE: 0
MIN 32 OR BELOW: 28 0.50 INCH OR MORE: 0
MIN 0 OR BELOW: 4 1.00 INCH OR MORE: 0
[HDD (BASE 65) ]
TOTAL THIS MO. 1120 CLEAR (SCALE 0-3) 22
DPTR FM NORMAL 122 PTCLDY (SCALE 4-7) 4
TOTAL FM JUL 1 5244 CLOUDY (SCALE 8-10) 2
DPTR FM NORMAL 370
[CDD (BASE 65) ]
TOTAL THIS MO. 0
DPTR FM NORMAL 0 [PRESSURE DATA]
TOTAL FM JAN 1 0 HIGHEST SLP 30.61 ON 9
DPTR FM NORMAL 0 LOWEST SLP 29.22 ON 14
[REMARKS]
#FINAL-02-23#
FEBRUARY 22...TIED RECORD LOW TEMPERATURE -8F (PREVIOUS -8F IN 2010)
FEBRUARY 23...TIED RECORD LOW TEMPERATURE -11F (PREVIOUS -11F IN 2022)