000
CXUS55 KCYS 020329
CF6SNY
PRELIMINARY LOCAL CLIMATOLOGICAL DATA (WS FORM: F-6) ...CORRECTED...
STATION: SIDNEY NEBRASKA AIRPORT
MONTH: APRIL
YEAR: 2021
LATITUDE: 41 5 N
LONGITUDE: 102 59 W
TEMPERATURE IN F: :PCPN: SNOW: WIND :SUNSHINE: SKY :PK WND
================================================================================
1 2 3 4 5 6A 6B 7 8 9 10 11 12 13 14 15 16 17 18
12Z AVG MX 2MIN
DY MAX MIN AVG DEP HDD CDD WTR SNW DPTH SPD SPD DIR MIN PSBL S-S WX SPD DR
================================================================================
1 66 20 43 0 22 0 0.00 M M 13.8 31 220 M M 0 38 220
2 76 24 50 7 15 0 0.00 M M 11.5 30 300 M M 0 38 290
3 81 25 53 10 12 0 0.00 M M 9.6 25 310 M M 0 35 310
4 83 30 57 13 8 0 0.00 M M 7.7 18 290 M M 0 24 300
5 84 35 60 16 5 0 0.00 M M 11.5 25 40 M M 0 33 240
6 54 32 43 -1 22 0 0.00 M M 23.5 38 340 M M 8 48 340
7 57 24 41 -3 24 0 T M M 21.6 35 340 M M 5 1 45 330
8 69 24 47 2 18 0 0.00 M M 14.3 30 340 M M 0 45 310
9 52 19 36 -9 29 0 0.00 M M 23.8 41 340 M M 3 53 330
10 69 15 42 -3 23 0 0.00 M M 9.4 18 230 M M 0 25 360
11 53 33 43 -3 22 0 0.00 M M 22.8 37 340 M M 2 49 360
12 49 25 37 -9 28 0 0.00 M M 13.8 26 340 M M 5 32 340
13 48 28 38 -8 27 0 0.00 M M 12.0 23 330 M M 6 28 330
14 40 25 33 -14 32 0 T M M 9.3 16 90 M M 10 1 22 70
15 34 30 32 -15 33 0 0.20 M M 13.9 23 110 M M 10 126 29 110
16 34 29 32 -16 33 0 0.02 M M 13.5 21 340 M M 9 18 24 340
17 45 24 35 -13 30 0 T M M 10.3 21 330 M M 6 1 30 340
18 62 24 43 -5 22 0 0.00 M M 12.8 25 340 M M 2 33 330
19 36 19 28 -21 37 0 T M M 13.4 23 20 M M 8 18 29 40
20 39 15 27 -22 38 0 T M M 16.6 30 330 M M 3 40 320
21 41 12 27 -22 38 0 0.00 M M 7.1 17 190 M M 5 22 190
22 58 30 44 -6 21 0 0.00 M M 11.3 28 150 M M 4 37 160
23 62 25 44 -6 21 0 T M M 9.6 37 310 M M 3 47 310
24 56 19 38 -12 27 0 0.00 M M 11.4 24 140 M M 3 1 30 140
25 78 28 53 2 12 0 0.00 M M 12.1 24 170 M M 0 1 35 160
26 77 39 58 7 7 0 T M M 9.7 25 40 M M 0 29 30
27 55 44 50 -2 15 0 0.28 M M 16.8 29 360 M M 9 138 41 10
28 65 34 50 -2 15 0 0.04 M M 11.3 23 20 M M 6 1 33 360
29 72 34 53 1 12 0 0.00 M M 9.2 17 350 M M 0 8 22 330
30 80 41 61 8 4 0 0.00 M M 9.2 15 220 M M 0 20 210
================================================================================
SM 1775 806 652 0 0.54 M 392.8 M 107
================================================================================
AV 59.2 26.9 13.1 FASTST M M 4 MAX(MPH)
MISC ----> 41 340 53 330
================================================================================
NOTES:
# LAST OF SEVERAL OCCURRENCES
COLUMN 17 PEAK WIND IN M.P.H.
PRELIMINARY LOCAL CLIMATOLOGICAL DATA (WS FORM: F-6) , PAGE 2
STATION: SIDNEY NEBRASKA AIRPORT
MONTH: APRIL
YEAR: 2021
LATITUDE: 41 5 N
LONGITUDE: 102 59 W
[TEMPERATURE DATA] [PRECIPITATION DATA] SYMBOLS USED IN COLUMN 16
AVERAGE MONTHLY: 43.0 TOTAL FOR MONTH: 0.54 1 = FOG OR MIST
DPTR FM NORMAL: -4.4 DPTR FM NORMAL: -1.51 2 = FOG REDUCING VISIBILITY
HIGHEST: 84 ON 5 GRTST 24HR 0.28 ON 27-27 TO 1/4 MILE OR LESS
LOWEST: 12 ON 21 3 = THUNDER
SNOW, ICE PELLETS, HAIL 4 = ICE PELLETS
TOTAL MONTH: M 5 = HAIL
GRTST 24HR M ON M 6 = FREEZING RAIN OR DRIZZLE
GRTST DEPTH: M ON M 7 = DUSTSTORM OR SANDSTORM:
VSBY 1/2 MILE OR LESS
8 = SMOKE OR HAZE
[NO. OF DAYS WITH] [WEATHER - DAYS WITH] 9 = BLOWING SNOW
X = TORNADO
MAX 32 OR BELOW: 0 0.01 INCH OR MORE: 4
MAX 90 OR ABOVE: 0 0.10 INCH OR MORE: 2
MIN 32 OR BELOW: 23 0.50 INCH OR MORE: 0
MIN 0 OR BELOW: 0 1.00 INCH OR MORE: 0
[HDD (BASE 65) ]
TOTAL THIS MO. 652 CLEAR (SCALE 0-3) 16
DPTR FM NORMAL 125 PTCLDY (SCALE 4-7) 10
TOTAL FM JUL 1 6444 CLOUDY (SCALE 8-10) 4
DPTR FM NORMAL 530
[CDD (BASE 65) ]
TOTAL THIS MO. 0
DPTR FM NORMAL -1 [PRESSURE DATA]
TOTAL FM JAN 1 0 HIGHEST SLP 30.46 ON 1
DPTR FM NORMAL -1 LOWEST SLP 29.38 ON 26
[REMARKS]
APRIL 3RD...RECORD HIGH 81 DEGREES (PREVIOUS 77 DEGREES IN 1981)
APRIL 4TH...RECORD HIGH 83 DEGREES (PREVIOUS 78 DEGREES IN 2000)
APRIL 5TH...RECORD HIGH 84 DEGREES (PREVIOUS 79 DEGREES IN 2013)
APRIL 21ST...RECORD LOW 12 DEGREES (PREVIOUS 13 DEGREES IN 1982)
MONTHLY PRECIPITATION 0.54" WAS 9TH DRIEST FOR APRIL
#FINAL-04-21#