000
CXUS56 KPQR 011201
CF6SPB
PRELIMINARY LOCAL CLIMATOLOGICAL DATA (WS FORM: F-6)
STATION: SCAPPOOSE OR
MONTH: AUGUST
YEAR: 2023
LATITUDE: 45 46 N
LONGITUDE: 122 50 W
TEMPERATURE IN F: :PCPN: SNOW: WIND :SUNSHINE: SKY :PK WND
================================================================================
1 2 3 4 5 6A 6B 7 8 9 10 11 12 13 14 15 16 17 18
12Z AVG MX 2MIN
DY MAX MIN AVG DEP HDD CDD WTR SNW DPTH SPD SPD DIR MIN PSBL S-S WX SPD DR
================================================================================
1 88 53 71 2 0 6 0.00 M M 6.0 15 360 M M 0 20 30
2 91 54 73 4 0 8 0.00 M M 6.1 16 340 M M 0 23 360
3 89 59 74 5 0 9 0.00 M M 6.8 18 360 M M 0 26 360
4 87 57 72 3 0 7 T M M 5.5 13 360 M M 0 18 360
5 87 68 78 9 0 13 0.00 M M 7.0 17 360 M M 6 23 320
6 82 64 73 4 0 8 0.03 M M 4.7 12 300 M M 4 18 310
7 84 63 74 5 0 9 0.00 M M 5.7 16 360 M M 4 21 320
8 87 58 73 4 0 8 0.00 M M 6.1 15 10 M M 1 19 10
9 82 57 70 1 0 5 T M M 4.2 14 320 M M 6 18 320
10 78 54 66 -3 0 1 0.00 M M 5.3 15 10 M M 5 20 10
11 87 53 70 1 0 5 0.00 M M 6.2 16 10 M M 0 22 360
12 90 63 77 8 0 12 0.00 M M 9.3 17 360 M M 0 23 360
13 101 69 85 16 0 20 0.00 M M 8.3 14 340 M M 0 20 360
14 106 65 86 17 0 21 0.00 M M 7.3 18 360 M M 0 24 10
15 100 67 84 16 0 19 0.00 M M 3.3 8 80 M M 0 11 150
16 103 62 83 15 0 18 0.00 M M 3.3 9 20 M M 0 13 340
17 91 62 77 9 0 12 0.00 M M 4.2 15 330 M M 0 22 330
18 83 56 70 2 0 5 0.00 M M 7.1 15 280 M M 0 23 290
19 89 55 72 4 0 7 0.00 M M 9.5 16 360 M M 1 24 360
20 88 63 76 8 0 11 T M M 8.7 17 360 M M 8 8 23 360
21 M 55 M M M M 0.00 M M 7.8 16 320 M M 3 25 320
22 86 53 70 2 0 5 0.00 M M 2.9 10 140 M M 5 13 140
23 81 54 68 0 0 3 0.00 M M 4.9 14 10 M M 2 8 23 10
24 94 58 76 9 0 11 0.00 M M 5.8 12 340 M M 0 3 16 340
25 96 62 79 12 0 14 0.06 M M 4.8 12 340 M M 1 3 16 330
26 97 63 80 13 0 15 0.00 M M 5.1 10 20 M M 0 14 290
27 87 59 73 6 0 8 0.00 M M 4.8 13 360 M M 1 18 360
28 71 65 68 1 0 3 0.00 M M 4.9 12 360 M M 10 13 340
29 73 58 66 -1 0 1 0.06 M M 2.6 14 10 M M 9 18 19 20
30 78 55 67 0 0 2 T M M 2.8 12 100 M M 7 14 20
31 65 59 62 -4 3 0 0.68 M M 3.3 9 140 M M 9 1 12 120
================================================================================
SM 2621 1843 3 266 0.83 M 174.3 M 82
================================================================================
AV 87.4 59.5 5.6 FASTST M M 3 MAX(MPH)
MISC ----> # 18 360 26 360
================================================================================
NOTES:
# LAST OF SEVERAL OCCURRENCES
COLUMN 17 PEAK WIND IN M.P.H.
PRELIMINARY LOCAL CLIMATOLOGICAL DATA (WS FORM: F-6) , PAGE 2
STATION: SCAPPOOSE OR
MONTH: AUGUST
YEAR: 2023
LATITUDE: 45 46 N
LONGITUDE: 122 50 W
[TEMPERATURE DATA] [PRECIPITATION DATA] SYMBOLS USED IN COLUMN 16
AVERAGE MONTHLY: 73.4 TOTAL FOR MONTH: 0.83 1 = FOG OR MIST
DPTR FM NORMAL: 5.2 DPTR FM NORMAL: 0.31 2 = FOG REDUCING VISIBILITY
HIGHEST: 106 ON 14 GRTST 24HR 0.68 ON 31-31 TO 1/4 MILE OR LESS
LOWEST: 53 ON 22,11 3 = THUNDER
SNOW, ICE PELLETS, HAIL 4 = ICE PELLETS
TOTAL MONTH: M 5 = HAIL
GRTST 24HR M ON M 6 = FREEZING RAIN OR DRIZZLE
GRTST DEPTH: M ON M 7 = DUSTSTORM OR SANDSTORM:
VSBY 1/2 MILE OR LESS
8 = SMOKE OR HAZE
[NO. OF DAYS WITH] [WEATHER - DAYS WITH] 9 = BLOWING SNOW
X = TORNADO
MAX 32 OR BELOW: 0 0.01 INCH OR MORE: 4
MAX 90 OR ABOVE: 10 0.10 INCH OR MORE: 1
MIN 32 OR BELOW: 0 0.50 INCH OR MORE: 1
MIN 0 OR BELOW: 0 1.00 INCH OR MORE: 0
[HDD (BASE 65) ]
TOTAL THIS MO. 3 CLEAR (SCALE 0-3) 20
DPTR FM NORMAL -22 PTCLDY (SCALE 4-7) 7
TOTAL FM JUL 1 7 CLOUDY (SCALE 8-10) 4
DPTR FM NORMAL -47
[CDD (BASE 65) ]
TOTAL THIS MO. 266
DPTR FM NORMAL 142 [PRESSURE DATA]
TOTAL FM JAN 1 575 HIGHEST SLP 30.22 ON 6
DPTR FM NORMAL 288 LOWEST SLP 29.72 ON 17
[REMARKS]
#FINAL-08-23#