000
CXUS55 KPUB 011658
CF6SPD
PRELIMINARY LOCAL CLIMATOLOGICAL DATA (WS FORM: F-6)
STATION: SPRINGFIELD CO
MONTH: AUGUST
YEAR: 2020
LATITUDE: 37 16 N
LONGITUDE: 102 37 W
TEMPERATURE IN F: :PCPN: SNOW: WIND :SUNSHINE: SKY :PK WND
================================================================================
1 2 3 4 5 6A 6B 7 8 9 10 11 12 13 14 15 16 17 18
12Z AVG MX 2MIN
DY MAX MIN AVG DEP HDD CDD WTR SNW DPTH SPD SPD DIR MIN PSBL S-S WX SPD DR
================================================================================
1 91 57 74 -2 0 9 0.00 M M 9.2 28 290 M M 0 39 290
2 87 55 71 -5 0 6 0.00 M M 8.8 30 100 M M 0 30 120
3 87 56 72 -4 0 7 0.05 M M 14.0 25 140 M M 0 32 140
4 94 59 77 1 0 12 0.03 M M 16.1 43 50 M M 0 53 40
5 90 61 76 0 0 11 0.14 M M 16.2 31 150 M M 0 41 150
6 94 64 79 3 0 14 0.00 M M 12.4 28 170 M M 0 36 170
7 103 56 80 4 0 15 0.68 M M 12.0 37 300 M M 0 50 320
8 101 62 82 7 0 17 0.00 M M 11.5 23 330 M M 0 33 290
9 100 61 81 6 0 16 0.00 M M 10.8 31 180 M M 0 39 200
10 94 62 78 3 0 13 0.00 M M 11.5 20 110 M M 0 29 40
11 96 59 78 3 0 13 0.00 M M 12.8 31 150 M M 0 40 80
12 97 59 78 3 0 13 0.00 M M 10.7 22 170 M M 0 28 170
13 96 65 81 6 0 16 0.00 M M 9.2 22 20 M M 0 27 20
14 103 62 83 8 0 18 0.00 M M 10.8 45 30 M M 0 57 30
15 93 58 76 1 0 11 0.00 M M 9.4 22 130 M M 0 27 130
16 95 63 79 5 0 14 0.00 M M 12.9 37 80 M M 0 46 80
17 91 59 75 1 0 10 0.00 M M 10.4 21 130 M M 0 26 70
18 97 59 78 4 0 13 0.01 M M 14.0 24 180 M M 0 33 150
19 94 64 79 5 0 14 0.90 M M 13.5 29 360 M M 0 3 38 360
20 90 61 76 2 0 11 0.12 M M 10.5 35 320 M M 0 45 310
21 90 62 76 2 0 11 0.00 0.0 M 5.8 16 240 M M 0 25 240
22 95 61 78 4 0 13 0.00 0.0 M 7.9 23 140 M M 0 30 130
23 98 67 83 10 0 18 0.00 0.0 M 13.1 30 160 M M 0 44 170
24 96 66 81 8 0 16 0.00 0.0 M 17.9 29 170 M M 0 41 170
25 95 64 80 7 0 15 0.00 0.0 M 17.6 26 170 M M 0 35 180
26 97 63 80 7 0 15 0.00 0.0 M 13.9 22 200 M M 0 31 200
27 99 64 82 10 0 17 0.00 M M 7.9 17 300 M M 0 25 290
28 99 62 81 9 0 16 0.60 M M 15.9 45 270 M M 0 64 280
29 75 59 67 -5 0 2 0.13 M M 7.1 21 170 M M 0 28 160
30 91 58 75 3 0 10 0.00 M M 6.1 15 300 M M 0 23 300
31 78 53 66 -6 0 1 0.00 0.0 0 14.3 29 360 M M 0 48 360
================================================================================
SM 2906 1881 0 387 2.66 0.0 364.2 M 0
================================================================================
AV 93.7 60.7 11.7 FASTST M M 0 MAX(MPH)
MISC ----> # 45 30 64 280
================================================================================
NOTES:
# LAST OF SEVERAL OCCURRENCES
COLUMN 17 PEAK WIND IN M.P.H.
PRELIMINARY LOCAL CLIMATOLOGICAL DATA (WS FORM: F-6) , PAGE 2
STATION: SPRINGFIELD CO
MONTH: AUGUST
YEAR: 2020
LATITUDE: 37 16 N
LONGITUDE: 102 37 W
[TEMPERATURE DATA] [PRECIPITATION DATA] SYMBOLS USED IN COLUMN 16
AVERAGE MONTHLY: 77.2 TOTAL FOR MONTH: 2.66 1 = FOG OR MIST
DPTR FM NORMAL: 3.0 DPTR FM NORMAL: -0.18 2 = FOG REDUCING VISIBILITY
HIGHEST: 103 ON 7,14 GRTST 24HR 1.02 ON 19-20 TO 1/4 MILE OR LESS
LOWEST: 53 ON 31 3 = THUNDER
SNOW, ICE PELLETS, HAIL 4 = ICE PELLETS
TOTAL MONTH: 0.0 INCH 5 = HAIL
GRTST 24HR 0.0 6 = FREEZING RAIN OR DRIZZLE
GRTST DEPTH: 0 7 = DUSTSTORM OR SANDSTORM:
VSBY 1/2 MILE OR LESS
8 = SMOKE OR HAZE
[NO. OF DAYS WITH] [WEATHER - DAYS WITH] 9 = BLOWING SNOW
X = TORNADO
MAX 32 OR BELOW: 0 0.01 INCH OR MORE: 9
MAX 90 OR ABOVE: 27 0.10 INCH OR MORE: 6
MIN 32 OR BELOW: 0 0.50 INCH OR MORE: 3
MIN 0 OR BELOW: 0 1.00 INCH OR MORE: 0
[HDD (BASE 65) ]
TOTAL THIS MO. 0 CLEAR (SCALE 0-3) 31
DPTR FM NORMAL -5 PTCLDY (SCALE 4-7) 0
TOTAL FM JUL 1 0 CLOUDY (SCALE 8-10) 0
DPTR FM NORMAL -3
[CDD (BASE 65) ]
TOTAL THIS MO. 387
DPTR FM NORMAL 97 [PRESSURE DATA]
TOTAL FM JAN 1 1270 HIGHEST SLP M ON M
DPTR FM NORMAL 369 LOWEST SLP 29.60 ON 30
[REMARKS]
#FINAL-08-20#