000
CXUS52 KTBW 071301
CF6SRQ
PRELIMINARY LOCAL CLIMATOLOGICAL DATA (WS FORM: F-6)
STATION: SARASOTA BRADENTON
MONTH: DECEMBER
YEAR: 2021
LATITUDE: 27 23 N
LONGITUDE: 82 33 W
TEMPERATURE IN F: :PCPN: SNOW: WIND :SUNSHINE: SKY :PK WND
================================================================================
1 2 3 4 5 6A 6B 7 8 9 10 11 12 13 14 15 16 17 18
12Z AVG MX 2MIN
DY MAX MIN AVG DEP HDD CDD WTR SNW DPTH SPD SPD DIR MIN PSBL S-S WX SPD DR
================================================================================
1 78 52 65 -2 0 0 0.00 0.0 0 5.7 13 110 M M 1 15 100
2 76 55 66 -1 0 1 0.00 0.0 0 4.9 16 340 M M 1 1 20 330
3 78 51 65 -2 0 0 0.00 0.0 0 3.5 15 10 M M 2 12 20 20
4 76 50 63 -4 2 0 0.00 0.0 0 3.6 10 290 M M 0 12 16 260
5 79 58 69 2 0 4 0.00 0.0 0 5.4 10 270 M M 3 13 80
6 77 59 68 1 0 3 0.00 0.0 0 3.4 10 230 M M 3 12 13 210
7 79 60 70 4 0 5 0.00 0.0 0 2.8 10 260 M M 5 12 16 230
8 77 60 69 3 0 4 0.00 0.0 0 7.9 23 300 M M 2 12 27 310
9 81 65 73 7 0 8 0.00 0.0 0 3.1 10 240 M M 4 12 13 360
10 82 65 74 8 0 9 0.00 0.0 0 5.0 10 110 M M 3 12 15 150
11 82 65 74 8 0 9 0.00 0.0 0 6.9 16 190 M M 1 12 20 190
12 80 64 72 6 0 7 0.00 0.0 0 5.0 12 280 M M 1 16 280
13 85 68 77 11 0 12 0.00 0.0 0 7.5 13 340 M M 4 18 330
14 81 67 74 8 0 9 0.00 0.0 0 8.7 13 70 M M 5 1 17 40
15 84 67 76 11 0 11 0.00 0.0 0 9.4 17 80 M M 5 22 60
16 84 66 75 10 0 10 0.00 0.0 0 7.9 18 130 M M 2 23 140
17 84 66 75 10 0 10 0.00 0.0 0 8.7 16 100 M M 0 21 110
18 84 68 76 11 0 11 0.00 0.0 0 8.5 15 200 M M 1 19 200
19 79 67 73 8 0 8 0.00 0.0 0 5.4 14 210 M M 4 1 17 190
20 76 65 71 6 0 6 0.00 0.0 0 8.4 17 60 M M 6 24 40
21 74 63 69 5 0 4 0.92 0.0 0 13.8 29 20 M M 9 13 45 20
22 67 51 59 -5 6 0 0.00 0.0 0 9.8 22 330 M M 3 28 320
23 69 49 59 -5 6 0 0.00 0.0 0 4.8 12 340 M M 0 16 340
24 76 51 64 0 1 0 0.00 0.0 0 5.1 13 140 M M 0 15 150
25 75 53 64 0 1 0 0.00 0.0 0 3.1 10 210 M M 0 13 210
26 77 55 66 2 0 1 0.00 0.0 0 3.3 12 280 M M 0 1 29 340
27 76 55 66 2 0 1 0.00 0.0 0 2.6 9 270 M M 0 1 12 210
28 80 57 69 5 0 4 0.00 0.0 0 6.3 17 190 M M 1 1 20 200
29 79 62 71 8 0 6 0.00 0.0 0 9.3 20 180 M M 1 25 180
30 77 64 71 8 0 6 0.00 0.0 0 7.0 15 220 M M 6 12 19 210
31 80 69 75 12 0 10 0.00 0.0 0 5.6 15 210 M M 7 12 19 170
================================================================================
SM 2432 1867 16 159 0.92 0.0 192.4 M 80
================================================================================
AV 78.5 60.2 6.2 FASTST M M 3 MAX(MPH)
MISC ----> 29 20 45 20
================================================================================
NOTES:
# LAST OF SEVERAL OCCURRENCES
COLUMN 17 PEAK WIND IN M.P.H.
PRELIMINARY LOCAL CLIMATOLOGICAL DATA (WS FORM: F-6) , PAGE 2
STATION: SARASOTA BRADENTON
MONTH: DECEMBER
YEAR: 2021
LATITUDE: 27 23 N
LONGITUDE: 82 33 W
[TEMPERATURE DATA] [PRECIPITATION DATA] SYMBOLS USED IN COLUMN 16
AVERAGE MONTHLY: 69.3 TOTAL FOR MONTH: 0.92 1 = FOG OR MIST
DPTR FM NORMAL: 4.1 DPTR FM NORMAL: -1.41 2 = FOG REDUCING VISIBILITY
HIGHEST: 85 ON 13 GRTST 24HR 0.92 ON 21-21 TO 1/4 MILE OR LESS
LOWEST: 49 ON 23 3 = THUNDER
SNOW, ICE PELLETS, HAIL 4 = ICE PELLETS
TOTAL MONTH: 0.0 INCH 5 = HAIL
GRTST 24HR 0.0 6 = FREEZING RAIN OR DRIZZLE
GRTST DEPTH: 0 7 = DUSTSTORM OR SANDSTORM:
VSBY 1/2 MILE OR LESS
8 = SMOKE OR HAZE
[NO. OF DAYS WITH] [WEATHER - DAYS WITH] 9 = BLOWING SNOW
X = TORNADO
MAX 32 OR BELOW: 0 0.01 INCH OR MORE: 1
MAX 90 OR ABOVE: 0 0.10 INCH OR MORE: 1
MIN 32 OR BELOW: 0 0.50 INCH OR MORE: 1
MIN 0 OR BELOW: 0 1.00 INCH OR MORE: 0
[HDD (BASE 65) ]
TOTAL THIS MO. 16 CLEAR (SCALE 0-3) 20
DPTR FM NORMAL -80 PTCLDY (SCALE 4-7) 10
TOTAL FM JUL 1 52 CLOUDY (SCALE 8-10) 1
DPTR FM NORMAL -71
[CDD (BASE 65) ]
TOTAL THIS MO. 159
DPTR FM NORMAL 57 [PRESSURE DATA]
TOTAL FM JAN 1 3905 HIGHEST SLP 30.32 ON 14
DPTR FM NORMAL 184 LOWEST SLP 29.57 ON 21
[REMARKS]
#FINAL-12-21#