000
CXUS54 KEPZ 221306
CF6SRR
PRELIMINARY LOCAL CLIMATOLOGICAL DATA (WS FORM: F-6)
STATION: RUIDOSO AWOS
MONTH: OCTOBER
YEAR: 2022
LATITUDE: 33 28 N
LONGITUDE: 105 32 W
TEMPERATURE IN F: :PCPN: SNOW: WIND :SUNSHINE: SKY :PK WND
================================================================================
1 2 3 4 5 6A 6B 7 8 9 10 11 12 13 14 15 16 17 18
12Z AVG MX 2MIN
DY MAX MIN AVG DEP HDD CDD WTR SNW DPTH SPD SPD DIR MIN PSBL S-S WX SPD DR
================================================================================
1 70 52 61 M 4 0 0.03 M M 6.1 28 220 M M 0 33 220
2 68 50 59 M 6 0 0.00 M M 7.3 16 110 M M 0 24 110
3 64 48 56 M 9 0 0.00 M M 5.0 12 280 M M 0 17 180
4 66 48 57 M 8 0 0.14 M M 3.6 10 140 M M 0 16 150
5 55 46 51 M 14 0 0.23 M M 4.3 13 120 M M 0 1 M M
6 50 46 48 M 17 0 0.89 M M 4.2 10 150 M M 0 12 M M
7 55 46 51 M 14 0 1.39 M M 4.7 12 120 M M 0 1 M M
8 52 46 49 M 16 0 0.21 M M 9.2 16 140 M M 0 1 21 160
9 57 43 50 M 15 0 0.08 M M 3.6 12 140 M M 0 13 M M
10 57 39 48 M 17 0 0.13 M M 3.8 12 160 M M 0 1 M M
11 64 41 53 M 12 0 0.00 M M 7.6 15 230 M M 0 24 310
12 70 48 59 M 6 0 0.00 M M 8.6 15 300 M M 0 18 290
13 66 46 56 M 9 0 0.00 M M 7.0 14 140 M M 0 20 120
14 68 45 57 M 8 0 0.00 M M 7.0 18 230 M M 0 24 230
15 73 50 62 M 3 0 0.02 M M 6.4 18 220 M M 0 27 220
16 54 41 48 M 17 0 0.08 M M 7.1 13 240 M M 0 1 16 140
17 41 39 40 M 25 0 0.29 M M 8.9 14 120 M M 0 1 20 120
18 52 37 45 M 20 0 0.00 M M 2.7 9 230 M M 0 1 M M
19 63 36 50 M 15 0 0.00 M M 5.2 10 270 M M 0 M M
20 68 41 55 M 10 0 0.00 M M 6.7 10 320 M M 0 M M
21 66 41 54 M 11 0 0.00 M M 10.3 32 270 M M 0 39 270
22 68 55 62 M 3 0 T M M 18.7 28 270 M M 0 38 260
23 63 43 53 M 12 0 0.00 M M 35.9 47 240 M M 0 67 240
24 46 30 38 M 27 0 0.14 M M 15.8 25 310 M M 0 40 300
25 57 34 46 M 19 0 0.00 M M 12.4 24 290 M M 0 35 290
26 61 37 49 M 16 0 0.00 M M 8.0 18 210 M M 0 28 210
27 57 28 43 M 22 0 0.00 M M 15.0 24 230 M M 0 37 230
28 54 28 41 M 24 0 0.00 M M 9.4 18 350 M M 0 36 350
29 57 32 45 M 20 0 0.00 M M 7.2 13 330 M M 0 17 330
30 59 36 48 M 17 0 0.00 M M 5.5 12 300 M M 0 20 300
31 59 36 48 M 17 0 0.00 M M 3.3 9 240 M M 0 M M
================================================================================
SM 1860 1288 433 0 3.63 M 260.5 M 0
================================================================================
AV 60.0 41.5 8.4 FASTST M M 0 MAX(MPH)
MISC ----> 47 240 67 240
================================================================================
NOTES:
# LAST OF SEVERAL OCCURRENCES
COLUMN 17 PEAK WIND IN M.P.H.
PRELIMINARY LOCAL CLIMATOLOGICAL DATA (WS FORM: F-6) , PAGE 2
STATION: RUIDOSO AWOS
MONTH: OCTOBER
YEAR: 2022
LATITUDE: 33 28 N
LONGITUDE: 105 32 W
[TEMPERATURE DATA] [PRECIPITATION DATA] SYMBOLS USED IN COLUMN 16
AVERAGE MONTHLY: 50.8 TOTAL FOR MONTH: 3.63 1 = FOG OR MIST
DPTR FM NORMAL: 0.0 DPTR FM NORMAL: M 2 = FOG REDUCING VISIBILITY
HIGHEST: 73 ON 15 GRTST 24HR 1.39 ON 7- 7 TO 1/4 MILE OR LESS
LOWEST: 28 ON 28,27 3 = THUNDER
SNOW, ICE PELLETS, HAIL 4 = ICE PELLETS
TOTAL MONTH: M 5 = HAIL
GRTST 24HR M ON M 6 = FREEZING RAIN OR DRIZZLE
GRTST DEPTH: M ON M 7 = DUSTSTORM OR SANDSTORM:
VSBY 1/2 MILE OR LESS
8 = SMOKE OR HAZE
[NO. OF DAYS WITH] [WEATHER - DAYS WITH] 9 = BLOWING SNOW
X = TORNADO
MAX 32 OR BELOW: 0 0.01 INCH OR MORE: 12
MAX 90 OR ABOVE: 0 0.10 INCH OR MORE: 8
MIN 32 OR BELOW: 4 0.50 INCH OR MORE: 2
MIN 0 OR BELOW: 0 1.00 INCH OR MORE: 1
[HDD (BASE 65) ]
TOTAL THIS MO. 433 CLEAR (SCALE 0-3) 31
DPTR FM NORMAL M PTCLDY (SCALE 4-7) 0
TOTAL FM JUL 1 498 CLOUDY (SCALE 8-10) 0
DPTR FM NORMAL M
[CDD (BASE 65) ]
TOTAL THIS MO. 0
DPTR FM NORMAL M [PRESSURE DATA]
TOTAL FM JAN 1 484 HIGHEST SLP M ON M
DPTR FM NORMAL M LOWEST SLP M ON M
[REMARKS]
#FINAL-10-22#