000
CXUS54 KEWX 011011
CF6SSF
PRELIMINARY LOCAL CLIMATOLOGICAL DATA (WS FORM: F-6)
STATION: SAN ANTONIO STINSON FIELD
MONTH: AUGUST
YEAR: 2020
LATITUDE: 29 19 N
LONGITUDE: 98 29 W
TEMPERATURE IN F: :PCPN: SNOW: WIND :SUNSHINE: SKY :PK WND
================================================================================
1 2 3 4 5 6A 6B 7 8 9 10 11 12 13 14 15 16 17 18
12Z AVG MX 2MIN
DY MAX MIN AVG DEP HDD CDD WTR SNW DPTH SPD SPD DIR MIN PSBL S-S WX SPD DR
================================================================================
1 98 70 84 -2 0 19 T M M 6.2 15 120 M M 1 21 80
2 98 68 83 -3 0 18 T M M 3.6 17 70 M M 0 3 26 70
3 99 70 85 -1 0 20 0.27 M M 3.2 30 350 M M 2 13 46 350
4 96 72 84 -2 0 19 T M M 3.7 14 130 M M 1 20 150
5 97 72 85 -1 0 20 0.00 M M 7.1 17 170 M M 0 25 210
6 98 73 86 0 0 21 0.00 M M 8.1 18 120 M M 3 27 220
7 97 74 86 0 0 21 0.00 M M 7.6 18 140 M M 5 29 140
8 99 73 86 0 0 21 0.00 M M 7.8 22 140 M M 3 3 31 150
9 99 73 86 0 0 21 0.00 M M 9.8 21 150 M M 3 29 160
10 99 75 87 1 0 22 0.00 M M 10.8 20 150 M M 3 29 140
11 100 74 87 1 0 22 0.00 M M 10.3 18 150 M M 3 30 150
12 100 74 87 1 0 22 0.00 M M 9.2 20 150 M M 1 27 160
13 100 73 87 1 0 22 0.00 M M 7.6 18 150 M M 1 26 160
14 103 73 88 2 0 23 0.00 M M 7.9 17 160 M M 1 24 160
15 103 74 89 3 0 24 0.00 M M 6.9 20 160 M M 0 26 150
16 102 73 88 2 0 23 0.00 M M 5.7 14 160 M M 0 19 110
17 100 76 88 2 0 23 0.00 M M 6.4 22 20 M M 2 29 20
18 101 75 88 2 0 23 0.02 M M 4.7 17 250 M M 1 3 23 260
19 102 71 87 1 0 22 0.00 M M 4.9 13 90 M M 1 21 10
20 99 72 86 0 0 21 0.00 M M 5.2 13 260 M M 0 17 20
21 99 71 85 -1 0 20 0.00 M M 5.9 16 120 M M 1 20 120
22 87 70 79 -7 0 14 0.22 M M 5.5 17 50 M M 4 13 26 60
23 95 68 82 -4 0 17 0.00 M M 5.2 17 120 M M 1 23 80
24 97 71 84 -2 0 19 0.00 M M 5.5 18 120 M M 1 26 130
25 99 71 85 0 0 20 T M M 4.9 15 50 M M 0 25 80
26 97 73 85 0 0 20 T M M 5.9 16 50 M M 1 23 60
27 99 71 85 0 0 20 0.00 M M 4.8 21 130 M M 1 28 120
28 103 76 90 5 0 25 0.00 M M 9.0 22 140 M M 1 18 29 140
29 101 74 88 3 0 23 0.00 M M 6.2 20 150 M M 0 26 150
30 101 75 88 4 0 23 0.00 M M 6.8 21 140 M M 2 28 140
31 100 80 90 6 0 25 0.00 M M 11.3 23 130 M M 5 1 32 120
================================================================================
SM 3068 2255 0 653 0.51 M 207.7 M 48
================================================================================
AV 99.0 72.7 6.7 FASTST M M 2 MAX(MPH)
MISC ----> # 30 350 # 46 350
================================================================================
NOTES:
# LAST OF SEVERAL OCCURRENCES
COLUMN 17 PEAK WIND IN M.P.H.
PRELIMINARY LOCAL CLIMATOLOGICAL DATA (WS FORM: F-6) , PAGE 2
STATION: SAN ANTONIO STINSON FIELD
MONTH: AUGUST
YEAR: 2020
LATITUDE: 29 19 N
LONGITUDE: 98 29 W
[TEMPERATURE DATA] [PRECIPITATION DATA] SYMBOLS USED IN COLUMN 16
AVERAGE MONTHLY: 85.9 TOTAL FOR MONTH: 0.51 1 = FOG OR MIST
DPTR FM NORMAL: 0.1 DPTR FM NORMAL: -2.02 2 = FOG REDUCING VISIBILITY
HIGHEST: 103 ON 28,15 GRTST 24HR 0.27 ON 3- 3 TO 1/4 MILE OR LESS
LOWEST: 68 ON 23, 2 3 = THUNDER
SNOW, ICE PELLETS, HAIL 4 = ICE PELLETS
TOTAL MONTH: M 5 = HAIL
GRTST 24HR M ON M 6 = FREEZING RAIN OR DRIZZLE
GRTST DEPTH: M ON M 7 = DUSTSTORM OR SANDSTORM:
VSBY 1/2 MILE OR LESS
8 = SMOKE OR HAZE
[NO. OF DAYS WITH] [WEATHER - DAYS WITH] 9 = BLOWING SNOW
X = TORNADO
MAX 32 OR BELOW: 0 0.01 INCH OR MORE: 3
MAX 90 OR ABOVE: 30 0.10 INCH OR MORE: 2
MIN 32 OR BELOW: 0 0.50 INCH OR MORE: 0
MIN 0 OR BELOW: 0 1.00 INCH OR MORE: 0
[HDD (BASE 65) ]
TOTAL THIS MO. 0 CLEAR (SCALE 0-3) 27
DPTR FM NORMAL 0 PTCLDY (SCALE 4-7) 4
TOTAL FM JUL 1 0 CLOUDY (SCALE 8-10) 0
DPTR FM NORMAL 0
[CDD (BASE 65) ]
TOTAL THIS MO. 653
DPTR FM NORMAL 8 [PRESSURE DATA]
TOTAL FM JAN 1 2534 HIGHEST SLP 30.08 ON 17
DPTR FM NORMAL 90 LOWEST SLP 29.62 ON 31
[REMARKS]
#FINAL-08-20#