000
CXUS53 KMPX 011837
CLMSTC
CLIMATE REPORT
NATIONAL WEATHER SERVICE TWIN CITIES/CHANHASSEN MN
1237 PM CST THU FEB 01 2024
...................................
...THE ST CLOUD MN CLIMATE SUMMARY FOR THE MONTH OF JANUARY 2024...
CLIMATE NORMAL PERIOD 1991 TO 2020
CLIMATE RECORD PERIOD 1893 TO 2024
WEATHER OBSERVED NORMAL DEPART LAST YEAR`S
VALUE DATE(S) VALUE FROM VALUE DATE(S)
NORMAL
................................................................
TEMPERATURE (F)
RECORD
HIGH 56 01/24/1981
LOW -43 01/09/1977
HIGHEST 55 01/31 33 22 38 01/15
LOWEST -13 01/20 -15 2 -18 01/30
01/31
AVG. MAXIMUM 25.2 20.7 4.5 24.3
AVG. MINIMUM 13.5 2.9 10.6 10.1
MEAN 19.4 11.8 7.6 17.2
DAYS MAX >= 90 0 0.0 0.0 0
DAYS MAX <= 32 22 25.3 -3.3 26
DAYS MIN <= 32 29 30.8 -1.8 MM
DAYS MIN <= 0 9 13.9 -4.9 MM
PRECIPITATION (INCHES)
RECORD
MAXIMUM 2.75 1897
MINIMUM T 1898
TOTALS 0.20 0.67 -0.47 1.60
DAILY AVG. 0.01 0.02 -0.01 0.05
DAYS >= .01 4 7.8 -3.8 10
DAYS >= .10 1 2.1 -1.1 5
DAYS >= .50 0 0.2 -0.2 1
DAYS >= 1.00 0 0.0 0.0 0
GREATEST
24 HR. TOTAL 0.11 01/08 TO 01/08
SNOWFALL (INCHES)
RECORDS
TOTAL 29.5 5
TOTALS 3.4 8.8 -5.4 18.6
SINCE 7/1 9.1 26.0 -16.9 MM
SNOWDEPTH AVG. 1 13
DAYS >= 1.0 1 3.2 -2.2 4
GREATEST
SNOW DEPTH 3 01/11 16 01/08
01/12
01/13
01/09
01/10
24 HR TOTAL 1.8 01/08 TO 01/08
DEGREE DAYS
HEATING TOTAL 1405 1649 -244 1475
SINCE 7/1 3902 4998 -1096 MM
COOLING TOTAL 0 0 0 0
SINCE 1/1 0 0 0 MM
................................................................
WIND (MPH)
AVERAGE WIND SPEED 7.7
HIGHEST WIND SPEED/DIRECTION 26/170 DATE 01/21
HIGHEST GUST SPEED/DIRECTION 35/170 DATE 01/21
SKY COVER
POSSIBLE SUNSHINE (PERCENT) MM
AVERAGE SKY COVER 0.64
NUMBER OF DAYS FAIR 10
NUMBER OF DAYS PC 6
NUMBER OF DAYS CLOUDY 15
AVERAGE RH (PERCENT) 75
WEATHER CONDITIONS. NUMBER OF DAYS WITH
THUNDERSTORM 0 MIXED PRECIP 0
HEAVY RAIN 0 RAIN 0
LIGHT RAIN 0 FREEZING RAIN 0
LT FREEZING RAIN 0 HAIL 0
HEAVY SNOW 1 SNOW 1
LIGHT SNOW 8 SLEET 0
FOG 14 FOG W/VIS <= 1/4 MILE 5
HAZE 10
- INDICATES NEGATIVE NUMBERS.
R INDICATES RECORD WAS SET OR TIED.
MM INDICATES DATA IS MISSING.
T INDICATES TRACE AMOUNT.
$$