000
CXUS53 KGRB 131431
CF6STE
PRELIMINARY LOCAL CLIMATOLOGICAL DATA (WS FORM: F-6)
STATION: STEVENS POINT WI
MONTH: JANUARY
YEAR: 2024
LATITUDE: 44 32 N
LONGITUDE: 89 32 W
TEMPERATURE IN F: :PCPN: SNOW: WIND :SUNSHINE: SKY :PK WND
================================================================================
1 2 3 4 5 6A 6B 7 8 9 10 11 12 13 14 15 16 17 18
12Z AVG MX 2MIN
DY MAX MIN AVG DEP HDD CDD WTR SNW DPTH SPD SPD DIR MIN PSBL S-S WX SPD DR
================================================================================
1 27 23 25 11 40 0 M M M 7.1 12 250 M M 10 18 260
2 32 22 27 13 38 0 M M M 7.2 14 270 M M 9 18 230
3 33 26 30 17 35 0 M M M 5.6 10 350 M M 10 18 360
4 26 22 24 11 41 0 M M M 5.5 9 260 M M 10 M M
5 35 25 30 17 35 0 M M M 4.8 10 240 M M 8 17 240
6 34 29 32 M 33 0 M M M 1.9 6 100 M M 10 1 M M
7 34 31 33 M 32 0 M M M 3.6 9 270 M M 10 1 M M
8 32 29 31 M 34 0 M M M 4.5 13 110 M M 10 1 16 140
9 33 31 32 M 33 0 0.03 M M 10.9 16 30 M M 10 23 40
10 33 28 31 M 34 0 M M M 3.6 12 330 M M 10 22 340
11 31 26 29 M 36 0 M M M 2.1 6 250 M M 10 M M
12 30 26 28 M 37 0 M M M 12.6 22 30 M M 9 33 40
13 27 8 18 M 47 0 0.02 M M 12.1 20 340 M M 10 8 25 330
14 8 -3 3 M 62 0 M M M 11.0 15 260 M M 8 8 24 290
15 5 -6 0 M 65 0 M M M 8.7 13 260 M M 1 18 270
16 5 -7 -1 M 66 0 M M M 10.4 16 250 M M 1 23 250
17 12 -2 5 M 60 0 M M M 6.8 13 280 M M 3 18 280
18 12 -5 4 M 61 0 M M M 4.0 9 320 M M 3 M M
19 14 0 7 M 58 0 M M M 6.2 10 310 M M 5 M M
20 17 -1 8 M 57 0 M M M 4.4 12 270 M M 0 16 280
21 19 -2 9 M 56 0 M M M 9.5 16 200 M M 5 21 210
22 32 19 26 M 39 0 M M M 5.3 10 210 M M 6 17 210
23 32 28 30 M 35 0 M M M 5.1 9 60 M M 10 1 M M
24 35 31 33 M 32 0 M M M 1.3 5 130 M M 10 12 M M
25 37 34 36 M 29 0 0.32 M M 1.3 6 60 M M 10 1 M M
26 37 34 36 M 29 0 M M M 0.9 5 70 M M 10 12 M M
27 38 34 36 M 29 0 M M M 3.2 7 30 M M 10 1 M M
28 35 31 33 M 32 0 M M M 5.4 9 300 M M 10 M M
29 38 30 34 M 31 0 M M M 5.8 9 220 M M 9 1 M M
30 39 34 37 M 28 0 M M M 5.0 10 330 M M 10 16 320
31 49 33 41 M 24 0 M M M 7.0 13 240 M M 4 1 18 240
================================================================================
SM 871 608 1268 0 0.37 M 183.1 M 241
================================================================================
AV 28.1 19.6 5.9 FASTST M M 8 MAX(MPH)
MISC ----> 22 30 33 40
================================================================================
NOTES:
# LAST OF SEVERAL OCCURRENCES
COLUMN 17 PEAK WIND IN M.P.H.
PRELIMINARY LOCAL CLIMATOLOGICAL DATA (WS FORM: F-6) , PAGE 2
STATION: STEVENS POINT WI
MONTH: JANUARY
YEAR: 2024
LATITUDE: 44 32 N
LONGITUDE: 89 32 W
[TEMPERATURE DATA] [PRECIPITATION DATA] SYMBOLS USED IN COLUMN 16
AVERAGE MONTHLY: 23.9 TOTAL FOR MONTH: 0.37 1 = FOG OR MIST
DPTR FM NORMAL: 10.9 DPTR FM NORMAL: M 2 = FOG REDUCING VISIBILITY
HIGHEST: 49 ON 31 GRTST 24HR 0.46 ON 9- 9 TO 1/4 MILE OR LESS
LOWEST: -7 ON 16 3 = THUNDER
SNOW, ICE PELLETS, HAIL 4 = ICE PELLETS
TOTAL MONTH: M 5 = HAIL
GRTST 24HR M ON M 6 = FREEZING RAIN OR DRIZZLE
GRTST DEPTH: M ON M 7 = DUSTSTORM OR SANDSTORM:
VSBY 1/2 MILE OR LESS
8 = SMOKE OR HAZE
[NO. OF DAYS WITH] [WEATHER - DAYS WITH] 9 = BLOWING SNOW
X = TORNADO
MAX 32 OR BELOW: 17 0.01 INCH OR MORE: 3
MAX 90 OR ABOVE: 0 0.10 INCH OR MORE: 1
MIN 32 OR BELOW: 26 0.50 INCH OR MORE: 0
MIN 0 OR BELOW: 8 1.00 INCH OR MORE: 0
[HDD (BASE 65) ]
TOTAL THIS MO. 1268 CLEAR (SCALE 0-3) 5
DPTR FM NORMAL -346 PTCLDY (SCALE 4-7) 5
TOTAL FM JUL 1 3600 CLOUDY (SCALE 8-10) 21
DPTR FM NORMAL 26
[CDD (BASE 65) ]
TOTAL THIS MO. 0
DPTR FM NORMAL 0 [PRESSURE DATA]
TOTAL FM JAN 1 0 HIGHEST SLP M ON M
DPTR FM NORMAL 0 LOWEST SLP M ON M
[REMARKS]
#FINAL-01-24#