000
CXUS54 KEPZ 011030
CF6SVC
PRELIMINARY LOCAL CLIMATOLOGICAL DATA (WS FORM: F-6)
STATION: SILVER CITY
MONTH: MARCH
YEAR: 2021
LATITUDE: 32 37 N
LONGITUDE: 108 10 W
TEMPERATURE IN F: :PCPN: SNOW: WIND :SUNSHINE: SKY :PK WND
================================================================================
1 2 3 4 5 6A 6B 7 8 9 10 11 12 13 14 15 16 17 18
12Z AVG MX 2MIN
DY MAX MIN AVG DEP HDD CDD WTR SNW DPTH SPD SPD DIR MIN PSBL S-S WX SPD DR
================================================================================
1 52 26 39 M 26 0 0.00 M M 12.6 27 20 M M 2 33 20
2 54 18 36 M 29 0 0.00 M M 8.5 15 140 M M 0 22 130
3 68 24 46 M 19 0 0.00 M M 9.2 15 230 M M 3 40 140
4 58 34 46 M 19 0 0.00 M M 16.8 28 280 M M 0 36 280
5 65 26 46 M 19 0 0.00 M M 11.2 24 110 M M 0 30 110
6 60 32 46 M 19 0 0.00 M M 10.3 17 120 M M 0 25 120
7 69 29 49 M 16 0 0.00 M M 6.2 12 170 M M 0 M M
8 72 35 54 M 11 0 0.00 M M 8.6 15 240 M M 3 22 260
9 69 41 55 M 10 0 T M M 12.3 41 270 M M 2 8 54 270
10 62 28 45 M 20 0 0.00 M M 12.3 22 250 M M 0 29 240
11 65 27 46 M 19 0 0.00 M M 11.2 24 220 M M 0 32 220
12 65 23 44 M 21 0 0.00 M M 12.2 28 210 M M 0 39 210
13 43 30 37 M 28 0 T M M 16.8 33 280 M M 4 39 280
14 50 30 40 M 25 0 T M M 21.2 36 270 M M 5 47 270
15 60 25 43 M 22 0 0.00 M M 11.5 17 280 M M 0 24 300
16 53 25 39 M 26 0 0.00 M M 16.7 33 310 M M 1 44 270
17 62 21 42 M 23 0 0.00 M M 10.4 17 290 M M 0 23 280
18 65 26 46 M 19 0 0.00 M M 7.8 14 150 M M 0 21 150
19 70 29 50 M 15 0 0.00 M M 8.2 16 150 M M 0 21 150
20 75 35 55 M 10 0 0.00 M M 10.1 28 270 M M 0 32 270
21 70 42 56 M 9 0 0.00 M M 10.7 18 250 M M 1 30 270
22 56 30 43 M 22 0 0.00 M M 14.8 30 280 M M 1 44 280
23 62 22 42 M 23 0 0.04 M M 11.1 25 270 M M 4 35 250
24 47 29 38 M 27 0 0.04 M M 6.6 15 280 M M 7 21 250
25 54 25 40 M 25 0 0.00 M M 7.9 18 240 M M 2 24 240
26 58 29 44 M 21 0 0.00 M M 9.8 20 280 M M 4 27 240
27 55 34 45 M 20 0 0.00 M M 8.2 20 290 M M 6 24 290
28 65 28 47 M 18 0 0.00 M M 9.6 15 120 M M 0 22 90
29 75 33 54 M 11 0 0.00 M M 7.8 14 220 M M 0 21 220
30 73 39 56 M 9 0 0.03 M M 14.7 29 280 M M 0 3 38 270
31 68 31 50 M 15 0 0.00 M M 8.0 16 170 M M 0 28 170
================================================================================
SM 1920 906 596 0 0.11 M 343.2 M 45
================================================================================
AV 61.9 29.2 11.1 FASTST M M 1 MAX(MPH)
MISC ----> 41 270 54 270
================================================================================
NOTES:
# LAST OF SEVERAL OCCURRENCES
COLUMN 17 PEAK WIND IN M.P.H.
PRELIMINARY LOCAL CLIMATOLOGICAL DATA (WS FORM: F-6) , PAGE 2
STATION: SILVER CITY
MONTH: MARCH
YEAR: 2021
LATITUDE: 32 37 N
LONGITUDE: 108 10 W
[TEMPERATURE DATA] [PRECIPITATION DATA] SYMBOLS USED IN COLUMN 16
AVERAGE MONTHLY: 45.6 TOTAL FOR MONTH: 0.11 1 = FOG OR MIST
DPTR FM NORMAL: 0.0 DPTR FM NORMAL: M 2 = FOG REDUCING VISIBILITY
HIGHEST: 75 ON 29,20 GRTST 24HR 0.04 ON 23-23 TO 1/4 MILE OR LESS
LOWEST: 18 ON 2 3 = THUNDER
SNOW, ICE PELLETS, HAIL 4 = ICE PELLETS
TOTAL MONTH: M 5 = HAIL
GRTST 24HR M ON M 6 = FREEZING RAIN OR DRIZZLE
GRTST DEPTH: M ON M 7 = DUSTSTORM OR SANDSTORM:
VSBY 1/2 MILE OR LESS
8 = SMOKE OR HAZE
[NO. OF DAYS WITH] [WEATHER - DAYS WITH] 9 = BLOWING SNOW
X = TORNADO
MAX 32 OR BELOW: 0 0.01 INCH OR MORE: 3
MAX 90 OR ABOVE: 0 0.10 INCH OR MORE: 0
MIN 32 OR BELOW: 23 0.50 INCH OR MORE: 0
MIN 0 OR BELOW: 0 1.00 INCH OR MORE: 0
[HDD (BASE 65) ]
TOTAL THIS MO. 596 CLEAR (SCALE 0-3) 25
DPTR FM NORMAL M PTCLDY (SCALE 4-7) 6
TOTAL FM JUL 1 3469 CLOUDY (SCALE 8-10) 0
DPTR FM NORMAL M
[CDD (BASE 65) ]
TOTAL THIS MO. 0
DPTR FM NORMAL M [PRESSURE DATA]
TOTAL FM JAN 1 0 HIGHEST SLP M ON M
DPTR FM NORMAL M LOWEST SLP M ON M
[REMARKS]
#FINAL-03-21#