000
CXUS54 KOUN 010810
CF6SWO
PRELIMINARY LOCAL CLIMATOLOGICAL DATA (WS FORM: F-6)
STATION: STILLWATER
MONTH: MAY
YEAR: 2023
LATITUDE: 36 10 N
LONGITUDE: 97 5 W
TEMPERATURE IN F: :PCPN: SNOW: WIND :SUNSHINE: SKY :PK WND
================================================================================
1 2 3 4 5 6A 6B 7 8 9 10 11 12 13 14 15 16 17 18
12Z AVG MX 2MIN
DY MAX MIN AVG DEP HDD CDD WTR SNW DPTH SPD SPD DIR MIN PSBL S-S WX SPD DR
================================================================================
1 71 36 54 -11 11 0 0.00 0.0 M 4.5 17 350 M M 0 22 360
2 77 43 60 -5 5 0 0.00 0.0 M 5.6 14 10 M M 0 20 40
3 79 42 61 -5 4 0 0.00 0.0 M 4.2 13 200 M M 0 15 190
4 69 55 62 -4 3 0 0.05 M M 9.8 23 170 M M 7 1 28 170
5 83 57 70 4 0 5 0.01 M M 10.2 17 160 M M 7 1 29 130
6 97 71 84 18 0 19 0.00 M M 13.9 28 180 M M 2 1 35 160
7 88 67 78 11 0 13 0.00 M M 14.9 23 160 M M 1 30 190
8 89 64 77 10 0 12 0.00 M M 8.3 15 180 M M 1 1 20 180
9 90 70 80 13 0 15 0.01 M M 11.9 22 110 M M 5 138 29 110
10 85 63 74 6 0 9 0.00 M M 7.6 17 160 M M 1 23 140
11 79 64 72 4 0 7 T M M 8.5 18 130 M M 5 13 23 120
12 91 63 77 9 0 12 0.82 M M 14.2 31 310 M M 5 13 43 310
13 84 64 74 5 0 9 1.61 M M 5.9 47 240 M M 5 1238 61 230
14 79 65 72 3 0 7 0.04 M M 5.4 22 210 M M 4 13 32 240
15 72 63 68 -1 0 3 0.57 M M 7.3 14 350 M M 10 13 20 310
16 70 59 65 -5 0 0 0.00 M M 5.9 14 330 M M 10 19 330
17 77 56 67 -3 0 2 0.00 M M 4.2 13 80 M M 4 1 16 90
18 81 56 69 -1 0 4 0.00 M M 5.3 12 190 M M 0 1 16 200
19 71 55 63 -8 2 0 1.01 M M 10.6 26 10 M M 8 138 35 360
20 74 51 63 -8 2 0 0.00 M M 6.1 16 10 M M 0 1 22 10
21 78 50 64 -7 1 0 0.00 M M 3.0 10 190 M M 0 13 190
22 80 55 68 -4 0 3 0.00 M M 5.8 13 160 M M 1 1 16 170
23 73 59 66 -6 0 1 0.08 M M 2.6 10 110 M M 7 1 14 120
24 82 64 73 1 0 8 0.00 0.0 0 7.2 14 100 M M 7 18 100
25 81 63 72 -1 0 7 0.00 M M 6.2 13 160 M M 2 1 16 160
26 85 60 73 0 0 8 0.00 M M 6.3 14 100 M M 1 1 20 90
27 85 60 73 0 0 8 0.00 0.0 0 7.3 13 150 M M 2 16 160
28 83 63 73 -1 0 8 0.00 M M 6.8 17 180 M M 2 22 160
29 85 64 75 1 0 10 T M M 7.9 17 180 M M 3 13 21 170
30 90 62 76 2 0 11 0.00 M M 5.4 13 150 M M 1 18 17 150
31 90 66 78 4 0 13 T M M 8.1 18 180 M M 1 3 25 160
================================================================================
SM 2518 1830 28 194 4.20 0.0 230.9 M 102
================================================================================
AV 81.2 59.0 7.4 FASTST M M 3 MAX(MPH)
MISC ----> 47 240 61 230
================================================================================
NOTES:
# LAST OF SEVERAL OCCURRENCES
COLUMN 17 PEAK WIND IN M.P.H.
PRELIMINARY LOCAL CLIMATOLOGICAL DATA (WS FORM: F-6) , PAGE 2
STATION: STILLWATER
MONTH: MAY
YEAR: 2023
LATITUDE: 36 10 N
LONGITUDE: 97 5 W
[TEMPERATURE DATA] [PRECIPITATION DATA] SYMBOLS USED IN COLUMN 16
AVERAGE MONTHLY: 70.1 TOTAL FOR MONTH: 4.20 1 = FOG OR MIST
DPTR FM NORMAL: 0.4 DPTR FM NORMAL: -0.38 2 = FOG REDUCING VISIBILITY
HIGHEST: 97 ON 6 GRTST 24HR 2.43 ON 12-13 TO 1/4 MILE OR LESS
LOWEST: 36 ON 1 3 = THUNDER
SNOW, ICE PELLETS, HAIL 4 = ICE PELLETS
TOTAL MONTH: 0.0 INCH 5 = HAIL
GRTST 24HR 0.0 6 = FREEZING RAIN OR DRIZZLE
GRTST DEPTH: 0 7 = DUSTSTORM OR SANDSTORM:
VSBY 1/2 MILE OR LESS
8 = SMOKE OR HAZE
[NO. OF DAYS WITH] [WEATHER - DAYS WITH] 9 = BLOWING SNOW
X = TORNADO
MAX 32 OR BELOW: 0 0.01 INCH OR MORE: 9
MAX 90 OR ABOVE: 5 0.10 INCH OR MORE: 4
MIN 32 OR BELOW: 0 0.50 INCH OR MORE: 4
MIN 0 OR BELOW: 0 1.00 INCH OR MORE: 2
[HDD (BASE 65) ]
TOTAL THIS MO. 28 CLEAR (SCALE 0-3) 18
DPTR FM NORMAL -13 PTCLDY (SCALE 4-7) 10
TOTAL FM JUL 1 3325 CLOUDY (SCALE 8-10) 3
DPTR FM NORMAL -121
[CDD (BASE 65) ]
TOTAL THIS MO. 194
DPTR FM NORMAL 8 [PRESSURE DATA]
TOTAL FM JAN 1 271 HIGHEST SLP M ON M
DPTR FM NORMAL 2 LOWEST SLP 29.68 ON 5
[REMARKS]
#FINAL-05-23#