000
CXUS54 KOUN 010910
CF6SWO
PRELIMINARY LOCAL CLIMATOLOGICAL DATA (WS FORM: F-6)
STATION: STILLWATER
MONTH: DECEMBER
YEAR: 2023
LATITUDE: 36 10 N
LONGITUDE: 97 5 W
TEMPERATURE IN F: :PCPN: SNOW: WIND :SUNSHINE: SKY :PK WND
================================================================================
1 2 3 4 5 6A 6B 7 8 9 10 11 12 13 14 15 16 17 18
12Z AVG MX 2MIN
DY MAX MIN AVG DEP HDD CDD WTR SNW DPTH SPD SPD DIR MIN PSBL S-S WX SPD DR
================================================================================
1 48 40 44 -1 21 0 0.00 M M 5.4 15 310 M M 10 18 22 290
2 49 33 41 -3 24 0 0.00 M M 6.2 14 280 M M 7 1 20 280
3 65 28 47 3 18 0 0.00 M M 7.9 21 310 M M 0 12 35 310
4 59 30 45 1 20 0 0.00 M M 5.9 12 200 M M 0 18 330
5 60 31 46 3 19 0 0.00 M M 6.3 18 360 M M 0 24 350
6 66 28 47 4 18 0 0.00 M M 8.2 17 180 M M 0 24 210
7 72 46 59 16 6 0 0.00 M M 15.9 31 180 M M 0 42 180
8 71 41 56 14 9 0 0.00 M M 8.9 16 260 M M 2 23 260
9 53 35 44 2 21 0 0.00 M M 10.1 20 330 M M 0 32 320
10 52 24 38 -4 27 0 0.00 M M 6.6 12 320 M M 0 18 310
11 61 24 43 1 22 0 0.00 M M 2.0 9 170 M M 0 11 180
12 62 28 45 3 20 0 0.00 M M 4.8 14 160 M M 0 18 160
13 62 40 51 10 14 0 T M M 6.9 15 110 M M 3 20 110
14 62 43 53 12 12 0 T M M 8.7 16 110 M M 7 23 110
15 55 39 47 6 18 0 1.00 M M 8.0 21 120 M M 9 1 29 130
16 53 30 42 2 23 0 0.00 M M 5.8 15 270 M M 2 8 21 290
17 67 28 48 8 17 0 0.00 M M 4.1 13 350 M M 0 20 330
18 52 27 40 0 25 0 0.00 M M 5.4 16 50 M M 0 23 40
19 60 29 45 5 20 0 0.00 M M 13.8 26 170 M M 0 34 160
20 58 43 51 11 14 0 0.00 M M 13.8 23 180 M M 6 31 170
21 64 55 60 20 5 0 0.12 0.0 0 13.1 18 180 M M 10 1 25 160
22 69 47 58 19 7 0 T 0.0 0 6.6 14 160 M M 6 1 18 230
23 66 53 60 21 5 0 T 0.0 0 11.9 22 130 M M 9 12 31 140
24 63 40 52 13 13 0 2.01 0.0 0 12.3 23 150 M M 10 13 36 310
25 41 32 37 -2 28 0 0.00 M M 13.2 24 310 M M 9 33 300
26 50 29 40 1 25 0 0.00 M M 11.3 26 250 M M 8 37 260
27 43 29 36 -3 29 0 0.00 M M 9.5 22 350 M M 5 32 330
28 45 28 37 -2 28 0 0.00 0.0 0 8.8 16 340 M M 6 23 360
29 53 28 41 2 24 0 0.00 0.0 0 7.7 16 320 M M 0 27 320
30 59 25 42 4 23 0 0.00 0.0 0 3.5 9 260 M M 0 13 260
31 45 31 38 0 27 0 0.00 0.0 0 11.1 18 20 M M 4 26 20
================================================================================
SM 1785 1064 582 0 3.13 0.0 263.7 M 113
================================================================================
AV 57.6 34.3 8.5 FASTST M M 4 MAX(MPH)
MISC ----> 31 180 42 180
================================================================================
NOTES:
# LAST OF SEVERAL OCCURRENCES
COLUMN 17 PEAK WIND IN M.P.H.
PRELIMINARY LOCAL CLIMATOLOGICAL DATA (WS FORM: F-6) , PAGE 2
STATION: STILLWATER
MONTH: DECEMBER
YEAR: 2023
LATITUDE: 36 10 N
LONGITUDE: 97 5 W
[TEMPERATURE DATA] [PRECIPITATION DATA] SYMBOLS USED IN COLUMN 16
AVERAGE MONTHLY: 46.0 TOTAL FOR MONTH: 3.13 1 = FOG OR MIST
DPTR FM NORMAL: 5.1 DPTR FM NORMAL: 1.62 2 = FOG REDUCING VISIBILITY
HIGHEST: 72 ON 7 GRTST 24HR 2.01 ON 23-24 TO 1/4 MILE OR LESS
LOWEST: 24 ON 11,10 3 = THUNDER
SNOW, ICE PELLETS, HAIL 4 = ICE PELLETS
TOTAL MONTH: 0.0 INCH 5 = HAIL
GRTST 24HR 0.0 6 = FREEZING RAIN OR DRIZZLE
GRTST DEPTH: 0 7 = DUSTSTORM OR SANDSTORM:
VSBY 1/2 MILE OR LESS
8 = SMOKE OR HAZE
[NO. OF DAYS WITH] [WEATHER - DAYS WITH] 9 = BLOWING SNOW
X = TORNADO
MAX 32 OR BELOW: 0 0.01 INCH OR MORE: 3
MAX 90 OR ABOVE: 0 0.10 INCH OR MORE: 3
MIN 32 OR BELOW: 18 0.50 INCH OR MORE: 2
MIN 0 OR BELOW: 0 1.00 INCH OR MORE: 2
[HDD (BASE 65) ]
TOTAL THIS MO. 582 CLEAR (SCALE 0-3) 16
DPTR FM NORMAL -166 PTCLDY (SCALE 4-7) 8
TOTAL FM JUL 1 1140 CLOUDY (SCALE 8-10) 7
DPTR FM NORMAL -234
[CDD (BASE 65) ]
TOTAL THIS MO. 0
DPTR FM NORMAL -1 [PRESSURE DATA]
TOTAL FM JAN 1 2340 HIGHEST SLP 30.56 ON 14
DPTR FM NORMAL 146 LOWEST SLP 29.54 ON 8
[REMARKS]
#FINAL-12-23#