000
CXUS54 KBMX 011010
CF6TCL
PRELIMINARY LOCAL CLIMATOLOGICAL DATA (WS FORM: F-6)
STATION: TUSCALOOSA
MONTH: MAY
YEAR: 2023
LATITUDE: 33 13 N
LONGITUDE: 87 37 W
TEMPERATURE IN F: :PCPN: SNOW: WIND :SUNSHINE: SKY :PK WND
================================================================================
1 2 3 4 5 6A 6B 7 8 9 10 11 12 13 14 15 16 17 18
12Z AVG MX 2MIN
DY MAX MIN AVG DEP HDD CDD WTR SNW DPTH SPD SPD DIR MIN PSBL S-S WX SPD DR
================================================================================
1 72 47 60 -8 5 0 0.00 0.0 0 5.8 22 240 M M 1 33 290
2 77 43 60 -8 5 0 0.00 0.0 0 6.4 23 300 M M 0 36 260
3 76 42 59 -9 6 0 0.00 0.0 0 4.3 15 310 M M 0 23 300
4 79 44 62 -7 3 0 0.00 0.0 0 2.3 9 10 M M 0 13 340
5 72 58 65 -4 0 0 T 0.0 0 5.3 15 110 M M 9 22 110
6 81 62 72 3 0 7 0.00 0.0 0 5.5 13 190 M M 6 18 180
7 87 61 74 4 0 9 0.02 0.0 M 6.8 23 220 M M 2 1 34 230
8 83 64 74 4 0 9 0.00 0.0 0 5.8 14 190 M M 4 1 19 190
9 90 67 79 9 0 14 1.48 0.0 0 5.9 29 80 M M 5 123 42 70
10 82 63 73 3 0 8 T 0.0 M 3.2 13 40 M M 3 1 18 70
11 87 67 77 6 0 12 0.05 0.0 M 6.9 24 250 M M 3 3 35 240
12 86 64 75 4 0 10 0.13 0.0 0 4.9 21 310 M M 3 13 31 310
13 89 62 76 5 0 11 0.00 0.0 0 3.0 9 300 M M 0 1 15 330
14 92 66 79 7 0 14 0.00 0.0 M 2.5 13 350 M M 0 1 20 320
15 93 68 81 9 0 16 0.00 0.0 M 3.8 18 360 M M 1 13 23 360
16 88 67 78 6 0 13 0.01 0.0 M 3.3 14 180 M M 2 138 18 160
17 80 67 74 2 0 9 0.59 0.0 0 2.9 16 20 M M 5 13 20 20
18 83 64 74 1 0 9 0.07 0.0 0 3.3 15 180 M M 6 123 21 190
19 74 67 71 -2 0 6 0.02 0.0 M 5.5 14 120 M M 9 18 120
20 85 67 76 3 0 11 T 0.0 M 6.7 18 360 M M 6 24 350
21 81 63 72 -2 0 7 0.00 0.0 0 4.4 12 360 M M 2 18 16 40
22 84 65 75 1 0 10 0.75 0.0 0 4.6 18 170 M M 5 138 27 170
23 69 64 67 -7 0 2 0.30 0.0 0 6.4 16 60 M M 10 18 23 60
24 80 62 71 -3 0 6 0.09 0.0 0 4.6 14 20 M M 7 18 20 70
25 84 60 72 -3 0 7 0.00 0.0 0 3.6 14 20 M M 2 18 20 10
26 84 59 72 -3 0 7 0.00 0.0 0 5.5 15 20 M M 0 18 23 10
27 81 63 72 -3 0 7 0.00 0.0 0 4.6 13 360 M M 0 19 100
28 82 59 71 -5 0 6 0.40 0.0 0 3.2 22 350 M M 4 1238 29 360
29 83 59 71 -5 0 6 0.00 0.0 0 4.9 15 10 M M 3 12 21 20
30 85 59 72 -4 0 7 0.00 0.0 0 2.8 12 50 M M 2 1 18 30
31 87 63 75 -1 0 10 0.00 0.0 0 4.7 13 60 M M 2 21 60
================================================================================
SM 2556 1886 19 233 3.91 0.0 143.4 M 102
================================================================================
AV 82.5 60.8 4.6 FASTST M M 3 MAX(MPH)
MISC ----> 29 80 42 70
================================================================================
NOTES:
# LAST OF SEVERAL OCCURRENCES
COLUMN 17 PEAK WIND IN M.P.H.
PRELIMINARY LOCAL CLIMATOLOGICAL DATA (WS FORM: F-6) , PAGE 2
STATION: TUSCALOOSA
MONTH: MAY
YEAR: 2023
LATITUDE: 33 13 N
LONGITUDE: 87 37 W
[TEMPERATURE DATA] [PRECIPITATION DATA] SYMBOLS USED IN COLUMN 16
AVERAGE MONTHLY: 71.6 TOTAL FOR MONTH: 3.91 1 = FOG OR MIST
DPTR FM NORMAL: -0.6 DPTR FM NORMAL: 0.27 2 = FOG REDUCING VISIBILITY
HIGHEST: 93 ON 15 GRTST 24HR 1.48 ON 9- 9 TO 1/4 MILE OR LESS
LOWEST: 42 ON 3 3 = THUNDER
SNOW, ICE PELLETS, HAIL 4 = ICE PELLETS
TOTAL MONTH: 0.0 INCH 5 = HAIL
GRTST 24HR 0.0 6 = FREEZING RAIN OR DRIZZLE
GRTST DEPTH: 0 7 = DUSTSTORM OR SANDSTORM:
VSBY 1/2 MILE OR LESS
8 = SMOKE OR HAZE
[NO. OF DAYS WITH] [WEATHER - DAYS WITH] 9 = BLOWING SNOW
X = TORNADO
MAX 32 OR BELOW: 0 0.01 INCH OR MORE: 12
MAX 90 OR ABOVE: 3 0.10 INCH OR MORE: 6
MIN 32 OR BELOW: 0 0.50 INCH OR MORE: 3
MIN 0 OR BELOW: 0 1.00 INCH OR MORE: 1
[HDD (BASE 65) ]
TOTAL THIS MO. 19 CLEAR (SCALE 0-3) 18
DPTR FM NORMAL 2 PTCLDY (SCALE 4-7) 10
TOTAL FM JUL 1 1896 CLOUDY (SCALE 8-10) 3
DPTR FM NORMAL -510
[CDD (BASE 65) ]
TOTAL THIS MO. 233
DPTR FM NORMAL -5 [PRESSURE DATA]
TOTAL FM JAN 1 369 HIGHEST SLP 30.18 ON 14
DPTR FM NORMAL 31 LOWEST SLP 29.76 ON 1
[REMARKS]
#FINAL-05-23#