000
CXUS54 KEPZ 011030
CF6TCS
PRELIMINARY LOCAL CLIMATOLOGICAL DATA (WS FORM: F-6)
STATION: TRUTH OR CONSEQUENCES
MONTH: AUGUST
YEAR: 2021
LATITUDE: 33 13 N
LONGITUDE: 107 16 W
TEMPERATURE IN F: :PCPN: SNOW: WIND :SUNSHINE: SKY :PK WND
================================================================================
1 2 3 4 5 6A 6B 7 8 9 10 11 12 13 14 15 16 17 18
12Z AVG MX 2MIN
DY MAX MIN AVG DEP HDD CDD WTR SNW DPTH SPD SPD DIR MIN PSBL S-S WX SPD DR
================================================================================
1 88 69 79 -1 0 14 0.00 M M 7.6 22 110 M M 3 3 31 110
2 86 68 77 -3 0 12 0.00 M M 10.5 18 20 M M 2 27 30
3 94 61 78 -2 0 13 1.20 M M 8.7 30 350 M M 2 3 51 350
4 91 65 78 -2 0 13 0.45 M M 5.0 48 40 M M 1 3 65 30
5 91 65 78 -2 0 13 0.00 M M 3.3 10 70 M M 1 15 90
6 96 69 83 3 0 18 0.00 M M 7.4 25 270 M M 1 38 280
7 94 72 83 3 0 18 0.05 M M 6.1 31 240 M M 1 3 42 240
8 98 69 84 5 0 19 0.00 M M 6.2 14 180 M M 0 22 330
9 97 69 83 4 0 18 T M M 6.7 20 230 M M 1 3 26 240
10 89 71 80 1 0 15 T M M 6.2 23 330 M M 2 3 37 320
11 88 67 78 -1 0 13 0.00 M M 7.2 21 270 M M 1 3 27 290
12 89 64 77 -2 0 12 0.01 M M 7.0 25 10 M M 2 3 38 10
13 84 64 74 -5 0 9 0.36 M M 6.6 21 70 M M 6 13 30 80
14 76 64 70 -9 0 5 0.42 M M 6.5 17 10 M M 8 1 23 10
15 83 64 74 -5 0 9 0.00 M M 4.4 13 190 M M 3 17 190
16 83 63 73 -6 0 8 0.00 M M 4.8 17 20 M M 2 26 20
17 86 63 75 -4 0 10 0.00 M M 2.7 12 180 M M 2 16 180
18 92 66 79 1 0 14 0.00 M M 7.8 23 270 M M 1 31 270
19 91 65 78 0 0 13 0.00 M M 7.7 22 250 M M 1 34 260
20 89 67 78 0 0 13 0.00 M M 7.1 14 220 M M 1 20 220
21 92 62 77 -1 0 12 0.00 M M 8.1 24 140 M M 0 32 150
22 92 68 80 2 0 15 0.11 M M 6.3 20 30 M M 1 3 33 230
23 89 67 78 0 0 13 T M M 6.6 18 200 M M 1 3 23 210
24 92 68 80 2 0 15 0.00 M M 7.1 16 210 M M 0 25 200
25 95 68 82 4 0 17 0.00 M M 6.3 16 100 M M 0 3 21 120
26 93 66 80 3 0 15 0.00 M M 5.7 14 30 M M 1 22 120
27 93 68 81 4 0 16 0.00 M M 7.0 23 130 M M 1 3 28 140
28 91 65 78 1 0 13 T M M 7.4 21 310 M M 1 3 30 290
29 91 65 78 1 0 13 0.00 M M 6.6 18 110 M M 0 8 26 110
30 88 67 78 1 0 13 0.00 M M 6.2 20 40 M M 3 32 30
31 91 65 78 2 0 13 T M M 6.7 18 210 M M 1 3 26 310
================================================================================
SM 2792 2054 0 414 2.60 M 203.5 M 50
================================================================================
AV 90.1 66.3 6.6 FASTST M M 2 MAX(MPH)
MISC ----> 48 40 65 30
================================================================================
NOTES:
# LAST OF SEVERAL OCCURRENCES
COLUMN 17 PEAK WIND IN M.P.H.
PRELIMINARY LOCAL CLIMATOLOGICAL DATA (WS FORM: F-6) , PAGE 2
STATION: TRUTH OR CONSEQUENCES
MONTH: AUGUST
YEAR: 2021
LATITUDE: 33 13 N
LONGITUDE: 107 16 W
[TEMPERATURE DATA] [PRECIPITATION DATA] SYMBOLS USED IN COLUMN 16
AVERAGE MONTHLY: 78.2 TOTAL FOR MONTH: 2.60 1 = FOG OR MIST
DPTR FM NORMAL: -0.3 DPTR FM NORMAL: 0.84 2 = FOG REDUCING VISIBILITY
HIGHEST: 98 ON 8 GRTST 24HR 1.20 ON 3- 3 TO 1/4 MILE OR LESS
LOWEST: 61 ON 3 3 = THUNDER
SNOW, ICE PELLETS, HAIL 4 = ICE PELLETS
TOTAL MONTH: M 5 = HAIL
GRTST 24HR M ON M 6 = FREEZING RAIN OR DRIZZLE
GRTST DEPTH: M ON M 7 = DUSTSTORM OR SANDSTORM:
VSBY 1/2 MILE OR LESS
8 = SMOKE OR HAZE
[NO. OF DAYS WITH] [WEATHER - DAYS WITH] 9 = BLOWING SNOW
X = TORNADO
MAX 32 OR BELOW: 0 0.01 INCH OR MORE: 7
MAX 90 OR ABOVE: 18 0.10 INCH OR MORE: 5
MIN 32 OR BELOW: 0 0.50 INCH OR MORE: 1
MIN 0 OR BELOW: 0 1.00 INCH OR MORE: 1
[HDD (BASE 65) ]
TOTAL THIS MO. 0 CLEAR (SCALE 0-3) 29
DPTR FM NORMAL 0 PTCLDY (SCALE 4-7) 2
TOTAL FM JUL 1 0 CLOUDY (SCALE 8-10) 0
DPTR FM NORMAL 0
[CDD (BASE 65) ]
TOTAL THIS MO. 414
DPTR FM NORMAL -5 [PRESSURE DATA]
TOTAL FM JAN 1 1549 HIGHEST SLP 30.13 ON 14
DPTR FM NORMAL 0 LOWEST SLP 29.61 ON 31
[REMARKS]
#FINAL-08-21#