000
CXUS54 KFWD 010731
CF6TKI
PRELIMINARY LOCAL CLIMATOLOGICAL DATA (WS FORM: F-6)
STATION: MCKINNEY
MONTH: APRIL
YEAR: 2021
LATITUDE: 33 10 N
LONGITUDE: 96 35 W
TEMPERATURE IN F: :PCPN: SNOW: WIND :SUNSHINE: SKY :PK WND
================================================================================
1 2 3 4 5 6A 6B 7 8 9 10 11 12 13 14 15 16 17 18
12Z AVG MX 2MIN
DY MAX MIN AVG DEP HDD CDD WTR SNW DPTH SPD SPD DIR MIN PSBL S-S WX SPD DR
================================================================================
1 67 34 51 -8 14 0 0.00 M M 3.2 10 50 M M 0 14 20
2 67 36 52 -7 13 0 0.00 M M 8.7 18 170 M M 2 26 150
3 69 55 62 3 3 0 0.00 M M 11.8 23 170 M M 8 30 170
4 70 57 64 4 1 0 0.00 M M 7.9 15 160 M M 10 19 160
5 76 53 65 5 0 0 0.00 M M 11.9 23 170 M M 1 35 170
6 80 64 72 12 0 7 0.00 M M 19.1 33 180 M M 7 42 180
7 76 52 64 4 1 0 0.00 M M 15.1 29 180 M M 5 42 170
8 82 45 64 3 1 0 0.00 M M 5.6 18 180 M M 0 24 140
9 79 59 69 8 0 4 0.00 M M 14.0 36 350 M M 4 138 48 350
10 72 46 59 -2 6 0 0.00 M M 10.7 23 340 M M 0 31 340
11 83 42 63 1 2 0 0.00 M M 7.8 18 150 M M 0 25 140
12 83 54 69 7 0 4 0.00 0.0 M 7.7 20 180 M M 2 27 160
13 80 55 68 6 0 3 0.05 M M 10.0 18 350 M M 3 23 350
14 68 56 62 0 3 0 0.01 M M 10.9 21 10 M M 10 1 26 10
15 62 55 59 -4 6 0 0.55 M M 7.9 16 70 M M 9 13 22 130
16 57 52 55 -8 10 0 0.67 M M 8.1 18 350 M M 10 13 24 10
17 61 47 54 -9 11 0 0.00 M M 11.6 20 350 M M 5 29 360
18 67 42 55 -9 10 0 0.00 M M 6.7 16 340 M M 1 22 340
19 73 38 56 -8 9 0 0.00 M M 4.6 12 200 M M 0 21 240
20 60 38 49 -15 16 0 0.00 M M 10.7 23 360 M M 1 32 340
21 62 32 47 -17 18 0 0.00 M M 3.8 12 40 M M 3 16 30
22 64 52 58 -7 7 0 T M M 6.2 18 170 M M 10 30 170
23 69 57 63 -2 2 0 1.30 M M 9.5 32 350 M M 10 13 45 360
24 70 51 61 -5 4 0 0.00 M M 8.3 20 360 M M 4 13 25 320
25 78 46 62 -4 3 0 0.00 M M 9.1 20 140 M M 0 1 27 200
26 79 62 71 5 0 6 0.00 M M 15.5 24 160 M M 1 33 140
27 75 67 71 5 0 6 T M M 14.2 20 140 M M 8 3 27 140
28 80 71 76 9 0 11 0.12 M M 7.4 21 160 M M 9 13 29 160
29 72 64 68 1 0 3 1.53 M M 10.0 20 10 M M 9 13 26 10
30 69 62 66 -1 0 1 0.15 M M 7.9 17 30 M M 8 1 23 30
================================================================================
SM 2150 1544 140 45 4.38 0.0 285.9 M 140
================================================================================
AV 71.7 51.5 9.5 FASTST M M 5 MAX(MPH)
MISC ----> 36 350 48 350
================================================================================
NOTES:
# LAST OF SEVERAL OCCURRENCES
COLUMN 17 PEAK WIND IN M.P.H.
PRELIMINARY LOCAL CLIMATOLOGICAL DATA (WS FORM: F-6) , PAGE 2
STATION: MCKINNEY
MONTH: APRIL
YEAR: 2021
LATITUDE: 33 10 N
LONGITUDE: 96 35 W
[TEMPERATURE DATA] [PRECIPITATION DATA] SYMBOLS USED IN COLUMN 16
AVERAGE MONTHLY: 61.6 TOTAL FOR MONTH: 4.38 1 = FOG OR MIST
DPTR FM NORMAL: -1.3 DPTR FM NORMAL: 0.96 2 = FOG REDUCING VISIBILITY
HIGHEST: 83 ON 12,11 GRTST 24HR 1.64 ON 28-29 TO 1/4 MILE OR LESS
LOWEST: 32 ON 21 3 = THUNDER
SNOW, ICE PELLETS, HAIL 4 = ICE PELLETS
TOTAL MONTH: 0.0 INCH 5 = HAIL
GRTST 24HR 0.0 6 = FREEZING RAIN OR DRIZZLE
GRTST DEPTH: M ON M 7 = DUSTSTORM OR SANDSTORM:
VSBY 1/2 MILE OR LESS
8 = SMOKE OR HAZE
[NO. OF DAYS WITH] [WEATHER - DAYS WITH] 9 = BLOWING SNOW
X = TORNADO
MAX 32 OR BELOW: 0 0.01 INCH OR MORE: 8
MAX 90 OR ABOVE: 0 0.10 INCH OR MORE: 6
MIN 32 OR BELOW: 1 0.50 INCH OR MORE: 4
MIN 0 OR BELOW: 0 1.00 INCH OR MORE: 2
[HDD (BASE 65) ]
TOTAL THIS MO. 140 CLEAR (SCALE 0-3) 13
DPTR FM NORMAL 13 PTCLDY (SCALE 4-7) 6
TOTAL FM JUL 1 2579 CLOUDY (SCALE 8-10) 11
DPTR FM NORMAL -49
[CDD (BASE 65) ]
TOTAL THIS MO. 45
DPTR FM NORMAL -20 [PRESSURE DATA]
TOTAL FM JAN 1 70 HIGHEST SLP M ON M
DPTR FM NORMAL -17 LOWEST SLP 29.55 ON 9
[REMARKS]
#FINAL-04-21#