000
CXUS54 KBMX 011110
CF6TOI
PRELIMINARY LOCAL CLIMATOLOGICAL DATA (WS FORM: F-6)
STATION: TROY
MONTH: MAY
YEAR: 2020
LATITUDE: 31 51 N
LONGITUDE: 86 1 W
TEMPERATURE IN F: :PCPN: SNOW: WIND :SUNSHINE: SKY :PK WND
================================================================================
1 2 3 4 5 6A 6B 7 8 9 10 11 12 13 14 15 16 17 18
12Z AVG MX 2MIN
DY MAX MIN AVG DEP HDD CDD WTR SNW DPTH SPD SPD DIR MIN PSBL S-S WX SPD DR
================================================================================
1 80 45 63 -4 2 0 0.00 0.0 0 3.7 14 300 M M 0 1 18 320
2 85 48 67 -1 0 2 0.00 0.0 0 1.4 10 200 M M 0 14 250
3 87 53 70 2 0 5 0.00 0.0 0 3.7 13 190 M M 0 16 180
4 89 59 74 6 0 9 0.00 0.0 0 3.1 13 190 M M 0 1 16 220
5 88 62 75 7 0 10 0.00 0.0 0 6.2 16 230 M M 3 12 26 200
6 82 54 68 -1 0 3 0.00 0.0 0 12.3 25 300 M M 1 35 330
7 74 42 58 -11 7 0 0.00 0.0 0 4.4 15 350 M M 0 20 360
8 78 45 62 -7 3 0 0.03 0.0 0 8.2 22 210 M M 4 1 31 210
9 73 48 61 -8 4 0 0.00 0.0 0 7.2 17 10 M M 0 22 40
10 81 44 63 -7 2 0 0.00 0.0 0 3.3 14 350 M M 0 25 10
11 79 45 62 -8 3 0 0.00 0.0 0 5.2 18 330 M M 0 23 320
12 82 45 64 -6 1 0 0.00 0.0 0 3.0 13 60 M M 0 17 100
13 88 49 69 -1 0 4 0.00 0.0 0 4.6 14 130 M M 1 19 130
14 87 61 74 3 0 9 0.00 0.0 0 6.8 17 130 M M 1 23 100
15 86 63 75 4 0 10 0.00 0.0 0 4.7 13 110 M M 1 16 120
16 90 61 76 5 0 11 0.00 0.0 0 3.5 15 120 M M 1 18 130
17 86 62 74 2 0 9 0.08 0.0 0 5.3 14 250 M M 3 13 20 210
18 81 69 75 3 0 10 0.19 0.0 0 6.5 24 170 M M 8 18 35 140
19 88 60 74 2 0 9 0.14 0.0 0 4.6 14 250 M M 4 128 20 250
20 83 63 73 1 0 8 0.05 0.0 0 5.5 14 340 M M 3 13 17 360
21 82 60 71 -2 0 6 0.08 0.0 0 5.1 16 10 M M 6 13 21 10
22 90 63 77 4 0 12 M 0.0 0 5.4 21 10 M M 5 123 26 10
23 90 65 78 5 0 13 M 0.0 0 3.7 16 210 M M 3 13 24 210
24 92 67 80 7 0 15 0.16 0.0 0 4.2 17 30 M M 1 3 21 30
25 90 70 80 6 0 15 0.06 0.0 0 6.4 20 130 M M 2 24 140
26 78 70 74 0 0 9 0.49 0.0 0 6.9 16 100 M M 10 1 23 70
27 82 69 76 2 0 11 0.04 0.0 0 3.3 12 270 M M 7 138 17 280
28 89 68 79 5 0 14 0.00 0.0 0 3.3 14 250 M M 3 1 20 240
29 90 69 80 5 0 15 0.00 0.0 0 2.8 8 170 M M 3 1 13 230
30 92 68 80 5 0 15 0.00 0.0 0 3.0 13 330 M M 2 12 16 320
31 89 64 77 2 0 12 0.00 0.0 0 5.5 14 360 M M 0 1 18 350
================================================================================
SM 2631 1811 22 236 1.32 0.0 152.8 M 72
================================================================================
AV 84.9 58.4 4.9 FASTST M M 2 MAX(MPH)
MISC ----> # 25 300 # 35 330
================================================================================
NOTES:
# LAST OF SEVERAL OCCURRENCES
COLUMN 17 PEAK WIND IN M.P.H.
PRELIMINARY LOCAL CLIMATOLOGICAL DATA (WS FORM: F-6) , PAGE 2
STATION: TROY
MONTH: MAY
YEAR: 2020
LATITUDE: 31 51 N
LONGITUDE: 86 1 W
[TEMPERATURE DATA] [PRECIPITATION DATA] SYMBOLS USED IN COLUMN 16
AVERAGE MONTHLY: 71.7 TOTAL FOR MONTH: 1.32 1 = FOG OR MIST
DPTR FM NORMAL: 0.3 DPTR FM NORMAL: -2.36 2 = FOG REDUCING VISIBILITY
HIGHEST: 92 ON 30,24 GRTST 24HR 0.49 ON 26-26 TO 1/4 MILE OR LESS
LOWEST: 42 ON 7 3 = THUNDER
SNOW, ICE PELLETS, HAIL 4 = ICE PELLETS
TOTAL MONTH: 0.0 INCH 5 = HAIL
GRTST 24HR 0.0 6 = FREEZING RAIN OR DRIZZLE
GRTST DEPTH: 0 7 = DUSTSTORM OR SANDSTORM:
VSBY 1/2 MILE OR LESS
8 = SMOKE OR HAZE
[NO. OF DAYS WITH] [WEATHER - DAYS WITH] 9 = BLOWING SNOW
X = TORNADO
MAX 32 OR BELOW: 0 0.01 INCH OR MORE: 10
MAX 90 OR ABOVE: 7 0.10 INCH OR MORE: 4
MIN 32 OR BELOW: 0 0.50 INCH OR MORE: 0
MIN 0 OR BELOW: 0 1.00 INCH OR MORE: 0
[HDD (BASE 65) ]
TOTAL THIS MO. 22 CLEAR (SCALE 0-3) 24
DPTR FM NORMAL 6 PTCLDY (SCALE 4-7) 6
TOTAL FM JUL 1 1659 CLOUDY (SCALE 8-10) 1
DPTR FM NORMAL -670
[CDD (BASE 65) ]
TOTAL THIS MO. 236
DPTR FM NORMAL 26 [PRESSURE DATA]
TOTAL FM JAN 1 475 HIGHEST SLP 30.27 ON 12
DPTR FM NORMAL 188 LOWEST SLP 29.71 ON 18
[REMARKS]
#FINAL-05-20#