000
CXUS55 KCYS 011820
CLATOR
CLIMATE REPORT
NATIONAL WEATHER SERVICE CHEYENNE WY
1120 AM MST SAT JAN 01 2022
...................................
...THE TORRINGTON WY AIRPORT CLIMATE SUMMARY FOR THE YEAR OF 2021...
CLIMATE NORMAL PERIOD 1991 TO 2020
CLIMATE RECORD PERIOD 1998 TO 2021
WEATHER OBSERVED NORMAL DEPART LAST YEAR`S
VALUE DATE(S) VALUE FROM VALUE DATE(S)
NORMAL
................................................................
TEMPERATURE (F)
RECORD
HIGH 107 07/16/2006
07/15/2006
LOW -30 02/18/2006
HIGHEST 103 06/15 MM MM 104 07/10
LOWEST -18 02/14 MM MM -11 10/27
AVG. MAXIMUM 65.1 63.9 1.2 65.9
AVG. MINIMUM 35.3 34.3 1.0 34.5
MEAN 50.2 49.1 1.1 50.2
DAYS MAX >= 90 65 52.5 12.5 68
DAYS MAX <= 32 19 25.8 -6.8 20
DAYS MIN <= 32 168 171.8 -3.8 183
DAYS MIN <= 0 12 10.9 1.1 4
PRECIPITATION (INCHES)
RECORD
MAXIMUM 18.77 2014
MINIMUM 7.06 2020
TOTALS 9.33 12.82 -3.49 7.06
DAILY AVG. T 0.04 -0.04 T
DAYS >= .01 64 80.8 -16.8 43
DAYS >= .10 24 31.2 -7.2 20
DAYS >= .50 6 6.2 -0.2 2
DAYS >= 1.00 0 1.5 -1.5 1
GREATEST
24 HR. TOTAL 1.21 MM 1.12
STORM TOTAL 0.98 0.04
(MM/DD(HH)) MM
DEGREE DAYS
HEATING TOTAL 6087 6480 -393 6183
SINCE 7/1 1958 2675 -717 MM
COOLING TOTAL 951 725 226 934
SINCE 1/1 951 725 226 MM
................................................................
WIND (MPH)
AVERAGE WIND SPEED 9.3
HIGHEST WIND SPEED/DIRECTION 59/360 DATE 01/13
HIGHEST GUST SPEED/DIRECTION 85/310 DATE 01/13
SKY COVER
POSSIBLE SUNSHINE (PERCENT) MM
AVERAGE SKY COVER 0.24
NUMBER OF DAYS FAIR 256
NUMBER OF DAYS PC 75
NUMBER OF DAYS CLOUDY 30
AVERAGE RH (PERCENT) 58
WEATHER CONDITIONS. NUMBER OF DAYS WITH
THUNDERSTORM 42 MIXED PRECIP 0
HEAVY RAIN 7 RAIN 18
LIGHT RAIN 83 FREEZING RAIN 0
LT FREEZING RAIN 1 HAIL 0
HEAVY SNOW 3 SNOW 13
LIGHT SNOW 51 SLEET 0
FOG 96 FOG W/VIS <= 1/4 MILE 14
HAZE 45
- INDICATES NEGATIVE NUMBERS.
R INDICATES RECORD WAS SET OR TIED.
MM INDICATES DATA IS MISSING.
T INDICATES TRACE AMOUNT.
$$