000
CXUS56 KLKN 011210
CF6TPH
PRELIMINARY LOCAL CLIMATOLOGICAL DATA (WS FORM: F-6)
STATION: TONOPAH AIRPORT NV
MONTH: JULY
YEAR: 2023
LATITUDE: 38 3 N
LONGITUDE: 117 5 W
TEMPERATURE IN F: :PCPN: SNOW: WIND :SUNSHINE: SKY :PK WND
================================================================================
1 2 3 4 5 6A 6B 7 8 9 10 11 12 13 14 15 16 17 18
12Z AVG MX 2MIN
DY MAX MIN AVG DEP HDD CDD WTR SNW DPTH SPD SPD DIR MIN PSBL S-S WX SPD DR
================================================================================
1 95 61 78 4 0 13 0.00 M M 8.0 18 350 M M 0 22 350
2 98 63 81 7 0 16 0.00 M M 7.1 18 300 M M 0 27 260
3 97 61 79 5 0 14 0.00 M M 9.1 28 220 M M 0 39 210
4 94 64 79 5 0 14 0.00 M M 9.7 26 300 M M 0 35 300
5 94 64 79 4 0 14 0.00 M M 8.7 23 210 M M 0 29 250
6 91 57 74 -1 0 9 0.00 M M 7.2 20 210 M M 0 30 190
7 91 56 74 -1 0 9 0.00 M M 7.6 22 190 M M 0 31 160
8 92 58 75 0 0 10 0.00 M M 6.5 22 180 M M 0 29 170
9 90 54 72 -3 0 7 0.00 M M 11.9 29 170 M M 0 37 180
10 90 50 70 -6 0 5 0.00 M M 9.7 18 180 M M 0 28 160
11 94 51 73 -3 0 8 0.00 M M 7.7 21 220 M M 0 29 210
12 94 53 74 -2 0 9 0.00 M M 5.4 16 210 M M 0 23 210
13 95 57 76 0 0 11 0.00 M M 8.5 17 350 M M 0 23 310
14 97 60 79 3 0 14 0.00 M M 10.9 20 290 M M 0 32 330
15 102 63 83 7 0 18 0.00 M M 6.9 16 360 M M 0 8 21 10
16 104 63 84 8 0 19 0.00 M M 7.7 18 180 M M 0 30 190
17 100 67 84 8 0 19 0.00 M M 8.5 26 170 M M 0 8 39 160
18 97 68 83 7 0 18 T M M 10.2 35 300 M M 2 38 48 300
19 92 64 78 2 0 13 0.07 M M 15.3 36 310 M M 2 38 51 210
20 97 59 78 2 0 13 0.00 M M 8.4 16 360 M M 0 8 19 350
21 100 65 83 7 0 18 0.00 M M 6.6 22 90 M M 0 27 90
22 102 66 84 8 0 19 0.00 M M 9.2 24 200 M M 0 33 190
23 99 63 81 5 0 16 0.00 M M 10.9 25 220 M M 0 33 200
24 93 64 79 3 0 14 0.01 M M 8.5 29 190 M M 4 3 38 190
25 96 59 78 2 0 13 0.00 M M 8.4 22 180 M M 0 28 150
26 98 62 80 4 0 15 0.00 M M 10.7 25 200 M M 0 36 210
27 97 60 79 3 0 14 0.00 M M 10.4 24 310 M M 0 36 270
28 97 61 79 3 0 14 0.00 M M 8.4 17 300 M M 0 24 300
29 97 60 79 3 0 14 0.00 M M 9.2 23 230 M M 0 34 210
30 97 65 81 5 0 16 0.00 M M 9.6 21 310 M M 0 28 320
31 96 63 80 4 0 15 0.00 M M 9.7 26 190 M M 0 33 180
================================================================================
SM 2976 1881 0 421 0.08 M 276.6 M 8
================================================================================
AV 96.0 60.7 8.9 FASTST M M 0 MAX(MPH)
MISC ----> 36 310 51 210
================================================================================
NOTES:
# LAST OF SEVERAL OCCURRENCES
COLUMN 17 PEAK WIND IN M.P.H.
PRELIMINARY LOCAL CLIMATOLOGICAL DATA (WS FORM: F-6) , PAGE 2
STATION: TONOPAH AIRPORT NV
MONTH: JULY
YEAR: 2023
LATITUDE: 38 3 N
LONGITUDE: 117 5 W
[TEMPERATURE DATA] [PRECIPITATION DATA] SYMBOLS USED IN COLUMN 16
AVERAGE MONTHLY: 78.3 TOTAL FOR MONTH: 0.08 1 = FOG OR MIST
DPTR FM NORMAL: 2.6 DPTR FM NORMAL: -0.42 2 = FOG REDUCING VISIBILITY
HIGHEST: 104 ON 16 GRTST 24HR 0.07 ON 19-19 TO 1/4 MILE OR LESS
LOWEST: 50 ON 10 3 = THUNDER
SNOW, ICE PELLETS, HAIL 4 = ICE PELLETS
TOTAL MONTH: M 5 = HAIL
GRTST 24HR M ON M 6 = FREEZING RAIN OR DRIZZLE
GRTST DEPTH: M ON M 7 = DUSTSTORM OR SANDSTORM:
VSBY 1/2 MILE OR LESS
8 = SMOKE OR HAZE
[NO. OF DAYS WITH] [WEATHER - DAYS WITH] 9 = BLOWING SNOW
X = TORNADO
MAX 32 OR BELOW: 0 0.01 INCH OR MORE: 2
MAX 90 OR ABOVE: 31 0.10 INCH OR MORE: 0
MIN 32 OR BELOW: 0 0.50 INCH OR MORE: 0
MIN 0 OR BELOW: 0 1.00 INCH OR MORE: 0
[HDD (BASE 65) ]
TOTAL THIS MO. 0 CLEAR (SCALE 0-3) 30
DPTR FM NORMAL -1 PTCLDY (SCALE 4-7) 1
TOTAL FM JUL 1 0 CLOUDY (SCALE 8-10) 0
DPTR FM NORMAL 0
[CDD (BASE 65) ]
TOTAL THIS MO. 421
DPTR FM NORMAL 87 [PRESSURE DATA]
TOTAL FM JAN 1 483 HIGHEST SLP 30.11 ON 19
DPTR FM NORMAL -49 LOWEST SLP 29.63 ON 7
[REMARKS]
#FINAL-07-23#