000
CXUS56 KLKN 011210
CF6TPH
PRELIMINARY LOCAL CLIMATOLOGICAL DATA (WS FORM: F-6)
STATION: TONOPAH AIRPORT NV
MONTH: SEPTEMBER
YEAR: 2022
LATITUDE: 38 3 N
LONGITUDE: 117 5 W
TEMPERATURE IN F: :PCPN: SNOW: WIND :SUNSHINE: SKY :PK WND
================================================================================
1 2 3 4 5 6A 6B 7 8 9 10 11 12 13 14 15 16 17 18
12Z AVG MX 2MIN
DY MAX MIN AVG DEP HDD CDD WTR SNW DPTH SPD SPD DIR MIN PSBL S-S WX SPD DR
================================================================================
1 96 62 79 9 0 14 0.00 M M 7.2 18 200 M M 0 23 220
2 98 63 81 11 0 16 0.00 M M 6.7 17 120 M M 0 23 110
3 97 61 79 9 0 14 0.00 M M 7.5 22 200 M M 0 32 200
4 98 64 81 11 0 16 0.00 M M 7.2 14 360 M M 0 20 230
5 99 63 81 12 0 16 0.00 M M 6.1 18 180 M M 0 24 160
6 101 64 83 14 0 18 0.00 M M 7.5 18 180 M M M 25 180
7 98 61 80 11 0 15 T M M 11.2 33 90 M M 1 3 58 90
8 96 65 81 13 0 16 0.00 M M 8.6 32 30 M M M 47 30
9 93 66 80 12 0 15 0.00 M M 10.3 20 120 M M 0 27 110
10 84 62 73 5 0 8 0.12 M M 7.0 33 160 M M 2 138 46 200
11 84 57 71 3 0 6 0.00 M M 7.0 17 200 M M 1 26 200
12 75 58 67 0 0 2 0.30 M M 8.8 17 180 M M 5 1 24 190
13 74 57 66 -1 0 1 0.10 M M 6.3 33 320 M M 8 13 53 320
14 74 52 63 -3 2 0 0.00 M M 6.7 18 200 M M 3 28 190
15 76 49 63 -3 2 0 0.00 M M 8.2 21 170 M M 1 29 170
16 77 50 64 -2 1 0 0.00 M M 6.7 16 10 M M 0 20 10
17 78 49 64 -1 1 0 0.00 M M 10.6 25 190 M M 0 33 190
18 76 52 64 -1 1 0 0.00 M M 14.3 36 180 M M 0 53 190
19 76 50 63 -1 2 0 0.00 M M 15.4 30 180 M M 0 40 180
20 75 45 60 -4 5 0 0.00 M M 12.4 31 180 M M 0 41 170
21 74 47 61 -3 4 0 0.00 M M 10.1 21 190 M M 0 29 240
22 74 42 58 -5 7 0 0.00 M M 6.1 16 330 M M 0 23 30
23 77 45 61 -2 4 0 0.00 M M 7.1 16 10 M M 0 21 10
24 82 43 63 1 2 0 0.00 M M 7.4 16 10 M M 0 20 20
25 84 50 67 5 0 2 0.00 M M 5.8 16 40 M M 0 20 30
26 85 51 68 6 0 3 0.00 M M 6.5 14 170 M M 0 21 160
27 86 51 69 8 0 4 0.00 M M 8.2 17 200 M M 0 27 190
28 86 52 69 8 0 4 0.00 M M 9.3 23 210 M M 1 34 250
29 84 52 68 8 0 3 0.00 M M 6.8 13 10 M M 0 21 210
30 79 47 63 3 2 0 0.00 M M 10.1 22 320 M M 0 27 310
================================================================================
SM 2536 1630 33 173 0.52 M 253.1 M 22
================================================================================
AV 84.5 54.3 8.4 FASTST M M 1 MAX(MPH)
MISC ----> 36 180 58 90
================================================================================
NOTES:
# LAST OF SEVERAL OCCURRENCES
COLUMN 17 PEAK WIND IN M.P.H.
PRELIMINARY LOCAL CLIMATOLOGICAL DATA (WS FORM: F-6) , PAGE 2
STATION: TONOPAH AIRPORT NV
MONTH: SEPTEMBER
YEAR: 2022
LATITUDE: 38 3 N
LONGITUDE: 117 5 W
[TEMPERATURE DATA] [PRECIPITATION DATA] SYMBOLS USED IN COLUMN 16
AVERAGE MONTHLY: 69.4 TOTAL FOR MONTH: 0.52 1 = FOG OR MIST
DPTR FM NORMAL: 3.7 DPTR FM NORMAL: 0.07 2 = FOG REDUCING VISIBILITY
HIGHEST: 101 ON 6 GRTST 24HR 0.40 ON 12-13 TO 1/4 MILE OR LESS
LOWEST: 42 ON 22 3 = THUNDER
SNOW, ICE PELLETS, HAIL 4 = ICE PELLETS
TOTAL MONTH: M 5 = HAIL
GRTST 24HR M ON M 6 = FREEZING RAIN OR DRIZZLE
GRTST DEPTH: M ON M 7 = DUSTSTORM OR SANDSTORM:
VSBY 1/2 MILE OR LESS
8 = SMOKE OR HAZE
[NO. OF DAYS WITH] [WEATHER - DAYS WITH] 9 = BLOWING SNOW
X = TORNADO
MAX 32 OR BELOW: 0 0.01 INCH OR MORE: 3
MAX 90 OR ABOVE: 9 0.10 INCH OR MORE: 3
MIN 32 OR BELOW: 0 0.50 INCH OR MORE: 0
MIN 0 OR BELOW: 0 1.00 INCH OR MORE: 0
[HDD (BASE 65) ]
TOTAL THIS MO. 33 CLEAR (SCALE 0-3) 25
DPTR FM NORMAL -34 PTCLDY (SCALE 4-7) 3
TOTAL FM JUL 1 33 CLOUDY (SCALE 8-10) 2
DPTR FM NORMAL -37
[CDD (BASE 65) ]
TOTAL THIS MO. 173
DPTR FM NORMAL 87 [PRESSURE DATA]
TOTAL FM JAN 1 1177 HIGHEST SLP 30.22 ON 25
DPTR FM NORMAL 287 LOWEST SLP 29.56 ON 18
[REMARKS]
#FINAL-09-22#