000
CXUS54 KFWD 010732
CF6TPL
PRELIMINARY LOCAL CLIMATOLOGICAL DATA (WS FORM: F-6)
STATION: TEMPLE
MONTH: MAY
YEAR: 2023
LATITUDE: 31 8 N
LONGITUDE: 97 25 W
TEMPERATURE IN F: :PCPN: SNOW: WIND :SUNSHINE: SKY :PK WND
================================================================================
1 2 3 4 5 6A 6B 7 8 9 10 11 12 13 14 15 16 17 18
12Z AVG MX 2MIN
DY MAX MIN AVG DEP HDD CDD WTR SNW DPTH SPD SPD DIR MIN PSBL S-S WX SPD DR
================================================================================
1 77 56 67 -3 0 2 0.00 M M 9.2 18 50 M M 0 22 50
2 80 57 69 -1 0 4 0.00 M M 5.3 10 150 M M 4 M M
3 83 59 71 1 0 6 0.00 M M 6.0 13 120 M M 2 16 160
4 81 65 73 3 0 8 0.00 M M 11.2 20 160 M M 5 3 22 180
5 90 67 79 8 0 14 0.23 M M 12.4 20 190 M M 6 3 33 90
6 87 63 75 4 0 10 0.00 M M 12.7 22 100 M M 4 33 100
7 85 69 77 6 0 12 0.00 M M 10.7 21 160 M M 5 27 170
8 89 66 78 7 0 13 0.00 M M 11.5 33 140 M M 3 48 120
9 79 68 74 2 0 9 0.00 M M 9.4 18 180 M M 6 24 180
10 74 66 70 -2 0 5 1.84 M M 5.4 10 50 M M 8 3 M M
11 87 70 79 7 0 14 0.01 M M 11.3 16 140 M M 6 24 140
12 85 74 80 8 0 15 0.00 M M 12.3 17 140 M M 8 23 140
13 76 64 70 -3 0 5 0.50 M M 6.5 28 250 M M 5 3 39 270
14 82 68 75 2 0 10 0.06 M M 3.2 9 110 M M 4 M M
15 87 63 75 2 0 10 0.29 M M 4.4 21 190 M M 4 3 26 190
16 79 64 72 -1 0 7 0.00 M M 4.6 13 320 M M 6 M M
17 86 60 73 -1 0 8 0.00 M M 3.5 8 30 M M 1 M M
18 89 62 76 2 0 11 0.00 M M 5.4 9 130 M M 1 M M
19 90 65 78 4 0 13 0.71 M M 10.5 31 10 M M 1 3 49 320
20 80 61 71 -3 0 6 0.02 M M 8.5 13 310 M M 5 20 10
21 76 59 68 -7 0 3 0.00 M M 4.4 8 40 M M 1 M M
22 85 59 72 -3 0 7 0.00 M M 3.4 8 110 M M 1 M M
23 88 64 76 1 0 11 0.00 M M 6.7 15 300 M M 2 16 110
24 83 64 74 -1 0 9 0.28 M M 6.4 23 300 M M 4 3 33 270
25 85 65 75 -1 0 10 0.00 M M 5.8 12 60 M M 3 M M
26 85 62 74 -2 0 9 0.00 M M 5.3 12 90 M M 1 M M
27 87 62 75 -1 0 10 0.00 M M 4.5 12 60 M M 2 M M
28 86 66 76 0 0 11 0.00 M M 7.5 14 160 M M 3 18 160
29 87 66 77 1 0 12 0.00 M M 5.2 13 160 M M 2 M M
30 88 64 76 0 0 11 0.40 M M 5.4 10 100 M M 2 M M
31 88 65 77 0 0 12 0.00 M M 6.9 13 130 M M 1 21 140
================================================================================
SM 2604 1983 0 287 4.34 M 225.5 M 106
================================================================================
AV 84.0 64.0 7.3 FASTST M M 3 MAX(MPH)
MISC ----> 33 140 49 320
================================================================================
NOTES:
# LAST OF SEVERAL OCCURRENCES
COLUMN 17 PEAK WIND IN M.P.H.
PRELIMINARY LOCAL CLIMATOLOGICAL DATA (WS FORM: F-6) , PAGE 2
STATION: TEMPLE
MONTH: MAY
YEAR: 2023
LATITUDE: 31 8 N
LONGITUDE: 97 25 W
[TEMPERATURE DATA] [PRECIPITATION DATA] SYMBOLS USED IN COLUMN 16
AVERAGE MONTHLY: 74.0 TOTAL FOR MONTH: 4.34 1 = FOG OR MIST
DPTR FM NORMAL: 0.7 DPTR FM NORMAL: 0.09 2 = FOG REDUCING VISIBILITY
HIGHEST: 90 ON 19, 5 GRTST 24HR 1.84 ON 10-10 TO 1/4 MILE OR LESS
LOWEST: 56 ON 1 3 = THUNDER
SNOW, ICE PELLETS, HAIL 4 = ICE PELLETS
TOTAL MONTH: M 5 = HAIL
GRTST 24HR M ON M 6 = FREEZING RAIN OR DRIZZLE
GRTST DEPTH: M ON M 7 = DUSTSTORM OR SANDSTORM:
VSBY 1/2 MILE OR LESS
8 = SMOKE OR HAZE
[NO. OF DAYS WITH] [WEATHER - DAYS WITH] 9 = BLOWING SNOW
X = TORNADO
MAX 32 OR BELOW: 0 0.01 INCH OR MORE: 10
MAX 90 OR ABOVE: 2 0.10 INCH OR MORE: 7
MIN 32 OR BELOW: 0 0.50 INCH OR MORE: 3
MIN 0 OR BELOW: 0 1.00 INCH OR MORE: 1
[HDD (BASE 65) ]
TOTAL THIS MO. 0 CLEAR (SCALE 0-3) 15
DPTR FM NORMAL -13 PTCLDY (SCALE 4-7) 15
TOTAL FM JUL 1 1780 CLOUDY (SCALE 8-10) 1
DPTR FM NORMAL -355
[CDD (BASE 65) ]
TOTAL THIS MO. 287
DPTR FM NORMAL 17 [PRESSURE DATA]
TOTAL FM JAN 1 463 HIGHEST SLP M ON M
DPTR FM NORMAL 48 LOWEST SLP M ON M
[REMARKS]
#FINAL-05-23#