000
CXUS54 KFWD 072134
CF6TRL
PRELIMINARY LOCAL CLIMATOLOGICAL DATA (WS FORM: F-6)
STATION: TERRELL
MONTH: MARCH
YEAR: 2022
LATITUDE: 32 42 N
LONGITUDE: 96 16 W
TEMPERATURE IN F: :PCPN: SNOW: WIND :SUNSHINE: SKY :PK WND
================================================================================
1 2 3 4 5 6A 6B 7 8 9 10 11 12 13 14 15 16 17 18
12Z AVG MX 2MIN
DY MAX MIN AVG DEP HDD CDD WTR SNW DPTH SPD SPD DIR MIN PSBL S-S WX SPD DR
================================================================================
1 M 32 M M M M 0.00 M M 1.6 8 210 M M 0 M M
2 75 36 56 2 9 0 0.00 M M 3.9 13 170 M M 0 20 170
3 76 40 58 4 7 0 0.00 M M 3.1 15 150 M M 0 22 150
4 73 47 60 5 5 0 0.00 M M 10.2 20 150 M M 5 18 27 140
5 77 63 70 15 0 5 T M M 11.3 25 210 M M 8 1 34 200
6 77 42 60 5 5 0 T M M 12.7 30 170 M M 8 39 170
7 51 36 44 -12 21 0 0.01 M M 11.6 23 330 M M 7 33 330
8 45 31 38 -18 27 0 0.02 M M 6.4 13 40 M M 5 13 18 40
9 59 25 42 -14 23 0 T M M 4.1 15 30 M M 0 21 360
10 68 32 50 -6 15 0 0.00 M M 5.4 15 170 M M 0 21 190
11 50 32 41 -16 24 0 0.01 M M 13.3 24 350 M M 7 1 36 350
12 56 21 39 -18 26 0 0.00 M M 3.5 12 140 M M 0 17 290
13 65 32 49 -8 16 0 0.00 M M 10.9 24 170 M M 0 35 170
14 74 49 62 4 3 0 0.37 M M 12.5 26 190 M M 7 13 37 190
15 68 44 56 -2 9 0 0.00 M M 7.0 21 10 M M 4 12 29 340
16 76 39 58 0 7 0 0.00 M M 5.6 17 170 M M 0 1 23 180
17 74 51 63 5 2 0 0.00 M M 13.6 28 150 M M 4 37 150
18 64 41 53 -6 12 0 0.00 M M 14.5 28 290 M M 3 41 270
19 73 35 54 -5 11 0 0.00 M M 3.5 14 250 M M 0 8 19 240
20 78 45 62 3 3 0 0.00 M M 10.3 23 160 M M 0 31 160
21 72 58 65 6 0 0 0.56 M M 14.1 26 170 M M 9 13 41 150
22 61 46 54 -6 11 0 T M M 11.9 23 280 M M 7 3 32 310
23 62 40 51 -9 14 0 0.00 M M 10.9 25 320 M M 1 35 290
24 65 34 50 -10 15 0 0.00 M M 6.2 20 290 M M 0 26 270
25 79 35 57 -3 8 0 0.00 M M 2.2 12 10 M M 0 15 20
26 83 46 65 5 0 0 0.00 M M 6.9 16 220 M M 0 24 220
27 87 53 70 9 0 5 0.00 M M 8.9 20 180 M M 0 28 220
28 82 56 69 8 0 4 0.00 M M 13.5 23 180 M M 1 36 190
29 80 66 73 12 0 8 T M M 18.4 30 170 M M 6 42 160
30 74 44 59 -2 6 0 0.29 M M 11.7 29 170 M M 6 13 43 160
31 68 38 53 -9 12 0 T M M 6.2 23 280 M M 2 33 280
================================================================================
SM 2092 1289 291 22 1.26 M 275.9 M 90
================================================================================
AV 69.7 41.6 8.9 FASTST M M 3 MAX(MPH)
MISC ----> # 30 170 43 160
================================================================================
NOTES:
# LAST OF SEVERAL OCCURRENCES
COLUMN 17 PEAK WIND IN M.P.H.
PRELIMINARY LOCAL CLIMATOLOGICAL DATA (WS FORM: F-6) , PAGE 2
STATION: TERRELL
MONTH: MARCH
YEAR: 2022
LATITUDE: 32 42 N
LONGITUDE: 96 16 W
[TEMPERATURE DATA] [PRECIPITATION DATA] SYMBOLS USED IN COLUMN 16
AVERAGE MONTHLY: 55.7 TOTAL FOR MONTH: 1.26 1 = FOG OR MIST
DPTR FM NORMAL: -2.2 DPTR FM NORMAL: -2.43 2 = FOG REDUCING VISIBILITY
HIGHEST: 87 ON 27 GRTST 24HR 0.56 ON 21-21 TO 1/4 MILE OR LESS
LOWEST: 21 ON 12 3 = THUNDER
SNOW, ICE PELLETS, HAIL 4 = ICE PELLETS
TOTAL MONTH: M 5 = HAIL
GRTST 24HR M ON M 6 = FREEZING RAIN OR DRIZZLE
GRTST DEPTH: M ON M 7 = DUSTSTORM OR SANDSTORM:
VSBY 1/2 MILE OR LESS
8 = SMOKE OR HAZE
[NO. OF DAYS WITH] [WEATHER - DAYS WITH] 9 = BLOWING SNOW
X = TORNADO
MAX 32 OR BELOW: 0 0.01 INCH OR MORE: 6
MAX 90 OR ABOVE: 0 0.10 INCH OR MORE: 3
MIN 32 OR BELOW: 7 0.50 INCH OR MORE: 1
MIN 0 OR BELOW: 0 1.00 INCH OR MORE: 0
[HDD (BASE 65) ]
TOTAL THIS MO. 291 CLEAR (SCALE 0-3) 18
DPTR FM NORMAL 41 PTCLDY (SCALE 4-7) 11
TOTAL FM JUL 1 2003 CLOUDY (SCALE 8-10) 2
DPTR FM NORMAL -108
[CDD (BASE 65) ]
TOTAL THIS MO. 22
DPTR FM NORMAL -9 [PRESSURE DATA]
TOTAL FM JAN 1 26 HIGHEST SLP 30.52 ON 12
DPTR FM NORMAL -16 LOWEST SLP 29.44 ON 30
[REMARKS]
#FINAL-03-22#