000
CXUS51 KPHI 012032
CLMTTN
CLIMATE REPORT
NATIONAL WEATHER SERVICE MOUNT HOLLY NJ
432 PM EDT MON MAY 01 2023
...................................
...THE TRENTON NJ CLIMATE SUMMARY FOR THE MONTH OF APRIL 2023...
CLIMATE NORMAL PERIOD: 1991 TO 2020
CLIMATE RECORD PERIOD: 1865 TO 2023
WEATHER OBSERVED NORMAL DEPART LAST YEAR`S
VALUE DATE(S) VALUE FROM VALUE
NORMAL
..............................................................
TEMPERATURE (F)
RECORD
HIGH 93 04/17/2002
04/18/1976
04/27/1915
LOW 11 04/01/1923
HIGHEST 85 MM MM 83
LOWEST 29 MM MM 32
AVG. MAXIMUM 66.0 62.9 3.1 60.5
AVG. MINIMUM 44.4 42.1 2.3 41.4
MEAN 55.2 52.5 2.7 51.0
DAYS MAX >= 90 0 0.2 -0.2 0
DAYS MAX <= 32 0 0.0 0.0 0
DAYS MIN <= 32 3 2.6 0.4 1
DAYS MIN <= 0 0 0.0 0.0 0
PRECIPITATION (INCHES)
RECORD
MAXIMUM 9.96 2007
MINIMUM 0.10 1990
TOTALS 4.86 3.63 1.23 5.60
DAILY AVG. 0.16 0.12 0.04 0.19
DAYS >= .01 11 11.5 -0.5 13
DAYS >= .10 7 6.3 0.7 10
DAYS >= .50 4 2.3 1.7 4
DAYS >= 1.00 1 0.8 0.2 1
GREATEST
24 HR. TOTAL 1.66 04/28 TO 04/29 1.88
SNOWFALL (INCHES)
TOTALS T
SINCE 7/1 2.1
SNOWDEPTH AVG. 0
DAYS >= 1.0 0
GREATEST
SNOW DEPTH 0
24 HR TOTAL T
DEGREE DAYS
HEATING TOTAL 305 387 -82 418
SINCE 7/1 4334 4808 -474 MM
COOLING TOTAL 20 12 8 4
SINCE 1/1 20 13 7 MM
..............................................................
WIND (MPH)
AVERAGE WIND SPEED 8.1
HIGHEST WIND SPEED/DIRECTION 29/160 DATE 04/22
HIGHEST GUST SPEED/DIRECTION 39/310 DATE 04/01
39/140 04/22
SKY COVER
POSSIBLE SUNSHINE (PERCENT) MM
AVERAGE SKY COVER 0.39
NUMBER OF DAYS FAIR 15
NUMBER OF DAYS PC 8
NUMBER OF DAYS CLOUDY 7
AVERAGE RH (PERCENT) 64
WEATHER CONDITIONS. NUMBER OF DAYS WITH
THUNDERSTORM 3 MIXED PRECIP 0
HEAVY RAIN 5 RAIN 8
LIGHT RAIN 11 FREEZING RAIN 0
LT FREEZING RAIN 0 HEAVY SNOW 0
SNOW 0 LIGHT SNOW 0
SLEET 0 FOG 15
FOG W/VIS <= 1/4 MILE 3 HAZE 1
- INDICATES NEGATIVE NUMBERS.
R INDICATES RECORD WAS SET OR TIED.
MM INDICATES DATA IS MISSING.
T INDICATES TRACE AMOUNT.
$$