000
CXUS54 KMEG 010900
CF6TUP
PRELIMINARY LOCAL CLIMATOLOGICAL DATA (WS FORM: F-6)
STATION: TUPELO
MONTH: OCTOBER
YEAR: 2021
LATITUDE: 34 16 N
LONGITUDE: 88 46 W
TEMPERATURE IN F: :PCPN: SNOW: WIND :SUNSHINE: SKY :PK WND
================================================================================
1 2 3 4 5 6A 6B 7 8 9 10 11 12 13 14 15 16 17 18
12Z AVG MX 2MIN
DY MAX MIN AVG DEP HDD CDD WTR SNW DPTH SPD SPD DIR MIN PSBL S-S WX SPD DR
================================================================================
1 88 68 78 8 0 13 0.00 0.0 0 2.2 10 150 M M 5 12 13 140
2 80 72 76 6 0 11 0.06 0.0 0 3.6 8 190 M M 9 1 11 170
3 83 70 77 7 0 12 0.28 0.0 0 4.6 12 240 M M 7 123 15 220
4 83 68 76 7 0 11 0.00 0.0 0 2.5 10 330 M M 6 1 13 350
5 80 64 72 3 0 7 0.12 0.0 0 6.5 20 60 M M 4 3 27 60
6 82 62 72 4 0 7 0.00 0.0 0 2.0 13 170 M M 4 16 170
7 85 61 73 5 0 8 0.00 0.0 0 1.7 8 20 M M 1 1 12 30
8 87 62 75 7 0 10 0.00 0.0 0 0.8 7 280 M M 0 1 10 250
9 88 64 76 9 0 11 0.00 0.0 0 3.3 10 190 M M 0 1 13 220
10 88 65 77 10 0 12 0.00 0.0 0 6.8 14 170 M M 0 1 18 170
11 86 69 78 12 0 13 0.02 0.0 0 9.4 25 180 M M 5 33 180
12 88 69 79 13 0 14 0.00 0.0 0 2.7 9 230 M M 5 12 14 230
13 87 72 80 14 0 15 0.00 0.0 0 8.1 16 190 M M 2 23 170
14 85 68 77 12 0 12 0.00 0.0 0 5.6 12 150 M M 1 14 170
15 88 64 76 11 0 11 0.58 0.0 0 6.2 22 350 M M 7 13 30 350
16 70 49 60 -4 5 0 0.00 0.0 0 9.6 22 330 M M 2 30 350
17 71 44 58 -6 7 0 0.00 0.0 0 4.5 13 10 M M 0 16 10
18 74 45 60 -4 5 0 0.00 0.0 0 2.0 10 160 M M 0 12 120
19 76 44 60 -3 5 0 0.00 0.0 0 3.4 12 180 M M 0 14 180
20 81 50 66 3 0 1 0.16 0.0 0 3.6 14 160 M M 4 1 19 170
21 82 56 69 7 0 4 0.03 0.0 0 4.8 13 250 M M 6 1 16 270
22 73 49 61 -1 4 0 0.00 0.0 0 2.8 8 330 M M 0 12 330
23 80 49 65 3 0 0 0.00 0.0 0 5.3 14 170 M M 0 1 17 190
24 82 60 71 10 0 6 0.00 0.0 0 8.4 20 180 M M 0 25 140
25 81 53 67 6 0 2 0.07 0.0 0 8.6 16 350 M M 4 1 22 310
26 72 47 60 0 5 0 0.00 0.0 0 4.6 13 10 M M 0 15 10
27 75 53 64 4 1 0 0.54 0.0 0 7.2 18 100 M M 3 1 25 110
28 63 54 59 -1 6 0 0.32 0.0 0 8.5 17 200 M M 10 1 26 200
29 57 51 54 -5 11 0 0.14 0.0 0 7.3 15 240 M M 10 18 22 250
30 62 54 58 -1 7 0 0.00 0.0 0 4.8 13 310 M M 10 1 19 320
31 72 48 60 2 5 0 0.00 0.0 0 3.7 12 330 M M 2 19 340
================================================================================
SM 2449 1804 61 180 2.32 0.0 155.1 M 107
================================================================================
AV 79.0 58.2 5.0 FASTST M M 3 MAX(MPH)
MISC ----> 25 180 33 180
================================================================================
NOTES:
# LAST OF SEVERAL OCCURRENCES
COLUMN 17 PEAK WIND IN M.P.H.
PRELIMINARY LOCAL CLIMATOLOGICAL DATA (WS FORM: F-6) , PAGE 2
STATION: TUPELO
MONTH: OCTOBER
YEAR: 2021
LATITUDE: 34 16 N
LONGITUDE: 88 46 W
[TEMPERATURE DATA] [PRECIPITATION DATA] SYMBOLS USED IN COLUMN 16
AVERAGE MONTHLY: 68.6 TOTAL FOR MONTH: 2.32 1 = FOG OR MIST
DPTR FM NORMAL: 4.2 DPTR FM NORMAL: -1.64 2 = FOG REDUCING VISIBILITY
HIGHEST: 88 ON 15,12 GRTST 24HR 0.77 ON 27-28 TO 1/4 MILE OR LESS
LOWEST: 44 ON 19,17 3 = THUNDER
SNOW, ICE PELLETS, HAIL 4 = ICE PELLETS
TOTAL MONTH: 0.0 INCH 5 = HAIL
GRTST 24HR 0.0 6 = FREEZING RAIN OR DRIZZLE
GRTST DEPTH: 0 7 = DUSTSTORM OR SANDSTORM:
VSBY 1/2 MILE OR LESS
8 = SMOKE OR HAZE
[NO. OF DAYS WITH] [WEATHER - DAYS WITH] 9 = BLOWING SNOW
X = TORNADO
MAX 32 OR BELOW: 0 0.01 INCH OR MORE: 11
MAX 90 OR ABOVE: 0 0.10 INCH OR MORE: 7
MIN 32 OR BELOW: 0 0.50 INCH OR MORE: 2
MIN 0 OR BELOW: 0 1.00 INCH OR MORE: 0
[HDD (BASE 65) ]
TOTAL THIS MO. 61 CLEAR (SCALE 0-3) 16
DPTR FM NORMAL -55 PTCLDY (SCALE 4-7) 11
TOTAL FM JUL 1 62 CLOUDY (SCALE 8-10) 4
DPTR FM NORMAL -60
[CDD (BASE 65) ]
TOTAL THIS MO. 180
DPTR FM NORMAL 82 [PRESSURE DATA]
TOTAL FM JAN 1 2304 HIGHEST SLP 30.30 ON 17
DPTR FM NORMAL 85 LOWEST SLP 29.44 ON 28
[REMARKS]
#FINAL-10-21#