000
CXUS54 KMEG 030659
CLMTUP
CLIMATE REPORT
NATIONAL WEATHER SERVICE MEMPHIS TN
1259 AM CST SUN DEC 03 2023
...................................
...THE TUPELO CLIMATE SUMMARY FOR THE MONTH OF NOVEMBER 2023...
CLIMATE NORMAL PERIOD 1991 TO 2020
CLIMATE RECORD PERIOD 1930 TO 2023
WEATHER OBSERVED NORMAL DEPART LAST YEAR`S
VALUE DATE(S) VALUE FROM VALUE DATE(S)
NORMAL
................................................................
TEMPERATURE (F)
RECORD
HIGH 88 11/01/2016
LOW 8 11/25/1950
HIGHEST 86 11/08 64 22 84 11/08
LOWEST 27 11/02 42 -15 23 11/21
11/29
AVG. MAXIMUM 67.2 64.3 2.9 65.8
AVG. MINIMUM 42.3 41.8 0.5 43.1
MEAN 54.7 53.0 1.7 54.5
DAYS MAX >= 90 0 0.0 0.0 0
DAYS MAX <= 32 0 0.0 0.0 0
DAYS MIN <= 32 7 6.6 0.4 9
DAYS MIN <= 0 0 0.0 0.0 0
PRECIPITATION (INCHES)
RECORD
MAXIMUM 14.89 1957
MINIMUM 0.66 1953
TOTALS 1.22 4.48 -3.26 3.19
DAILY AVG. 0.04 0.15 -0.11 0.11
DAYS >= .01 7 9.0 -2.0 11
DAYS >= .10 2 6.1 -4.1 6
DAYS >= .50 1 3.1 -2.1 3
DAYS >= 1.00 0 1.3 -1.3 1
GREATEST
24 HR. TOTAL 0.80 11/20 TO 11/20
SNOWFALL (INCHES)
RECORDS
TOTAL 1.5 1938
TOTALS 0.0 0.0 0.0 0.0
SINCE 7/1 0.0 0.0 0.0 MM
SNOWDEPTH AVG. 0 0
DAYS >= 1.0 0 0.0 0.0 0
GREATEST
SNOW DEPTH 0 0 MM
24 HR TOTAL MM
DEGREE DAYS
HEATING TOTAL 311 370 -59 343
SINCE 7/1 382 493 -111 MM
COOLING TOTAL 12 12 0 34
SINCE 1/1 2454 2231 223 MM
................................................................
WIND (MPH)
AVERAGE WIND SPEED 5.4
HIGHEST WIND SPEED/DIRECTION 22/170 DATE 11/20
HIGHEST GUST SPEED/DIRECTION 30/170 DATE 11/20
SKY COVER
POSSIBLE SUNSHINE (PERCENT) MM
AVERAGE SKY COVER 0.31
NUMBER OF DAYS FAIR 19
NUMBER OF DAYS PC 6
NUMBER OF DAYS CLOUDY 5
AVERAGE RH (PERCENT) 64
WEATHER CONDITIONS. NUMBER OF DAYS WITH
THUNDERSTORM 0 MIXED PRECIP 0
HEAVY RAIN 1 RAIN 2
LIGHT RAIN 8 FREEZING RAIN 0
LT FREEZING RAIN 0 HAIL 0
HEAVY SNOW 0 SNOW 0
LIGHT SNOW 0 SLEET 0
FOG 9 FOG W/VIS <= 1/4 MILE 1
HAZE 4
- INDICATES NEGATIVE NUMBERS.
R INDICATES RECORD WAS SET OR TIED.
MM INDICATES DATA IS MISSING.
T INDICATES TRACE AMOUNT.
$$