000
CXUS53 KAPX 010830
CF6TVC
PRELIMINARY LOCAL CLIMATOLOGICAL DATA (WS FORM: F-6)
STATION: TRAVERSE CITY MI
MONTH: NOVEMBER
YEAR: 2022
LATITUDE: 44 44 N
LONGITUDE: 85 34 W
TEMPERATURE IN F: :PCPN: SNOW: WIND :SUNSHINE: SKY :PK WND
================================================================================
1 2 3 4 5 6A 6B 7 8 9 10 11 12 13 14 15 16 17 18
12Z AVG MX 2MIN
DY MAX MIN AVG DEP HDD CDD WTR SNW DPTH SPD SPD DIR MIN PSBL S-S WX SPD DR
================================================================================
1 69 38 54 10 11 0 0.00 M M 4.3 13 250 M M 1 1 17 260
2 73 40 57 13 8 0 0.00 M M 4.8 15 180 M M 0 22 190
3 75 46 61 18 4 0 0.00 M M 9.8 21 190 M M 3 34 230
4 69 59 64 21 1 0 1.02 M M 8.6 18 200 M M 9 1 32 210
5 65 50 58 16 7 0 0.90 M M 12.3 31 200 M M 10 1 53 190
6 58 45 52 10 13 0 0.00 M M 13.1 25 250 M M 6 44 250
7 52 42 47 5 18 0 0.00 M M 11.4 26 260 M M 4 40 260
8 52 33 43 2 22 0 0.00 M M 4.9 15 20 M M 5 23 30
9 62 40 51 10 14 0 T M M 8.2 15 180 M M 6 26 160
10 77 61 69 28 0 4 0.00 M M 11.7 20 190 M M 4 32 200
11 66 37 52 12 13 0 0.00 M M 11.3 23 270 M M 9 30 270
12 38 33 36 -4 29 0 0.01 M M 11.6 22 330 M M 9 18 30 340
13 34 29 32 -8 33 0 0.08 M M 7.2 18 330 M M 10 18 26 330
14 39 28 34 -5 31 0 M M M 2.7 8 180 M M 9 1 13 180
15 35 25 30 -9 35 0 0.07 M M 4.9 13 40 M M 8 1 20 30
16 35 30 33 -5 32 0 0.21 M M 6.1 14 360 M M 10 1 20 360
17 35 29 32 -6 33 0 0.06 M M 6.8 14 260 M M 10 18 22 240
18 33 24 29 -9 36 0 0.24 M M 7.5 21 250 M M 10 129 27 250
19 26 20 23 -14 42 0 0.09 M M 12.8 24 300 M M 10 1289 33 290
20 28 20 24 -13 41 0 T M M 12.8 24 280 M M 9 189 32 290
21 39 26 33 -4 32 0 0.00 M M 10.1 28 260 M M 6 38 260
22 39 29 34 -2 31 0 T M M 4.5 10 220 M M 10 15 200
23 51 21 36 0 29 0 0.00 M M 2.7 8 180 M M 1 18 11 190
24 52 29 41 5 24 0 T M M 6.9 15 300 M M 6 18 21 190
25 46 36 41 6 24 0 0.00 M M 10.0 22 320 M M 6 1 30 310
26 58 38 48 13 17 0 0.00 M M 11.1 21 220 M M 2 33 230
27 46 37 42 7 23 0 0.06 M M 7.6 18 330 M M 7 29 340
28 42 35 39 5 26 0 0.00 M M 4.1 14 350 M M 9 20 320
29 54 36 45 11 20 0 0.08 M M 10.0 22 150 M M 8 1 38 130
30 53 26 40 6 25 0 T M M 19.5 28 260 M M 10 9 39 260
================================================================================
SM 1501 1042 674 4 2.82 M 259.3 M 207
================================================================================
AV 50.0 34.7 8.6 FASTST M M 7 MAX(MPH)
MISC ----> 31 200 53 190
================================================================================
NOTES:
# LAST OF SEVERAL OCCURRENCES
COLUMN 17 PEAK WIND IN M.P.H.
PRELIMINARY LOCAL CLIMATOLOGICAL DATA (WS FORM: F-6) , PAGE 2
STATION: TRAVERSE CITY MI
MONTH: NOVEMBER
YEAR: 2022
LATITUDE: 44 44 N
LONGITUDE: 85 34 W
[TEMPERATURE DATA] [PRECIPITATION DATA] SYMBOLS USED IN COLUMN 16
AVERAGE MONTHLY: 42.4 TOTAL FOR MONTH: 2.82 1 = FOG OR MIST
DPTR FM NORMAL: 3.7 DPTR FM NORMAL: 0.59 2 = FOG REDUCING VISIBILITY
HIGHEST: 77 ON 10 GRTST 24HR 1.83 ON 4- 5 TO 1/4 MILE OR LESS
LOWEST: 20 ON 20,19 3 = THUNDER
SNOW, ICE PELLETS, HAIL 4 = ICE PELLETS
TOTAL MONTH: M 5 = HAIL
GRTST 24HR M ON M 6 = FREEZING RAIN OR DRIZZLE
GRTST DEPTH: M ON M 7 = DUSTSTORM OR SANDSTORM:
VSBY 1/2 MILE OR LESS
8 = SMOKE OR HAZE
[NO. OF DAYS WITH] [WEATHER - DAYS WITH] 9 = BLOWING SNOW
X = TORNADO
MAX 32 OR BELOW: 2 0.01 INCH OR MORE: 11
MAX 90 OR ABOVE: 0 0.10 INCH OR MORE: 4
MIN 32 OR BELOW: 13 0.50 INCH OR MORE: 2
MIN 0 OR BELOW: 0 1.00 INCH OR MORE: 1
[HDD (BASE 65) ]
TOTAL THIS MO. 674 CLEAR (SCALE 0-3) 4
DPTR FM NORMAL -115 PTCLDY (SCALE 4-7) 11
TOTAL FM JUL 1 1269 CLOUDY (SCALE 8-10) 15
DPTR FM NORMAL -192
[CDD (BASE 65) ]
TOTAL THIS MO. 4
DPTR FM NORMAL 4 [PRESSURE DATA]
TOTAL FM JAN 1 694 HIGHEST SLP 30.78 ON 8
DPTR FM NORMAL 159 LOWEST SLP 29.31 ON 30
[REMARKS]
#FINAL-11-22#