000
CXUS54 KJAN 022133
CF6TVR
PRELIMINARY LOCAL CLIMATOLOGICAL DATA (WS FORM: F-6)
STATION: VICKSBURG
MONTH: FEBRUARY
YEAR: 2023
LATITUDE: 32 20 N
LONGITUDE: 91 2 W
TEMPERATURE IN F: :PCPN: SNOW: WIND :SUNSHINE: SKY :PK WND
================================================================================
1 2 3 4 5 6A 6B 7 8 9 10 11 12 13 14 15 16 17 18
12Z AVG MX 2MIN
DY MAX MIN AVG DEP HDD CDD WTR SNW DPTH SPD SPD DIR MIN PSBL S-S WX SPD DR
================================================================================
1 37 33 35 -14 30 0 0.37 0.0 0 9.0 16 10 M M 10 1 22 360
2 40 35 38 -11 27 0 1.39 0.0 0 10.1 17 360 M M 10 13 23 10
3 50 32 41 -8 24 0 0.00 0.0 0 7.6 15 360 M M 2 20 10
4 59 31 45 -5 20 0 0.00 0.0 0 1.9 9 150 M M 0 18 12 140
5 67 36 52 2 13 0 0.00 0.0 0 1.5 7 260 M M 2 1 12 240
6 72 42 57 7 8 0 0.00 0.0 0 6.0 15 160 M M 0 1 19 160
7 77 48 63 13 2 0 0.00 0.0 0 3.7 9 170 M M 2 12 170
8 81 59 70 20 0 5 0.76 0.0 0 10.8 24 170 M M 7 13 33 160
9 65 45 55 5 10 0 0.00 0.0 0 3.5 15 270 M M 1 24 280
10 64 41 53 2 12 0 0.00 0.0 0 6.8 15 20 M M 0 20 350
11 50 43 47 -4 18 0 0.00 0.0 0 10.7 22 360 M M 7 8 29 10
12 61 38 50 -1 15 0 0.00 0.0 0 4.9 12 300 M M 1 19 330
13 72 35 54 3 11 0 0.00 0.0 0 1.7 12 180 M M 0 18 170
14 71 50 61 9 4 0 0.46 0.0 0 10.5 31 170 M M 6 1 42 170
15 78 60 69 17 0 4 T 0.0 0 9.0 20 170 M M 6 12 29 180
16 80 49 65 13 0 0 0.74 0.0 0 8.9 18 180 M M 9 123 29 320
17 50 34 42 -10 23 0 0.00 0.0 0 8.8 21 360 M M 5 32 350
18 57 29 43 -9 22 0 0.00 0.0 0 2.9 12 80 M M 0 16 80
19 68 40 54 1 11 0 0.00 0.0 0 4.6 10 180 M M 0 21 240
20 79 60 70 17 0 5 0.00 0.0 0 5.6 12 200 M M 5 27 240
21 80 69 75 22 0 10 0.00 0.0 0 7.9 17 180 M M 7 29 190
22 81 66 74 20 0 9 0.01 0.0 0 13.0 25 180 M M 8 38 180
23 87 67 77 23 0 12 T 0.0 0 5.8 15 170 M M 6 18 19 170
24 71 57 64 10 1 0 0.01 0.0 0 7.9 13 360 M M 6 18 320
25 65 56 61 7 4 0 0.00 0.0 0 3.6 14 10 M M 9 18 18 10
26 81 56 69 15 0 4 T 0.0 0 4.9 17 180 M M 7 12 30 180
27 85 57 71 16 0 6 T 0.0 0 6.8 18 180 M M 5 31 230
28 85 47 66 11 0 1 0.00 0.0 0 4.6 14 180 M M 0 18 19 170
================================================================================
SM 1913 1315 255 56 3.74 0.0 183.0 M 121
================================================================================
AV 68.3 47.0 6.5 FASTST M M 4 MAX(MPH)
MISC ----> 31 170 42 170
================================================================================
NOTES:
# LAST OF SEVERAL OCCURRENCES
COLUMN 17 PEAK WIND IN M.P.H.
PRELIMINARY LOCAL CLIMATOLOGICAL DATA (WS FORM: F-6) , PAGE 2
STATION: VICKSBURG
MONTH: FEBRUARY
YEAR: 2023
LATITUDE: 32 20 N
LONGITUDE: 91 2 W
[TEMPERATURE DATA] [PRECIPITATION DATA] SYMBOLS USED IN COLUMN 16
AVERAGE MONTHLY: 57.6 TOTAL FOR MONTH: 3.74 1 = FOG OR MIST
DPTR FM NORMAL: 5.8 DPTR FM NORMAL: -1.37 2 = FOG REDUCING VISIBILITY
HIGHEST: 87 ON 23 GRTST 24HR 1.46 ON 1- 2 TO 1/4 MILE OR LESS
LOWEST: 29 ON 18 3 = THUNDER
SNOW, ICE PELLETS, HAIL 4 = ICE PELLETS
TOTAL MONTH: 0.0 INCH 5 = HAIL
GRTST 24HR 0.0 6 = FREEZING RAIN OR DRIZZLE
GRTST DEPTH: 0 7 = DUSTSTORM OR SANDSTORM:
VSBY 1/2 MILE OR LESS
8 = SMOKE OR HAZE
[NO. OF DAYS WITH] [WEATHER - DAYS WITH] 9 = BLOWING SNOW
X = TORNADO
MAX 32 OR BELOW: 0 0.01 INCH OR MORE: 7
MAX 90 OR ABOVE: 0 0.10 INCH OR MORE: 5
MIN 32 OR BELOW: 3 0.50 INCH OR MORE: 3
MIN 0 OR BELOW: 0 1.00 INCH OR MORE: 1
[HDD (BASE 65) ]
TOTAL THIS MO. 255 CLEAR (SCALE 0-3) 12
DPTR FM NORMAL -127 PTCLDY (SCALE 4-7) 12
TOTAL FM JUL 1 1405 CLOUDY (SCALE 8-10) 4
DPTR FM NORMAL -391
[CDD (BASE 65) ]
TOTAL THIS MO. 56
DPTR FM NORMAL 44 [PRESSURE DATA]
TOTAL FM JAN 1 83 HIGHEST SLP 30.57 ON 4
DPTR FM NORMAL 73 LOWEST SLP 29.73 ON 27
[REMARKS]
#FINAL-02-23#