000
CXUS54 KJAN 022010
CF6TVR
PRELIMINARY LOCAL CLIMATOLOGICAL DATA (WS FORM: F-6)
STATION: VICKSBURG
MONTH: MARCH
YEAR: 2024
LATITUDE: 32 20 N
LONGITUDE: 91 2 W
TEMPERATURE IN F: :PCPN: SNOW: WIND :SUNSHINE: SKY :PK WND
================================================================================
1 2 3 4 5 6A 6B 7 8 9 10 11 12 13 14 15 16 17 18
12Z AVG MX 2MIN
DY MAX MIN AVG DEP HDD CDD WTR SNW DPTH SPD SPD DIR MIN PSBL S-S WX SPD DR
================================================================================
1 56 44 50 -5 15 0 0.05 0.0 0 5.2 13 110 M M 10 18 17 120
2 74 48 61 5 4 0 0.00 0.0 0 4.0 10 150 M M 5 12 13 130
3 80 52 66 10 0 1 0.00 0.0 0 6.9 15 170 M M 7 1 21 160
4 78 60 69 13 0 4 0.16 0.0 0 7.4 20 130 M M 8 13 25 140
5 74 55 65 9 0 0 0.29 0.0 0 2.8 14 60 M M 7 123 19 360
6 72 50 61 4 4 0 0.00 0.0 0 5.1 14 10 M M 7 128 18 360
7 76 57 67 10 0 2 0.00 0.0 0 6.2 17 160 M M 4 1 24 150
8 69 59 64 7 1 0 1.86 0.0 0 5.6 16 170 M M 7 123 25 140
9 64 45 55 -2 10 0 T 0.0 0 5.1 16 360 M M 8 24 310
10 65 43 54 -4 11 0 0.00 0.0 0 4.7 14 360 M M 0 18 21 10
11 67 42 55 -3 10 0 0.00 0.0 0 2.3 13 120 M M 0 1 15 130
12 75 42 59 1 6 0 0.00 0.0 0 2.8 13 170 M M 0 19 160
13 80 55 68 10 0 3 0.00 0.0 0 7.5 17 160 M M 3 24 150
14 83 61 72 13 0 7 0.00 0.0 0 10.4 21 160 M M 5 28 180
15 76 59 68 9 0 3 0.17 0.0 0 5.4 22 20 M M 6 123 37 290
16 72 53 63 4 2 0 0.23 0.0 0 4.9 13 360 M M 6 138 18 310
17 66 55 61 1 4 0 0.34 0.0 0 5.0 16 100 M M 8 1 22 110
18 59 40 50 -10 15 0 0.00 0.0 0 10.2 21 10 M M 3 29 300
19 62 32 47 -13 18 0 0.00 0.0 0 2.2 9 170 M M 0 12 170
20 74 40 57 -3 8 0 0.00 0.0 0 1.7 9 170 M M 2 15 190
21 71 49 60 0 5 0 T 0.0 0 2.9 13 150 M M 4 18 140
22 61 53 57 -4 8 0 0.51 0.0 0 6.1 20 10 M M 10 1 24 360
23 63 46 55 -6 10 0 T 0.0 0 10.6 24 10 M M 2 34 350
24 70 44 57 -4 8 0 T 0.0 0 9.6 20 160 M M 1 25 160
25 77 58 68 7 0 3 1.05 0.0 0 14.1 31 150 M M 9 13 45 150
26 72 50 61 -1 4 0 T 0.0 0 2.9 10 320 M M 3 1 17 300
27 63 45 54 -8 11 0 0.00 0.0 0 8.0 17 10 M M 0 8 23 360
28 71 43 57 -5 8 0 0.00 0.0 0 3.3 9 10 M M 0 18 290
29 78 43 61 -1 4 0 0.00 0.0 0 3.8 13 150 M M 0 17 170
30 80 50 65 3 0 0 0.00 0.0 0 5.8 16 170 M M 2 31 170
31 78 60 69 6 0 4 0.00 0.0 0 7.0 14 180 M M 5 21 200
================================================================================
SM 2206 1533 166 27 4.66 0.0 179.5 M 132
================================================================================
AV 71.2 49.5 5.8 FASTST M M 4 MAX(MPH)
MISC ----> 31 150 45 150
================================================================================
NOTES:
# LAST OF SEVERAL OCCURRENCES
COLUMN 17 PEAK WIND IN M.P.H.
PRELIMINARY LOCAL CLIMATOLOGICAL DATA (WS FORM: F-6) , PAGE 2
STATION: VICKSBURG
MONTH: MARCH
YEAR: 2024
LATITUDE: 32 20 N
LONGITUDE: 91 2 W
[TEMPERATURE DATA] [PRECIPITATION DATA] SYMBOLS USED IN COLUMN 16
AVERAGE MONTHLY: 60.3 TOTAL FOR MONTH: 4.66 1 = FOG OR MIST
DPTR FM NORMAL: 1.2 DPTR FM NORMAL: -0.36 2 = FOG REDUCING VISIBILITY
HIGHEST: 83 ON 14 GRTST 24HR 1.86 ON 8- 8 TO 1/4 MILE OR LESS
LOWEST: 32 ON 19 3 = THUNDER
SNOW, ICE PELLETS, HAIL 4 = ICE PELLETS
TOTAL MONTH: 0.0 INCH 5 = HAIL
GRTST 24HR 0.0 6 = FREEZING RAIN OR DRIZZLE
GRTST DEPTH: 0 7 = DUSTSTORM OR SANDSTORM:
VSBY 1/2 MILE OR LESS
8 = SMOKE OR HAZE
[NO. OF DAYS WITH] [WEATHER - DAYS WITH] 9 = BLOWING SNOW
X = TORNADO
MAX 32 OR BELOW: 0 0.01 INCH OR MORE: 9
MAX 90 OR ABOVE: 0 0.10 INCH OR MORE: 8
MIN 32 OR BELOW: 1 0.50 INCH OR MORE: 3
MIN 0 OR BELOW: 0 1.00 INCH OR MORE: 2
[HDD (BASE 65) ]
TOTAL THIS MO. 166 CLEAR (SCALE 0-3) 14
DPTR FM NORMAL -55 PTCLDY (SCALE 4-7) 13
TOTAL FM JUL 1 1831 CLOUDY (SCALE 8-10) 4
DPTR FM NORMAL -185
[CDD (BASE 65) ]
TOTAL THIS MO. 27
DPTR FM NORMAL -12 [PRESSURE DATA]
TOTAL FM JAN 1 40 HIGHEST SLP 30.36 ON 11
DPTR FM NORMAL -16 LOWEST SLP 29.47 ON 25
[REMARKS]
#FINAL-03-24#