000
CXUS54 KSHV 011300
CF6TYR
PRELIMINARY LOCAL CLIMATOLOGICAL DATA (WS FORM: F-6)
STATION: TYLER
MONTH: JULY
YEAR: 2022
LATITUDE: 32 22 N
LONGITUDE: 95 24 W
TEMPERATURE IN F: :PCPN: SNOW: WIND :SUNSHINE: SKY :PK WND
================================================================================
1 2 3 4 5 6A 6B 7 8 9 10 11 12 13 14 15 16 17 18
12Z AVG MX 2MIN
DY MAX MIN AVG DEP HDD CDD WTR SNW DPTH SPD SPD DIR MIN PSBL S-S WX SPD DR
================================================================================
1 95 73 84 1 0 19 0.00 0.0 0 7.6 17 120 M M 2 8 20 120
2 88 74 81 -2 0 16 0.00 0.0 0 5.6 13 140 M M 3 8 14 120
3 100 78 89 6 0 24 0.00 0.0 0 8.8 16 220 M M 2 24 220
4 99 77 88 5 0 23 0.00 0.0 0 8.9 18 180 M M 2 22 180
5 100 77 89 6 0 24 0.00 0.0 0 8.9 17 210 M M 2 24 240
6 102 77 90 6 0 25 0.00 0.0 0 8.9 16 170 M M 0 22 160
7 101 80 91 7 0 26 0.00 0.0 0 10.2 16 210 M M 0 22 210
8 103 81 92 8 0 27 0.00 0.0 0 8.9 16 220 M M 0 21 230
9 107 82 95 11 0 30 0.01 0.0 0 6.4 20 40 M M 2 3 26 30
10 103 78 91 7 0 26 0.00 0.0 0 6.7 17 110 M M 0 23 120
11 103 79 91 7 0 26 0.00 0.0 0 7.1 15 100 M M 3 18 110
12 106 79 93 9 0 28 0.00 0.0 0 6.7 16 60 M M 0 22 60
13 106 77 92 8 0 27 0.00 0.0 0 5.0 21 120 M M 0 25 120
14 93 71 82 -2 0 17 0.64 0.0 0 8.8 21 40 M M 2 13 25 50
15 97 74 86 2 0 21 0.00 0.0 0 6.6 16 120 M M 1 23 130
16 98 74 86 2 0 21 0.00 0.0 0 7.6 14 190 M M 0 21 180
17 101 78 90 5 0 25 0.00 0.0 0 9.1 15 180 M M 0 19 170
18 102 82 92 7 0 27 T 0.0 0 11.5 21 180 M M 1 26 180
19 104 81 93 8 0 28 0.00 0.0 0 14.5 22 200 M M 0 28 200
20 106 80 93 8 0 28 0.00 0.0 0 11.9 23 200 M M 0 28 210
21 96 81 89 4 0 24 0.00 0.0 0 8.8 18 230 M M 1 23 230
22 89 75 82 -3 0 17 0.01 0.0 0 8.2 28 110 M M 2 3 33 110
23 100 73 87 2 0 22 0.00 0.0 0 8.9 16 190 M M 3 20 190
24 102 79 91 6 0 26 0.00 0.0 0 9.2 18 210 M M 1 22 170
25 103 81 92 7 0 27 0.00 0.0 0 9.3 16 150 M M 1 21 190
26 102 79 91 6 0 26 0.00 0.0 0 9.9 16 180 M M 0 21 170
27 102 79 91 6 0 26 0.00 0.0 0 10.8 22 160 M M 1 27 160
28 102 80 91 6 0 26 0.00 0.0 0 9.5 16 170 M M 1 20 170
29 102 78 90 5 0 25 0.00 0.0 0 9.1 18 180 M M 1 32 200
30 101 81 91 6 0 26 T 0.0 0 10.0 18 130 M M 1 3 24 90
31 102 80 91 5 0 26 0.00 0.0 0 9.3 17 200 M M 0 22 200
================================================================================
SM 3115 2418 0 759 0.66 0.0 272.7 M 32
================================================================================
AV100.5 78.0 8.8 FASTST M M 1 MAX(MPH)
MISC ----> 28 110 33 110
================================================================================
NOTES:
# LAST OF SEVERAL OCCURRENCES
COLUMN 17 PEAK WIND IN M.P.H.
PRELIMINARY LOCAL CLIMATOLOGICAL DATA (WS FORM: F-6) , PAGE 2
STATION: TYLER
MONTH: JULY
YEAR: 2022
LATITUDE: 32 22 N
LONGITUDE: 95 24 W
[TEMPERATURE DATA] [PRECIPITATION DATA] SYMBOLS USED IN COLUMN 16
AVERAGE MONTHLY: 89.2 TOTAL FOR MONTH: 0.66 1 = FOG OR MIST
DPTR FM NORMAL: 4.8 DPTR FM NORMAL: -1.44 2 = FOG REDUCING VISIBILITY
HIGHEST: 107 ON 9 GRTST 24HR 0.64 ON 14-14 TO 1/4 MILE OR LESS
LOWEST: 71 ON 14 3 = THUNDER
SNOW, ICE PELLETS, HAIL 4 = ICE PELLETS
TOTAL MONTH: 0.0 INCH 5 = HAIL
GRTST 24HR 0.0 6 = FREEZING RAIN OR DRIZZLE
GRTST DEPTH: 0 7 = DUSTSTORM OR SANDSTORM:
VSBY 1/2 MILE OR LESS
8 = SMOKE OR HAZE
[NO. OF DAYS WITH] [WEATHER - DAYS WITH] 9 = BLOWING SNOW
X = TORNADO
MAX 32 OR BELOW: 0 0.01 INCH OR MORE: 3
MAX 90 OR ABOVE: 29 0.10 INCH OR MORE: 1
MIN 32 OR BELOW: 0 0.50 INCH OR MORE: 1
MIN 0 OR BELOW: 0 1.00 INCH OR MORE: 0
[HDD (BASE 65) ]
TOTAL THIS MO. 0 CLEAR (SCALE 0-3) 29
DPTR FM NORMAL 0 PTCLDY (SCALE 4-7) 2
TOTAL FM JUL 1 0 CLOUDY (SCALE 8-10) 0
DPTR FM NORMAL 0
[CDD (BASE 65) ]
TOTAL THIS MO. 759
DPTR FM NORMAL 158 [PRESSURE DATA]
TOTAL FM JAN 1 1963 HIGHEST SLP M ON M
DPTR FM NORMAL 457 LOWEST SLP 29.75 ON 11
[REMARKS]
#FINAL-07-22#