000
CXUS54 KMRX 011030
CF6TYS
PRELIMINARY LOCAL CLIMATOLOGICAL DATA (WS FORM: F-6)
STATION: KNOXVILLE MCGHEE TYSON AIRPORT
MONTH: OCTOBER
YEAR: 2021
LATITUDE: 35 49 N
LONGITUDE: 83 59 W
TEMPERATURE IN F: :PCPN: SNOW: WIND :SUNSHINE: SKY :PK WND
================================================================================
1 2 3 4 5 6A 6B 7 8 9 10 11 12 13 14 15 16 17 18
12Z AVG MX 2MIN
DY MAX MIN AVG DEP HDD CDD WTR SNW DPTH SPD SPD DIR MIN PSBL S-S WX SPD DR
================================================================================
1 82 60 71 5 0 6 0.00 0.0 0 3.4 10 40 M M 7 13 30
2 81 63 72 6 0 7 0.00 0.0 0 3.0 15 230 M M 7 18 22 230
3 71 67 69 3 0 4 0.77 0.0 0 5.2 14 210 M M 10 1 19 200
4 81 66 74 9 0 9 0.06 0.0 0 3.1 10 190 M M 9 1 13 200
5 72 64 68 3 0 3 0.03 0.0 0 2.9 8 40 M M 10 10 30
6 80 66 73 9 0 8 0.13 0.0 0 5.7 10 90 M M 9 1 19 160
7 82 64 73 9 0 8 2.39 0.0 0 5.2 23 200 M M 9 13 35 170
8 79 63 71 7 0 6 0.08 0.0 0 1.2 8 20 M M 7 1 12 10
9 80 60 70 7 0 5 0.00 0.0 0 2.4 8 50 M M 4 12 12 60
10 80 57 69 6 0 4 0.00 0.0 0 2.1 8 360 M M 3 1 17 340
11 80 59 70 8 0 5 0.00 0.0 0 3.6 12 230 M M 6 12 15 230
12 73 59 66 4 0 1 0.00 0.0 0 1.6 8 220 M M 6 1 13 270
13 82 60 71 9 0 6 0.00 0.0 0 2.1 9 330 M M 8 1 12 330
14 83 64 74 13 0 9 0.00 0.0 0 1.6 8 250 M M 7 12 10 310
15 82 66 74 13 0 9 T 0.0 0 7.5 16 210 M M 6 1 20 210
16 72 48 60 0 5 0 0.27 0.0 0 9.6 22 280 M M 6 1 30 280
17 65 42 54 -6 11 0 0.00 0.0 0 2.3 14 340 M M 0 21 350
18 70 42 56 -4 9 0 0.00 0.0 0 0.9 7 300 M M 0 11 260
19 72 43 58 -1 7 0 0.00 0.0 0 1.1 6 280 M M 3 9 280
20 74 44 59 0 6 0 0.00 0.0 0 2.6 14 230 M M 3 12 17 220
21 73 56 65 7 0 0 0.23 0.0 0 8.3 22 210 M M 8 13 28 200
22 63 53 58 0 7 0 0.00 0.0 0 6.1 13 280 M M 9 1 19 270
23 69 47 58 1 7 0 0.00 0.0 0 3.2 8 280 M M 5 128 11 320
24 75 46 61 4 4 0 0.00 0.0 0 5.3 14 230 M M 4 1 17 240
25 73 50 62 5 3 0 0.20 0.0 0 9.3 26 290 M M 6 1 39 280
26 57 41 49 -7 16 0 T 0.0 0 5.0 14 10 M M 8 1 19 20
27 63 39 51 -5 14 0 0.00 0.0 0 6.6 15 20 M M 3 1 20 40
28 69 45 57 2 8 0 0.05 0.0 0 5.8 21 160 M M 8 1 30 160
29 55 48 52 -3 13 0 0.08 0.0 0 6.2 16 220 M M 10 12 20 260
30 55 49 52 -3 13 0 0.24 0.0 0 11.9 17 220 M M 10 1 24 210
31 61 48 55 1 10 0 T 0.0 0 5.7 13 280 M M 8 18 310
================================================================================
SM 2254 1679 133 90 4.53 0.0 140.5 M 199
================================================================================
AV 72.7 54.2 4.5 FASTST M M 6 MAX(MPH)
MISC ----> 26 290 39 280
================================================================================
NOTES:
# LAST OF SEVERAL OCCURRENCES
COLUMN 17 PEAK WIND IN M.P.H.
PRELIMINARY LOCAL CLIMATOLOGICAL DATA (WS FORM: F-6) , PAGE 2
STATION: KNOXVILLE MCGHEE TYSON AIRPORT
MONTH: OCTOBER
YEAR: 2021
LATITUDE: 35 49 N
LONGITUDE: 83 59 W
[TEMPERATURE DATA] [PRECIPITATION DATA] SYMBOLS USED IN COLUMN 16
AVERAGE MONTHLY: 63.4 TOTAL FOR MONTH: 4.53 1 = FOG OR MIST
DPTR FM NORMAL: 3.1 DPTR FM NORMAL: 1.72 2 = FOG REDUCING VISIBILITY
HIGHEST: 83 ON 14 GRTST 24HR 2.43 ON 7- 8 TO 1/4 MILE OR LESS
LOWEST: 39 ON 27 3 = THUNDER
SNOW, ICE PELLETS, HAIL 4 = ICE PELLETS
TOTAL MONTH: 0.0 INCH 5 = HAIL
GRTST 24HR 0.0 6 = FREEZING RAIN OR DRIZZLE
GRTST DEPTH: 0 7 = DUSTSTORM OR SANDSTORM:
VSBY 1/2 MILE OR LESS
8 = SMOKE OR HAZE
[NO. OF DAYS WITH] [WEATHER - DAYS WITH] 9 = BLOWING SNOW
X = TORNADO
MAX 32 OR BELOW: 0 0.01 INCH OR MORE: 12
MAX 90 OR ABOVE: 0 0.10 INCH OR MORE: 7
MIN 32 OR BELOW: 0 0.50 INCH OR MORE: 2
MIN 0 OR BELOW: 0 1.00 INCH OR MORE: 1
[HDD (BASE 65) ]
TOTAL THIS MO. 133 CLEAR (SCALE 0-3) 3
DPTR FM NORMAL -55 PTCLDY (SCALE 4-7) 20
TOTAL FM JUL 1 148 CLOUDY (SCALE 8-10) 8
DPTR FM NORMAL -56
[CDD (BASE 65) ]
TOTAL THIS MO. 90
DPTR FM NORMAL 48 [PRESSURE DATA]
TOTAL FM JAN 1 1633 HIGHEST SLP 30.32 ON 20
DPTR FM NORMAL 64 LOWEST SLP 29.42 ON 29
[REMARKS]
#FINAL-10-21#