000
CXUS53 KLSX 011500
CF6UIN
PRELIMINARY LOCAL CLIMATOLOGICAL DATA (WS FORM: F-6)
STATION: QUINCY IL
MONTH: NOVEMBER
YEAR: 2023
LATITUDE: 39 57 N
LONGITUDE: 91 12 W
TEMPERATURE IN F: :PCPN: SNOW: WIND :SUNSHINE: SKY :PK WND
================================================================================
1 2 3 4 5 6A 6B 7 8 9 10 11 12 13 14 15 16 17 18
12Z AVG MX 2MIN
DY MAX MIN AVG DEP HDD CDD WTR SNW DPTH SPD SPD DIR MIN PSBL S-S WX SPD DR
================================================================================
1 46 21 34 -14 31 0 0.00 0.0 0 7.9 17 200 M M 0 24 210
2 60 31 46 -2 19 0 0.00 0.0 0 10.8 18 190 M M 0 27 240
3 64 46 55 7 10 0 0.00 0.0 0 11.5 25 200 M M 2 32 190
4 59 37 48 1 17 0 0.00 0.0 0 4.2 9 20 M M 0 8 12 270
5 65 34 50 3 15 0 0.00 0.0 0 7.5 15 170 M M 0 12 21 210
6 71 52 62 16 3 0 0.00 0.0 0 9.2 17 250 M M 2 26 240
7 71 45 58 12 7 0 0.00 0.0 0 9.7 20 110 M M 1 29 110
8 75 49 62 17 3 0 T 0.0 0 10.7 23 330 M M 5 1 29 330
9 58 35 47 2 18 0 0.00 0.0 0 8.3 20 330 M M 0 8 28 330
10 50 31 41 -3 24 0 0.00 0.0 0 7.0 14 320 M M 0 19 330
11 52 29 41 -3 24 0 0.00 0.0 0 6.3 13 130 M M 2 17 150
12 62 37 50 6 15 0 0.00 0.0 0 8.8 16 200 M M 2 23 210
13 67 40 54 11 11 0 0.00 0.0 0 5.3 14 10 M M 0 8 21 330
14 64 38 51 8 14 0 0.00 0.0 0 8.8 18 200 M M 0 26 200
15 70 39 55 13 10 0 0.00 0.0 0 7.7 14 210 M M 0 18 210
16 65 44 55 13 10 0 T 0.0 0 11.2 23 200 M M 2 36 200
17 61 34 48 6 17 0 T 0.0 0 9.9 23 320 M M 3 8 29 320
18 57 27 42 1 23 0 0.00 0.0 0 5.3 13 240 M M 0 19 230
19 60 33 47 6 18 0 0.01 0.0 0 5.2 10 130 M M 1 14 120
20 48 42 45 5 20 0 0.31 0.0 0 9.6 17 70 M M 10 18 24 70
21 48 39 44 4 21 0 0.00 0.0 0 14.6 21 320 M M 9 1 29 330
22 45 34 40 0 25 0 0.00 0.0 0 8.2 16 340 M M 4 20 340
23 50 32 41 2 24 0 0.00 0.0 0 10.1 16 340 M M 0 22 20
24 37 28 33 -6 32 0 0.00 0.0 0 12.2 22 30 M M 1 26 20
25 43 27 35 -3 30 0 T M 0 5.4 12 110 M M 2 15 110
26 35 27 31 -7 34 0 M M M 9.8 23 280 M M 9 18 31 290
27 31 19 25 -13 40 0 0.00 0.0 M 10.4 20 280 M M 2 26 290
28 29 11 20 -17 45 0 0.00 0.0 M 7.1 14 340 M M 1 17 160
29 54 26 40 3 25 0 0.00 0.0 M 8.0 15 210 M M 0 20 210
30 58 39 49 13 16 0 0.04 0.0 0 10.1 20 210 M M 5 1 27 210
================================================================================
SM 1655 1026 601 0 0.36 0.0 260.8 M 63
================================================================================
AV 55.2 34.2 8.7 FASTST M M 2 MAX(MPH)
MISC ----> 25 200 36 200
================================================================================
NOTES:
# LAST OF SEVERAL OCCURRENCES
COLUMN 17 PEAK WIND IN M.P.H.
PRELIMINARY LOCAL CLIMATOLOGICAL DATA (WS FORM: F-6) , PAGE 2
STATION: QUINCY IL
MONTH: NOVEMBER
YEAR: 2023
LATITUDE: 39 57 N
LONGITUDE: 91 12 W
[TEMPERATURE DATA] [PRECIPITATION DATA] SYMBOLS USED IN COLUMN 16
AVERAGE MONTHLY: 44.7 TOTAL FOR MONTH: 0.36 1 = FOG OR MIST
DPTR FM NORMAL: 2.4 DPTR FM NORMAL: -2.05 2 = FOG REDUCING VISIBILITY
HIGHEST: 75 ON 8 GRTST 24HR 0.32 ON 19-20 TO 1/4 MILE OR LESS
LOWEST: 11 ON 28 3 = THUNDER
SNOW, ICE PELLETS, HAIL 4 = ICE PELLETS
TOTAL MONTH: 0.0 INCH 5 = HAIL
GRTST 24HR 0.0 6 = FREEZING RAIN OR DRIZZLE
GRTST DEPTH: 0 7 = DUSTSTORM OR SANDSTORM:
VSBY 1/2 MILE OR LESS
8 = SMOKE OR HAZE
[NO. OF DAYS WITH] [WEATHER - DAYS WITH] 9 = BLOWING SNOW
X = TORNADO
MAX 32 OR BELOW: 2 0.01 INCH OR MORE: 3
MAX 90 OR ABOVE: 0 0.10 INCH OR MORE: 1
MIN 32 OR BELOW: 12 0.50 INCH OR MORE: 0
MIN 0 OR BELOW: 0 1.00 INCH OR MORE: 0
[HDD (BASE 65) ]
TOTAL THIS MO. 601 CLEAR (SCALE 0-3) 24
DPTR FM NORMAL -81 PTCLDY (SCALE 4-7) 3
TOTAL FM JUL 1 891 CLOUDY (SCALE 8-10) 3
DPTR FM NORMAL -200
[CDD (BASE 65) ]
TOTAL THIS MO. 0
DPTR FM NORMAL -1 [PRESSURE DATA]
TOTAL FM JAN 1 1279 HIGHEST SLP 30.50 ON 24
DPTR FM NORMAL 126 LOWEST SLP 29.59 ON 8
[REMARKS]
#FINAL-11-23#