000
CXUS53 KSGF 010810
CF6UNO
PRELIMINARY LOCAL CLIMATOLOGICAL DATA (WS FORM: F-6)
STATION: WEST PLAINS MO
MONTH: JANUARY
YEAR: 2023
LATITUDE: 36 52 N
LONGITUDE: 91 55 W
TEMPERATURE IN F: :PCPN: SNOW: WIND :SUNSHINE: SKY :PK WND
================================================================================
1 2 3 4 5 6A 6B 7 8 9 10 11 12 13 14 15 16 17 18
12Z AVG MX 2MIN
DY MAX MIN AVG DEP HDD CDD WTR SNW DPTH SPD SPD DIR MIN PSBL S-S WX SPD DR
================================================================================
1 56 49 53 18 12 0 0.00 M M 5.7 12 90 M M 9 12 16 120
2 69 47 58 24 7 0 0.63 M M 7.1 21 160 M M 10 1238 31 180
3 67 44 56 22 9 0 0.29 M M 9.1 22 180 M M 5 12 30 180
4 49 35 42 8 23 0 0.00 M M 8.0 16 280 M M 2 27 290
5 49 31 40 6 25 0 0.00 M M 8.9 20 270 M M 0 28 290
6 54 28 41 7 24 0 0.00 M M 5.3 10 140 M M 3 17 160
7 49 42 46 12 19 0 0.04 M M 5.3 10 110 M M 10 17 100
8 46 27 37 3 28 0 0.00 M M 4.5 13 320 M M 6 18 17 340
9 54 26 40 6 25 0 0.00 M M 4.8 15 170 M M 0 18 20 160
10 62 33 48 14 17 0 0.00 M M 6.5 14 180 M M 1 8 19 180
11 65 51 58 24 7 0 0.09 M M 3.3 26 230 M M 6 123 44 230
12 55 29 42 8 23 0 0.10 M M 13.7 23 320 M M 9 18 35 330
13 36 23 30 -4 35 0 0.00 M M 9.5 20 340 M M 9 28 320
14 43 17 30 -4 35 0 0.00 M M 4.6 10 150 M M 0 15 160
15 51 31 41 7 24 0 0.00 M M 12.0 21 170 M M 4 34 150
16 65 46 56 22 9 0 T M M 11.2 23 200 M M 7 37 190
17 67 37 52 18 13 0 0.00 M M 3.8 10 320 M M 1 14 330
18 52 43 48 14 17 0 0.66 M M 6.6 15 80 M M 9 123 20 40
19 47 31 39 5 26 0 0.00 M M 10.7 25 250 M M 5 39 260
20 48 25 37 3 28 0 0.00 M M 5.1 16 330 M M 0 22 320
21 45 21 33 -1 32 0 0.10 M M 4.7 12 80 M M 4 1 18 150
22 41 33 37 3 28 0 0.02 M M 3.6 12 320 M M 10 12 14 330
23 47 26 37 2 28 0 0.00 M M 4.1 13 320 M M 4 19 320
24 40 24 32 -3 33 0 0.61 M M 4.9 14 40 M M 5 18 19 50
25 36 31 34 -1 31 0 0.31 M M 9.7 16 300 M M 10 1 25 290
26 33 22 28 -7 37 0 0.00 M M 8.5 18 320 M M 6 29 310
27 50 25 38 3 27 0 0.00 M M 9.0 24 230 M M 1 36 230
28 53 34 44 9 21 0 0.01 M M 7.4 18 190 M M 5 12 27 200
29 43 24 34 -1 31 0 0.00 M M 7.1 16 30 M M 10 12 21 40
30 24 17 21 -15 44 0 0.36 M M 8.8 15 20 M M 10 1268 20 20
31 22 17 20 -16 45 0 0.04 M M 6.9 15 10 M M 9 1 22 10
================================================================================
SM 1518 969 763 0 3.26 M 220.4 M 170
================================================================================
AV 49.0 31.3 7.1 FASTST M M 5 MAX(MPH)
MISC ----> 26 230 44 230
================================================================================
NOTES:
# LAST OF SEVERAL OCCURRENCES
COLUMN 17 PEAK WIND IN M.P.H.
PRELIMINARY LOCAL CLIMATOLOGICAL DATA (WS FORM: F-6) , PAGE 2
STATION: WEST PLAINS MO
MONTH: JANUARY
YEAR: 2023
LATITUDE: 36 52 N
LONGITUDE: 91 55 W
[TEMPERATURE DATA] [PRECIPITATION DATA] SYMBOLS USED IN COLUMN 16
AVERAGE MONTHLY: 40.1 TOTAL FOR MONTH: 3.26 1 = FOG OR MIST
DPTR FM NORMAL: 5.6 DPTR FM NORMAL: 0.63 2 = FOG REDUCING VISIBILITY
HIGHEST: 69 ON 2 GRTST 24HR 1.55 ON 2- 2 TO 1/4 MILE OR LESS
LOWEST: 17 ON 31,30 3 = THUNDER
SNOW, ICE PELLETS, HAIL 4 = ICE PELLETS
TOTAL MONTH: M 5 = HAIL
GRTST 24HR M ON M 6 = FREEZING RAIN OR DRIZZLE
GRTST DEPTH: M ON M 7 = DUSTSTORM OR SANDSTORM:
VSBY 1/2 MILE OR LESS
8 = SMOKE OR HAZE
[NO. OF DAYS WITH] [WEATHER - DAYS WITH] 9 = BLOWING SNOW
X = TORNADO
MAX 32 OR BELOW: 2 0.01 INCH OR MORE: 13
MAX 90 OR ABOVE: 0 0.10 INCH OR MORE: 8
MIN 32 OR BELOW: 19 0.50 INCH OR MORE: 3
MIN 0 OR BELOW: 0 1.00 INCH OR MORE: 0
[HDD (BASE 65) ]
TOTAL THIS MO. 763 CLEAR (SCALE 0-3) 8
DPTR FM NORMAL -182 PTCLDY (SCALE 4-7) 12
TOTAL FM JUL 1 2410 CLOUDY (SCALE 8-10) 11
DPTR FM NORMAL -236
[CDD (BASE 65) ]
TOTAL THIS MO. 0
DPTR FM NORMAL 0 [PRESSURE DATA]
TOTAL FM JAN 1 0 HIGHEST SLP M ON M
DPTR FM NORMAL 0 LOWEST SLP 29.56 ON 16
[REMARKS]
#FINAL-01-23#