000
CXUS53 KUNR 011030
CF6UNR
PRELIMINARY LOCAL CLIMATOLOGICAL DATA (WS FORM: F-6)
STATION: EAST RAPID CITY SD
MONTH: JANUARY
YEAR: 2024
LATITUDE: 44 4 N
LONGITUDE: 103 13 W
TEMPERATURE IN F: :PCPN: SNOW: WIND :SUNSHINE: SKY :PK WND
================================================================================
1 2 3 4 5 6A 6B 7 8 9 10 11 12 13 14 15 16 17 18
12Z AVG MX 2MIN
DY MAX MIN AVG DEP HDD CDD WTR SNW DPTH SPD SPD DIR MIN PSBL S-S WX SPD DR
================================================================================
1 47 20 34 7 31 0 0.00 0.0 T 6.9 17 360 M M M 28 350
2 39 26 33 6 32 0 0.00 0.0 T 4.3 10 10 M M M 14 10
3 32 19 26 -1 39 0 0.00 0.0 T 6.6 13 140 M M M 12 17 140
4 25 17 21 -6 44 0 0.00 0.0 T 1.3 8 150 M M M 1 10 150
5 39 18 29 2 36 0 T T T 8.2 26 330 M M M 40 330
6 37 21 29 2 36 0 0.00 0.0 T 7.1 26 320 M M M 41 320
7 29 13 21 -6 44 0 T T T 5.7 13 360 M M M 1 15 360
8 22 9 16 -11 49 0 0.01 0.1 T 9.4 22 10 M M M 1 31 360
9 37 9 23 -4 42 0 T T T 5.4 15 140 M M M 20 280
10 39 7 23 -3 42 0 T T T 10.8 24 310 M M M 35 300
11 8 1 5 -21 60 0 0.01 0.1 T 9.5 22 360 M M M 29 350
12 1 -19 -9 -35 74 0 0.01 0.3 T 10.9 26 340 M M M 37 350
13 -9 -23 -16 -42 81 0 0.00 0.0 T 7.3 22 360 M M M 28 360
14 -5 -20 -12 -38 77 0 T T T 3.7 14 10 M M M 20 350
15 4 -12 -4 -30 69 0 0.00 0.0 T 6.3 16 360 M M M 28 350
16 28 -8 10 -16 55 0 0.00 0.0 T 3.4 9 130 M M M 14 330
17 25 14 20 -6 45 0 T 0.1 T 4.0 10 140 M M M 14 140
18 18 -4 7 -19 58 0 0.04 1.0 T 10.9 30 360 M M M 41 360
19 13 -7 3 -23 62 0 0.00 0.0 T 3.9 12 150 M M M 15 150
20 28 -4 12 -14 53 0 0.00 0.0 T 9.8 17 140 M M M 24 150
21 53 26 40 14 25 0 0.00 0.0 T 4.8 17 350 M M M 28 350
22 44 17 31 5 34 0 0.00 0.0 0 5.1 13 110 M M M 15 120
23 49 16 33 7 32 0 0.00 0.0 0 5.0 15 130 M M M 17 130
24 51 31 41 15 24 0 0.00 0.0 0 4.2 12 30 M M M 15 20
25 49 34 42 16 23 0 0.00 0.0 0 4.6 8 30 M M M 13 250
26 48 34 41 15 24 0 0.00 0.0 0 4.9 14 10 M M M 17 10
27 50 32 41 15 24 0 0.00 0.0 0 6.7 16 140 M M M 21 150
28 59 42 51 25 14 0 0.00 0.0 0 5.6 16 10 M M M 22 360
29 61 43 52 26 13 0 0.00 0.0 0 8.2 21 330 M M M 37 340
30 64 45 55 29 10 0 0.00 0.0 0 5.8 13 130 M M M 18 270
31 62 43 53 27 12 0 0.00 0.0 0 6.1 14 360 M M M 18 10
================================================================================
SM 1047 440 1264 0 0.07 1.6 196.4 M M
================================================================================
AV 33.8 14.2 6.3 FASTST M M M MAX(MPH)
MISC ----> 30 360 # 41 320
================================================================================
NOTES:
# LAST OF SEVERAL OCCURRENCES
COLUMN 17 PEAK WIND IN M.P.H.
PRELIMINARY LOCAL CLIMATOLOGICAL DATA (WS FORM: F-6) , PAGE 2
STATION: EAST RAPID CITY SD
MONTH: JANUARY
YEAR: 2024
LATITUDE: 44 4 N
LONGITUDE: 103 13 W
[TEMPERATURE DATA] [PRECIPITATION DATA] SYMBOLS USED IN COLUMN 16
AVERAGE MONTHLY: 24.0 TOTAL FOR MONTH: 0.07 1 = FOG OR MIST
DPTR FM NORMAL: -2.4 DPTR FM NORMAL: -0.24 2 = FOG REDUCING VISIBILITY
HIGHEST: 64 ON 30 GRTST 24HR 0.05 ON 5- 5 TO 1/4 MILE OR LESS
LOWEST: -23 ON 13 3 = THUNDER
SNOW, ICE PELLETS, HAIL 4 = ICE PELLETS
TOTAL MONTH: 1.6 INCHES 5 = HAIL
GRTST 24HR 1.0 ON 18-18 6 = FREEZING RAIN OR DRIZZLE
GRTST DEPTH: T 7 = DUSTSTORM OR SANDSTORM:
VSBY 1/2 MILE OR LESS
8 = SMOKE OR HAZE
[NO. OF DAYS WITH] [WEATHER - DAYS WITH] 9 = BLOWING SNOW
X = TORNADO
MAX 32 OR BELOW: 14 0.01 INCH OR MORE: 4
MAX 90 OR ABOVE: 0 0.10 INCH OR MORE: 0
MIN 32 OR BELOW: 25 0.50 INCH OR MORE: 0
MIN 0 OR BELOW: 8 1.00 INCH OR MORE: 0
[HDD (BASE 65) ]
TOTAL THIS MO. 1264 CLEAR (SCALE 0-3) 0
DPTR FM NORMAL 66 PTCLDY (SCALE 4-7) 0
TOTAL FM JUL 1 3446 CLOUDY (SCALE 8-10) 31
DPTR FM NORMAL -447
[CDD (BASE 65) ]
TOTAL THIS MO. 0
DPTR FM NORMAL 0 [PRESSURE DATA]
TOTAL FM JAN 1 0 HIGHEST SLP M ON M
DPTR FM NORMAL 0 LOWEST SLP 29.14 ON 9
[REMARKS]
#FINAL-01-24#