000
CXUS53 KUNR 010930
CF6UNR
PRELIMINARY LOCAL CLIMATOLOGICAL DATA (WS FORM: F-6)
STATION: EAST RAPID CITY SD
MONTH: JULY
YEAR: 2021
LATITUDE: 44 4 N
LONGITUDE: 103 13 W
TEMPERATURE IN F: :PCPN: SNOW: WIND :SUNSHINE: SKY :PK WND
================================================================================
1 2 3 4 5 6A 6B 7 8 9 10 11 12 13 14 15 16 17 18
12Z AVG MX 2MIN
DY MAX MIN AVG DEP HDD CDD WTR SNW DPTH SPD SPD DIR MIN PSBL S-S WX SPD DR
================================================================================
1 90 63 77 7 0 12 0.00 0.0 0 8.0 21 140 M M M 26 150
2 93 64 79 8 0 14 0.00 0.0 0 9.2 23 150 M M M 39 160
3 97 66 82 11 0 17 T 0.0 0 6.2 13 290 M M M 24 250
4 95 75 85 14 0 20 0.00 0.0 0 8.7 17 110 M M M 23 350
5 95 64 80 9 0 15 0.33 0.0 0 6.7 28 320 M M M 3 38 340
6 82 63 73 1 0 8 T 0.0 0 10.2 21 10 M M M 26 350
7 90 62 76 4 0 11 0.03 0.0 0 9.3 16 140 M M M 13 22 80
8 90 62 76 4 0 11 0.04 0.0 0 6.8 30 360 M M M 3 41 360
9 85 65 75 3 0 10 0.04 0.0 0 10.5 25 330 M M M 3 37 330
10 82 61 72 0 0 7 0.00 0.0 0 9.3 21 340 M M M 3 29 10
11 90 63 77 4 0 12 0.00 0.0 0 7.5 20 140 M M M 30 150
12 87 64 76 3 0 11 0.00 0.0 0 10.0 25 350 M M M 36 350
13 82 57 70 -3 0 5 0.60 0.0 0 7.0 37 330 M M M 3 51 330
14 78 60 69 -4 0 4 0.07 0.0 0 5.4 13 110 M M M 17 110
15 88 61 75 2 0 10 0.00 0.0 0 8.1 20 140 M M M 28 150
16 90 62 76 2 0 11 0.11 0.0 0 6.4 30 330 M M M 51 80
17 91 61 76 2 0 11 T 0.0 0 6.0 31 140 M M M 39 150
18 94 66 80 6 0 15 0.00 0.0 0 6.7 14 120 M M M 26 260
19 93 71 82 8 0 17 0.00 0.0 0 7.3 16 110 M M M 24 110
20 94 64 79 5 0 14 0.00 0.0 0 9.9 22 140 M M M 29 140
21 90 69 80 6 0 15 0.26 0.0 0 7.1 22 300 M M M 3 30 300
22 96 71 84 10 0 19 0.02 0.0 0 6.9 25 360 M M M 3 33 360
23 89 69 79 5 0 14 0.00 0.0 0 5.8 18 10 M M M 24 360
24 91 67 79 5 0 14 0.00 0.0 0 6.0 13 20 M M M 18 20
25 100 63 82 8 0 17 0.00 0.0 0 6.6 18 190 M M M 3 31 180
26 99 67 83 9 0 18 0.00 0.0 0 5.2 14 10 M M M 17 360
27 106 72 89 15 0 24 0.00 0.0 0 8.6 20 180 M M M 30 180
28 98 71 85 11 0 20 0.00 0.0 0 11.2 24 20 M M M 35 10
29 87 61 74 0 0 9 0.05 0.0 0 8.2 18 120 M M M 3 23 110
30 76 55 66 -8 0 1 0.46 0.0 0 4.9 14 360 M M M 38 21 360
31 86 61 74 0 0 9 0.00 0.0 0 6.8 15 360 M M M 8 22 350
================================================================================
SM 2804 2000 0 395 2.01 0.0 236.5 M M
================================================================================
AV 90.5 64.5 7.6 FASTST M M M MAX(MPH)
MISC ----> 37 330 # 51 330
================================================================================
NOTES:
# LAST OF SEVERAL OCCURRENCES
COLUMN 17 PEAK WIND IN M.P.H.
PRELIMINARY LOCAL CLIMATOLOGICAL DATA (WS FORM: F-6) , PAGE 2
STATION: EAST RAPID CITY SD
MONTH: JULY
YEAR: 2021
LATITUDE: 44 4 N
LONGITUDE: 103 13 W
[TEMPERATURE DATA] [PRECIPITATION DATA] SYMBOLS USED IN COLUMN 16
AVERAGE MONTHLY: 77.5 TOTAL FOR MONTH: 2.01 1 = FOG OR MIST
DPTR FM NORMAL: 4.5 DPTR FM NORMAL: -0.49 2 = FOG REDUCING VISIBILITY
HIGHEST: 106 ON 27 GRTST 24HR 0.60 ON 13-13 TO 1/4 MILE OR LESS
LOWEST: 55 ON 30 3 = THUNDER
SNOW, ICE PELLETS, HAIL 4 = ICE PELLETS
TOTAL MONTH: 0.0 INCH 5 = HAIL
GRTST 24HR 0.0 6 = FREEZING RAIN OR DRIZZLE
GRTST DEPTH: 0 7 = DUSTSTORM OR SANDSTORM:
VSBY 1/2 MILE OR LESS
8 = SMOKE OR HAZE
[NO. OF DAYS WITH] [WEATHER - DAYS WITH] 9 = BLOWING SNOW
X = TORNADO
MAX 32 OR BELOW: 0 0.01 INCH OR MORE: 11
MAX 90 OR ABOVE: 20 0.10 INCH OR MORE: 5
MIN 32 OR BELOW: 0 0.50 INCH OR MORE: 1
MIN 0 OR BELOW: 0 1.00 INCH OR MORE: 0
[HDD (BASE 65) ]
TOTAL THIS MO. 0 CLEAR (SCALE 0-3) 0
DPTR FM NORMAL -12 PTCLDY (SCALE 4-7) 0
TOTAL FM JUL 1 0 CLOUDY (SCALE 8-10) 31
DPTR FM NORMAL -6
[CDD (BASE 65) ]
TOTAL THIS MO. 395
DPTR FM NORMAL 135 [PRESSURE DATA]
TOTAL FM JAN 1 669 HIGHEST SLP M ON M
DPTR FM NORMAL 300 LOWEST SLP 29.50 ON 8
[REMARKS]
#FINAL-07-21#