000
CXUS56 KSTO 270202
CF6VCB
PRELIMINARY LOCAL CLIMATOLOGICAL DATA (WS FORM: F-6)
STATION: VACAVILLE
MONTH: MAY
YEAR: 2022
LATITUDE: 38 22 N
LONGITUDE: 121-58 E
TEMPERATURE IN F: :PCPN: SNOW: WIND :SUNSHINE: SKY :PK WND
================================================================================
1 2 3 4 5 6A 6B 7 8 9 10 11 12 13 14 15 16 17 18
12Z AVG MX 2MIN
DY MAX MIN AVG DEP HDD CDD WTR SNW DPTH SPD SPD DIR MIN PSBL S-S WX SPD DR
================================================================================
1 86 46 66 3 0 1 0.00 M M 7.7 20 360 M M 0 28 360
2 76 53 65 2 0 0 0.00 M M 12.3 23 210 M M 0 31 220
3 86 54 70 7 0 5 0.00 M M 12.2 28 350 M M 0 36 340
4 91 48 70 7 0 5 0.00 0.0 M 4.8 15 240 M M 0 20 240
5 76 56 66 2 0 1 0.00 0.0 M 8.8 17 220 M M 1 22 230
6 79 52 66 2 0 1 0.00 0.0 M 9.1 24 250 M M 3 29 250
7 78 53 66 2 0 1 0.00 0.0 M 9.1 22 240 M M 0 28 230
8 69 43 56 -8 9 0 T 0.0 M 9.5 26 300 M M 3 36 300
9 68 44 56 -8 9 0 T 0.0 M 8.9 22 260 M M 1 28 240
10 59 34 47 -18 18 0 0.22 M M 3.6 23 300 M M 4 3 31 290
11 74 34 54 -11 11 0 0.00 M M 4.4 21 220 M M 1 27 210
12 76 44 60 -5 5 0 0.00 M M 6.8 15 230 M M 1 21 220
13 84 45 65 0 0 0 0.00 0.0 M 4.4 14 180 M M 0 20 170
14 93 50 72 6 0 7 0.00 0.0 M 2.9 12 40 M M 0 15 10
15 93 54 74 8 0 9 0.00 0.0 M 7.7 21 220 M M 0 27 220
16 86 57 72 6 0 7 0.00 0.0 M 7.9 18 220 M M 0 26 220
17 92 50 71 5 0 6 0.00 0.0 M 5.8 15 250 M M 0 20 220
18 101 50 76 10 0 11 0.00 M M 5.6 15 310 M M 0 20 20
19 94 61 78 11 0 13 0.00 M M 6.9 23 350 M M 0 31 350
20 85 61 73 6 0 8 0.00 0.0 M 18.7 31 340 M M 0 8 43 320
21 90 53 72 5 0 7 0.00 0.0 M 6.9 17 250 M M 0 23 210
22 93 51 72 5 0 7 0.00 0.0 M 5.9 18 20 M M 0 27 30
23 98 52 75 7 0 10 0.00 0.0 M 4.3 15 40 M M 0 25 50
24 102 54 78 10 0 13 0.00 0.0 M 7.0 22 360 M M 0 29 20
25 105 61 83 15 0 18 0.00 0.0 M 7.1 18 360 M M 0 24 20
26 81 62 72 4 0 7 0.00 M M 13.6 23 220 M M 0 34 220
27 84 52 68 0 0 3 0.00 M M 7.9 23 230 M M 1 31 230
28 81 56 69 0 0 4 T M M 10.7 25 240 M M 3 36 250
29 84 50 67 -2 0 2 0.00 0.0 M 7.0 17 270 M M 0 23 360
30 85 49 67 -2 0 2 0.00 M M 6.5 17 230 M M 0 23 220
31 91 52 72 3 0 7 0.00 M M 8.4 23 350 M M 0 31 330
================================================================================
SM 2640 1581 52 155 0.22 0.0 242.4 M 18
================================================================================
AV 85.2 51.0 7.8 FASTST M M 1 MAX(MPH)
MISC ----> 31 340 43 320
================================================================================
NOTES:
# LAST OF SEVERAL OCCURRENCES
COLUMN 17 PEAK WIND IN M.P.H.
PRELIMINARY LOCAL CLIMATOLOGICAL DATA (WS FORM: F-6) , PAGE 2
STATION: VACAVILLE
MONTH: MAY
YEAR: 2022
LATITUDE: 38 22 N
LONGITUDE: 121-58 E
[TEMPERATURE DATA] [PRECIPITATION DATA] SYMBOLS USED IN COLUMN 16
AVERAGE MONTHLY: 68.1 TOTAL FOR MONTH: 0.22 1 = FOG OR MIST
DPTR FM NORMAL: 2.0 DPTR FM NORMAL: -0.59 2 = FOG REDUCING VISIBILITY
HIGHEST: 105 ON 25 GRTST 24HR 0.22 ON 10-10 TO 1/4 MILE OR LESS
LOWEST: 34 ON 11,10 3 = THUNDER
SNOW, ICE PELLETS, HAIL 4 = ICE PELLETS
TOTAL MONTH: 0.0 INCH 5 = HAIL
GRTST 24HR 0.0 6 = FREEZING RAIN OR DRIZZLE
GRTST DEPTH: M ON M 7 = DUSTSTORM OR SANDSTORM:
VSBY 1/2 MILE OR LESS
8 = SMOKE OR HAZE
[NO. OF DAYS WITH] [WEATHER - DAYS WITH] 9 = BLOWING SNOW
X = TORNADO
MAX 32 OR BELOW: 0 0.01 INCH OR MORE: 1
MAX 90 OR ABOVE: 12 0.10 INCH OR MORE: 1
MIN 32 OR BELOW: 0 0.50 INCH OR MORE: 0
MIN 0 OR BELOW: 0 1.00 INCH OR MORE: 0
[HDD (BASE 65) ]
TOTAL THIS MO. 52 CLEAR (SCALE 0-3) 30
DPTR FM NORMAL -14 PTCLDY (SCALE 4-7) 1
TOTAL FM JUL 1 2144 CLOUDY (SCALE 8-10) 0
DPTR FM NORMAL -295
[CDD (BASE 65) ]
TOTAL THIS MO. 155
DPTR FM NORMAL 57 [PRESSURE DATA]
TOTAL FM JAN 1 173 HIGHEST SLP 30.29 ON 12
DPTR FM NORMAL 55 LOWEST SLP 29.71 ON 25
[REMARKS]
#FINAL-05-22#