000
CXUS54 KCRP 020309
CF6VCT
PRELIMINARY LOCAL CLIMATOLOGICAL DATA (WS FORM: F-6)
STATION: VICTORIA
MONTH: DECEMBER
YEAR: 2020
LATITUDE: 28 51 N
LONGITUDE: 96 55 W
TEMPERATURE IN F: :PCPN: SNOW: WIND :SUNSHINE: SKY :PK WND
================================================================================
1 2 3 4 5 6A 6B 7 8 9 10 11 12 13 14 15 16 17 18
12Z AVG MX 2MIN
DY MAX MIN AVG DEP HDD CDD WTR SNW DPTH SPD SPD DIR MIN PSBL S-S WX SPD DR
================================================================================
1 68 30 49 -9 16 0 0.00 0.0 0 6.8 22 160 M M 2 27 150
2 76 50 63 5 2 0 0.01 0.0 0 10.1 24 350 M M 5 18 32 360
3 60 38 49 -9 16 0 0.00 0.0 0 10.8 23 340 M M 2 30 340
4 60 35 48 -9 17 0 0.00 0.0 0 6.1 14 350 M M 2 19 330
5 53 36 45 -12 20 0 0.10 0.0 0 3.9 13 300 M M 8 13 16 300
6 67 40 54 -3 11 0 0.00 0.0 0 8.1 20 300 M M 0 12 24 290
7 71 37 54 -2 11 0 0.00 0.0 0 7.2 15 330 M M 0 24 360
8 77 38 58 2 7 0 0.00 0.0 0 5.6 12 270 M M 0 15 240
9 80 42 61 5 4 0 0.00 0.0 0 7.7 14 230 M M 0 18 17 230
10 78 42 60 4 5 0 0.00 0.0 0 8.4 22 170 M M 2 12 27 170
11 76 58 67 11 0 2 0.02 0.0 0 4.3 10 140 M M 5 12 12 130
12 66 51 59 3 6 0 0.00 0.0 0 7.4 15 360 M M 8 128 19 10
13 77 44 61 6 4 0 0.86 0.0 0 13.1 31 10 M M 7 138 39 360
14 53 40 47 -8 18 0 0.00 0.0 0 9.4 24 350 M M 5 35 360
15 63 40 52 -3 13 0 0.00 0.0 0 7.5 14 340 M M 5 12 19 350
16 57 34 46 -9 19 0 0.00 0.0 0 8.8 22 340 M M 0 1 26 340
17 62 30 46 -9 19 0 0.00 0.0 0 4.4 9 120 M M 0 1 11 60
18 66 37 52 -3 13 0 0.00 0.0 0 7.1 13 120 M M 6 1 15 130
19 70 44 57 3 8 0 0.18 0.0 0 6.8 20 350 M M 7 123 24 350
20 71 39 55 1 10 0 0.00 0.0 0 5.6 10 280 M M 1 12 13 250
21 75 41 58 4 7 0 0.00 0.0 0 4.9 16 160 M M 4 12 18 160
22 73 46 60 6 5 0 0.00 0.0 0 9.8 21 140 M M 6 12 26 130
23 81 54 68 14 0 3 0.00 0.0 0 9.7 30 360 M M 8 128 39 350
24 57 38 48 -6 17 0 0.00 0.0 0 14.6 35 360 M M 1 44 360
25 69 37 53 -1 12 0 0.00 0.0 0 7.3 14 290 M M 0 18 290
26 71 34 53 -1 12 0 0.00 0.0 0 6.0 22 170 M M 0 25 170
27 78 45 62 8 3 0 0.00 0.0 0 8.5 21 190 M M 4 12 28 180
28 79 51 65 11 0 0 0.00 0.0 0 11.6 23 120 M M 7 12 27 120
29 76 59 68 14 0 3 0.02 0.0 0 14.9 29 150 M M 7 18 35 150
30 80 50 65 11 0 0 0.37 M 0 13.8 30 160 M M 9 13 37 160
31 50 39 45 -9 20 0 1.02 0.0 0 17.5 26 300 M M 8 13 33 300
================================================================================
SM 2140 1299 295 8 2.58 0.0 267.7 M 119
================================================================================
AV 69.0 41.9 8.6 FASTST M M 4 MAX(MPH)
MISC ----> 35 360 44 360
================================================================================
NOTES:
# LAST OF SEVERAL OCCURRENCES
COLUMN 17 PEAK WIND IN M.P.H.
PRELIMINARY LOCAL CLIMATOLOGICAL DATA (WS FORM: F-6) , PAGE 2
STATION: VICTORIA
MONTH: DECEMBER
YEAR: 2020
LATITUDE: 28 51 N
LONGITUDE: 96 55 W
[TEMPERATURE DATA] [PRECIPITATION DATA] SYMBOLS USED IN COLUMN 16
AVERAGE MONTHLY: 55.5 TOTAL FOR MONTH: 2.58 1 = FOG OR MIST
DPTR FM NORMAL: 0.3 DPTR FM NORMAL: 0.27 2 = FOG REDUCING VISIBILITY
HIGHEST: 81 ON 23 GRTST 24HR 1.39 ON 30-31 TO 1/4 MILE OR LESS
LOWEST: 30 ON 17, 1 3 = THUNDER
SNOW, ICE PELLETS, HAIL 4 = ICE PELLETS
TOTAL MONTH: 0.0 INCH 5 = HAIL
GRTST 24HR 0.0 6 = FREEZING RAIN OR DRIZZLE
GRTST DEPTH: 0 7 = DUSTSTORM OR SANDSTORM:
VSBY 1/2 MILE OR LESS
8 = SMOKE OR HAZE
[NO. OF DAYS WITH] [WEATHER - DAYS WITH] 9 = BLOWING SNOW
X = TORNADO
MAX 32 OR BELOW: 0 0.01 INCH OR MORE: 8
MAX 90 OR ABOVE: 0 0.10 INCH OR MORE: 5
MIN 32 OR BELOW: 2 0.50 INCH OR MORE: 2
MIN 0 OR BELOW: 0 1.00 INCH OR MORE: 1
[HDD (BASE 65) ]
TOTAL THIS MO. 295 CLEAR (SCALE 0-3) 14
DPTR FM NORMAL -36 PTCLDY (SCALE 4-7) 14
TOTAL FM JUL 1 401 CLOUDY (SCALE 8-10) 3
DPTR FM NORMAL -94
[CDD (BASE 65) ]
TOTAL THIS MO. 8
DPTR FM NORMAL -19 [PRESSURE DATA]
TOTAL FM JAN 1 3853 HIGHEST SLP 30.45 ON 24
DPTR FM NORMAL 703 LOWEST SLP 29.65 ON 31
[REMARKS]
#FINAL-12-20#